{"text_format":"1","workbook":"xlsx","n_sheets":7,"sheets":["Contents","Table 1","Fig 1","data2","Fig 2","Lookups","Data DCE"],"not_rendered":{"charts":2,"images":3,"macros":1,"external_links":0,"defined_names":3,"comments":0,"pivot_tables":0},"unopened":[],"bounds":{"document_bytes":16777216,"sheet_cells":100000,"rows_first":2000,"rows_last":500,"rows_between":2000,"halvings":0,"cell_chars":16384,"cell_head_chars":4096},"cells_cut":0,"cells_raw":0,"read":"whole","date_system":"1900"}

{"sheet":"Contents","index":0,"n_rows":42,"n_cols":3,"rows_kept":42,"cut":false,"hidden":false,"merged":[[4,0,6,13],[10,2,10,4],[32,0,35,15],[27,0,30,15],[39,0,40,15],[22,0,22,3],[19,0,19,1],[16,0,16,4]]}
["Detect Cancer Early - Staging Data by Deprivation"]
[]
["In order to view the tables to full effect, the macros will need to be enabled. To do this, select options – enable this content."]
[]
["The following tables and figures present the Detect Cancer Early staging data by deprivation category for Baseline (2010 & 2011) to Year 8 (2018 & 2019). The residence of the patient on the date of diagnosis is assigned a deprivation category 1 to 5 (1 being the most deprived, 5 the least deprived) based on the Scottish Index of Mutiple Deprivation (SIMD)."]
[]
[]
[]
[null,"Time period: ","01 January 2010 - 31 December 2019."]
[null,"Source: ","PHS Detect Cancer Early data collected from local National Prospective Cancer Audit data sets"]
[null,"Extract date: ","2020-10-10"]
[]
["Use the hyperlinks in the lists below to nativigate to the required table or figure;"]
[]
["List of Tables and Figures"]
[]
["Table 1 - Breast, colorectal and lung cancer (combined)"]
["Table 1: Number and percentage of patients in Scotland diagnosed with breast, colorectal and lung cancer by stage and deprivation category for 2010-2011 to 2018-2019 combined."]
[]
["Figure 1 - Deprivation"]
["Figure 1: Proportion of patients in Scotland diagnosed with breast cancer by stage and deprivation category for 2010-2011 to 2018-2019 combined."]
[]
["Figure 2 - Trend in percentage change of stage 1"]
["Figure 2: Trend in stage 1 percentage change from baseline for each stage for breast, colorectal and lung cancer in Scotland by deprivation category."]
[]
["Notes"]
[]
["1) Cancer staging is the process of determining the extent to which a cancer has developed and spread. For the majority of patients with cancer it is common practice to assign a number from 1 to 4 to a cancer, with 1 indicating the cancer is confined to the original organ in which it occurred and 4 being a cancer which has spread beyond the original organ and local lymph glands (regional lymph nodes). Patients diagnosed with stage 1 disease tend to have better outcomes and longer survival compared to patients diagnosed with stage 4 disease."]
[]
[]
[]
[]
["2) The following ICD-10 (International Classification of Diseases, 10th Revision) codes have been used:\n    Breast: ICD-10 C50\n    Colorectal: ICD-10 C18-C20\n    Lung: ICD-10 C33-C34"]
[]
[]
[]
[]
["3) Deprivation categories are the Scottish Index of Mutiple Deprivation (SIMD) 2012 quintiles. Refer to www.gov.scot/Topics/Statistics/SIMD for more information."]
[]
["4) The total figures presented here may differ slightly to those in the main DCE Staging Tables (see link below). There are a small number of patients where the deprivation category is not available in the DCE datamart due to technical issues."]
[]
["http://www.isdscotland.scot.nhs.uk/Health-Topics/Cancer/Publications/2020-11-24/DCE Staging Trends.xlsx"]

{"sheet":"Table 1","index":1,"n_rows":25,"n_cols":20,"rows_kept":25,"cut":false,"hidden":false,"merged":[[8,17,8,18],[8,0,9,0],[8,2,8,3],[8,5,8,6],[8,8,8,9],[8,11,8,12],[8,14,8,15]]}
["Detect Cancer Early - Trend Staging Data"]
[{"$f":"\"Table 1: Number and percentage of patients in Scotland diagnosed with \"&(VLOOKUP($T$2,Lookups!$A$28:$B$31,2,0))&\" - by stage and deprivation category for \"&(VLOOKUP($T$3,Lookups!$A$1:$B$9,2,0))&\" combined\"","v":"Table 1: Number and percentage of patients in Scotland diagnosed with Breast, Colorectal & Lung combined - by stage and deprivation category for Year 8 (2018 & 2019) combined"},null,null,null,null,null,null,null,null,null,null,null,null,null,null,null,null,null,null,4]
[null,null,null,null,null,null,null,null,null,null,null,null,null,null,null,null,null,null,null,9]
["Please select which combined years you require:",null,null,null,null,null,null,null,null,null,null,null,null,null,null,null,null,null,null,{"$f":"CONCATENATE(T2,T3)","v":"49"}]
[]
["Please select which cancer type you require : "]
[]
[]
["Deprivation Category",null,"Stage 1",null,null,"Stage 2",null,null,"Stage 3",null,null,"Stage 4",null,null,"Stage Not Known",null,null,"Total"]
[null,null,"Number","%",null,"Number","%",null,"Number","%",null,"Number","%",null,"Number","%",null,"Number","%"]
[]
["All categories",null,{"$f":"VLOOKUP(\"6\"&$T$4,'Data DCE'!$A$1:$M$217,2,FALSE)","v":6480},{"$f":"VLOOKUP(\"6\"&$T$4,'Data DCE'!$A$1:$M$217,3,FALSE)","v":25.620749644156302},null,{"$f":"VLOOKUP(\"6\"&$T$4,'Data DCE'!$A$1:$M$217,4,FALSE)","v":6435},{"$f":"VLOOKUP(\"6\"&$T$4,'Data DCE'!$A$1:$M$217,5,FALSE)","v":25.4428277716274},null,{"$f":"VLOOKUP(\"6\"&$T$4,'Data DCE'!$A$1:$M$217,6,FALSE)","v":4358},{"$f":"VLOOKUP(\"6\"&$T$4,'Data DCE'!$A$1:$M$217,7,FALSE)","v":17.230744899573001},null,{"$f":"VLOOKUP(\"6\"&$T$4,'Data DCE'!$A$1:$M$217,8,FALSE)","v":6415},{"$f":"VLOOKUP(\"6\"&$T$4,'Data DCE'!$A$1:$M$217,9,FALSE)","v":25.363751383836799},null,{"$f":"VLOOKUP(\"6\"&$T$4,'Data DCE'!$A$1:$M$217,10,FALSE)","v":1604},{"$f":"VLOOKUP(\"6\"&$T$4,'Data DCE'!$A$1:$M$217,11,FALSE)","v":6.3419263008065796},null,{"$f":"VLOOKUP(\"6\"&$T$4,'Data DCE'!$A$1:$M$217,12,FALSE)","v":25292},{"$f":"VLOOKUP(\"6\"&$T$4,'Data DCE'!$A$1:$M$217,13,FALSE)","v":100}]
[]
["1=most deprived",null,{"$f":"VLOOKUP(\"1\"&$T$4,'Data DCE'!$A$1:$M$217,2,FALSE)","v":1347},{"$f":"VLOOKUP(\"1\"&$T$4,'Data DCE'!$A$1:$M$217,3,FALSE)","v":23.7901801483575},null,{"$f":"VLOOKUP(\"1\"&$T$4,'Data DCE'!$A$1:$M$217,4,FALSE)","v":1285},{"$f":"VLOOKUP(\"1\"&$T$4,'Data DCE'!$A$1:$M$217,5,FALSE)","v":22.6951607205934},null,{"$f":"VLOOKUP(\"1\"&$T$4,'Data DCE'!$A$1:$M$217,6,FALSE)","v":1093},{"$f":"VLOOKUP(\"1\"&$T$4,'Data DCE'!$A$1:$M$217,7,FALSE)","v":19.304132815259599},null,{"$f":"VLOOKUP(\"1\"&$T$4,'Data DCE'!$A$1:$M$217,8,FALSE)","v":1605},{"$f":"VLOOKUP(\"1\"&$T$4,'Data DCE'!$A$1:$M$217,9,FALSE)","v":28.346873896149798},null,{"$f":"VLOOKUP(\"1\"&$T$4,'Data DCE'!$A$1:$M$217,10,FALSE)","v":332},{"$f":"VLOOKUP(\"1\"&$T$4,'Data DCE'!$A$1:$M$217,11,FALSE)","v":5.8636524196397},null,{"$f":"VLOOKUP(\"1\"&$T$4,'Data DCE'!$A$1:$M$217,12,FALSE)","v":5662},{"$f":"VLOOKUP(\"1\"&$T$4,'Data DCE'!$A$1:$M$217,13,FALSE)","v":100}]
["2",null,{"$f":"VLOOKUP(\"2\"&$T$4,'Data DCE'!$A$1:$M$217,2,FALSE)","v":1297},{"$f":"VLOOKUP(\"2\"&$T$4,'Data DCE'!$A$1:$M$217,3,FALSE)","v":24.197761194029901},null,{"$f":"VLOOKUP(\"2\"&$T$4,'Data DCE'!$A$1:$M$217,4,FALSE)","v":1316},{"$f":"VLOOKUP(\"2\"&$T$4,'Data DCE'!$A$1:$M$217,5,FALSE)","v":24.552238805970099},null,{"$f":"VLOOKUP(\"2\"&$T$4,'Data DCE'!$A$1:$M$217,6,FALSE)","v":903},{"$f":"VLOOKUP(\"2\"&$T$4,'Data DCE'!$A$1:$M$217,7,FALSE)","v":16.847014925373099},null,{"$f":"VLOOKUP(\"2\"&$T$4,'Data DCE'!$A$1:$M$217,8,FALSE)","v":1455},{"$f":"VLOOKUP(\"2\"&$T$4,'Data DCE'!$A$1:$M$217,9,FALSE)","v":27.1455223880597},null,{"$f":"VLOOKUP(\"2\"&$T$4,'Data DCE'!$A$1:$M$217,10,FALSE)","v":389},{"$f":"VLOOKUP(\"2\"&$T$4,'Data DCE'!$A$1:$M$217,11,FALSE)","v":7.2574626865671696},null,{"$f":"VLOOKUP(\"2\"&$T$4,'Data DCE'!$A$1:$M$217,12,FALSE)","v":5360},{"$f":"VLOOKUP(\"2\"&$T$4,'Data DCE'!$A$1:$M$217,13,FALSE)","v":100}]
["3",null,{"$f":"VLOOKUP(\"3\"&$T$4,'Data DCE'!$A$1:$M$217,2,FALSE)","v":1244},{"$f":"VLOOKUP(\"3\"&$T$4,'Data DCE'!$A$1:$M$217,3,FALSE)","v":24.820430965682402},null,{"$f":"VLOOKUP(\"3\"&$T$4,'Data DCE'!$A$1:$M$217,4,FALSE)","v":1276},{"$f":"VLOOKUP(\"3\"&$T$4,'Data DCE'!$A$1:$M$217,5,FALSE)","v":25.458898643256202},null,{"$f":"VLOOKUP(\"3\"&$T$4,'Data DCE'!$A$1:$M$217,6,FALSE)","v":897},{"$f":"VLOOKUP(\"3\"&$T$4,'Data DCE'!$A$1:$M$217,7,FALSE)","v":17.897047086991201},null,{"$f":"VLOOKUP(\"3\"&$T$4,'Data DCE'!$A$1:$M$217,8,FALSE)","v":1269},{"$f":"VLOOKUP(\"3\"&$T$4,'Data DCE'!$A$1:$M$217,9,FALSE)","v":25.3192338387869},null,{"$f":"VLOOKUP(\"3\"&$T$4,'Data DCE'!$A$1:$M$217,10,FALSE)","v":326},{"$f":"VLOOKUP(\"3\"&$T$4,'Data DCE'!$A$1:$M$217,11,FALSE)","v":6.5043894652833201},null,{"$f":"VLOOKUP(\"3\"&$T$4,'Data DCE'!$A$1:$M$217,12,FALSE)","v":5012},{"$f":"VLOOKUP(\"3\"&$T$4,'Data DCE'!$A$1:$M$217,13,FALSE)","v":100}]
["4",null,{"$f":"VLOOKUP(\"4\"&$T$4,'Data DCE'!$A$1:$M$217,2,FALSE)","v":1288},{"$f":"VLOOKUP(\"4\"&$T$4,'Data DCE'!$A$1:$M$217,3,FALSE)","v":27.138643067846601},null,{"$f":"VLOOKUP(\"4\"&$T$4,'Data DCE'!$A$1:$M$217,4,FALSE)","v":1273},{"$f":"VLOOKUP(\"4\"&$T$4,'Data DCE'!$A$1:$M$217,5,FALSE)","v":26.822587442056498},null,{"$f":"VLOOKUP(\"4\"&$T$4,'Data DCE'!$A$1:$M$217,6,FALSE)","v":765},{"$f":"VLOOKUP(\"4\"&$T$4,'Data DCE'!$A$1:$M$217,7,FALSE)","v":16.118836915297098},null,{"$f":"VLOOKUP(\"4\"&$T$4,'Data DCE'!$A$1:$M$217,8,FALSE)","v":1124},{"$f":"VLOOKUP(\"4\"&$T$4,'Data DCE'!$A$1:$M$217,9,FALSE)","v":23.683101559207799},null,{"$f":"VLOOKUP(\"4\"&$T$4,'Data DCE'!$A$1:$M$217,10,FALSE)","v":296},{"$f":"VLOOKUP(\"4\"&$T$4,'Data DCE'!$A$1:$M$217,11,FALSE)","v":6.2368310155920801},null,{"$f":"VLOOKUP(\"4\"&$T$4,'Data DCE'!$A$1:$M$217,12,FALSE)","v":4746},{"$f":"VLOOKUP(\"4\"&$T$4,'Data DCE'!$A$1:$M$217,13,FALSE)","v":100}]
["5=least deprived",null,{"$f":"VLOOKUP(\"5\"&$T$4,'Data DCE'!$A$1:$M$217,2,FALSE)","v":1304},{"$f":"VLOOKUP(\"5\"&$T$4,'Data DCE'!$A$1:$M$217,3,FALSE)","v":28.9007092198582},null,{"$f":"VLOOKUP(\"5\"&$T$4,'Data DCE'!$A$1:$M$217,4,FALSE)","v":1285},{"$f":"VLOOKUP(\"5\"&$T$4,'Data DCE'!$A$1:$M$217,5,FALSE)","v":28.479609929077998},null,{"$f":"VLOOKUP(\"5\"&$T$4,'Data DCE'!$A$1:$M$217,6,FALSE)","v":700},{"$f":"VLOOKUP(\"5\"&$T$4,'Data DCE'!$A$1:$M$217,7,FALSE)","v":15.514184397163101},null,{"$f":"VLOOKUP(\"5\"&$T$4,'Data DCE'!$A$1:$M$217,8,FALSE)","v":962},{"$f":"VLOOKUP(\"5\"&$T$4,'Data DCE'!$A$1:$M$217,9,FALSE)","v":21.320921985815598},null,{"$f":"VLOOKUP(\"5\"&$T$4,'Data DCE'!$A$1:$M$217,10,FALSE)","v":261},{"$f":"VLOOKUP(\"5\"&$T$4,'Data DCE'!$A$1:$M$217,11,FALSE)","v":5.7845744680851103},null,{"$f":"VLOOKUP(\"5\"&$T$4,'Data DCE'!$A$1:$M$217,12,FALSE)","v":4512},{"$f":"VLOOKUP(\"5\"&$T$4,'Data DCE'!$A$1:$M$217,13,FALSE)","v":100}]
[]
["Source: PHS Detect Cancer Early data."]
[]
["Notes:"]
["1. Patients diagnosed from 01 January 2010 - 31 December 2019 as at 20 October 2020."]
["2. There has been an increase in NHS Grampian unknown stage for lung cancer for 2017. This is due to them moving to using the updated staging classification TNM8 a year early. "]
["3. The deprivation category is mapped on by postcode. Cases with missing or invalid postcodes are excluded from this table."]

{"sheet":"Fig 1","index":2,"n_rows":51,"n_cols":18,"rows_kept":51,"cut":false,"hidden":false,"merged":[[48,0,48,18],[51,0,52,15]]}
["Detect Cancer Early - Staging Data by deprivation",null,null,null,null,null,null,null,null,null,null,null,null,null,null,null,null,"back to contents"]
[]
[{"$f":"\"Figure 1: Proportion of patients in Scotland diagnosed with (\"&(VLOOKUP('Table 1'!T2,Lookups!$A$28:$B$31,2,0))&\") - by stage and deprivation category for \"&(VLOOKUP('Table 1'!T3,Lookups!$A$1:$B$9,2,0))&\" combined\"","v":"Figure 1: Proportion of patients in Scotland diagnosed with (Breast, Colorectal & Lung combined) - by stage and deprivation category for Year 8 (2018 & 2019) combined"}]
[]
[]
[]
[]
[]
[]
[]
[]
[]
[]
[]
[]
[]
[]
[]
[]
[]
[]
[]
[]
[]
[]
[]
[]
[]
[]
[]
[]
[]
[]
[]
[]
[]
[]
[]
[]
[]
[]
[]
[]
[]
[]
[]
[]
["Source: PHS Detect Cancer Early data."]
[]
["Notes:"]
["1. Patients diagnosed from 01 January 2010 - 31 December 2019 as at 20 October 2020."]

{"sheet":"data2","index":3,"n_rows":46,"n_cols":15,"rows_kept":46,"cut":false,"hidden":true,"merged":[]}
["SIMD"]
["1=most deprived","Baseline",20.244077530509699,null,null,null,null,null,"1=most deprived","Baseline",0]
[null,"Year 1",21.088554427721402,null,null,null,null,null,null,"Year 1",{"$f":"(C3-C$2)/C$2","v":4.171476304311706E-2}]
[null,"Year 2",22.019781363873001,null,null,null,null,null,null,"Year 2",{"$f":"(C4-C$2)/C$2","v":8.7714731910463778E-2}]
[null,"Year 3",22.591822591822599,null,null,null,null,null,null,"Year 3",0.1159719457591797]
[null,"Year 4",23.3698487219614,null,null,null,null,null,null,"Year 4",0.15440422942170987]
[null,"Year 5",23.737740646567399,null,null,null,null,null,null,"Year 5",0.17257704683221187]
[null,"Year 6",22.608370702541102,null,null,null,null,null,null,"Year 6",0.11678937548367881]
[null,"Year 7",22.5776455272457,null,null,null,null,null,null,"Year 7",{"$f":"(C9-C$2)/C$2","v":0.11527163898770383}]
[null,"Year 8",23.7901801483575,null,null,null,null,null,null,"Year 8",{"$f":"(C10-C$2)/C$2","v":0.17516740945609874}]
[2,"Baseline",null,21.662563908350698,null,null,null,null,"2","Baseline",null,0]
[null,"Year 1",null,23.244239631336399,null,null,null,null,null,"Year 1",null,{"$f":"(D12-D$11)/D$11","v":7.3014243820694769E-2}]
[null,"Year 2",null,22.594453750232699,null,null,null,null,null,"Year 2",null,4.3018446284780097E-2]
[null,"Year 3",null,22.518159806295401,null,null,null,null,null,"Year 3",null,3.9496520428723543E-2]
[null,"Year 4",null,23.498098859315601,null,null,null,null,null,"Year 4",null,8.473304262277663E-2]
[null,"Year 5",null,23.7304314623902,null,null,null,null,null,"Year 5",null,9.5458116721001809E-2]
[null,"Year 6",null,23.3910425291682,null,null,null,null,null,"Year 6",null,7.9791045424276411E-2]
[null,"Year 7",null,24.117205108940599,null,null,null,null,null,"Year 7",null,{"$f":"(D18-D$11)/D$11","v":0.11331258898876977}]
[null,"Year 8",null,24.197761194029901,null,null,null,null,null,"Year 8",null,{"$f":"(D19-D$11)/D$11","v":0.11703126630832052}]
[3,"Baseline",null,null,24.198375374091501,null,null,null,"3","Baseline",null,null,0]
[null,"Year 1",null,null,24.263938191689299,null,null,null,null,"Year 1",null,null,{"$f":"(E21-E$20)/E$20","v":2.7093892289973141E-3}]
[null,"Year 2",null,null,24.916805324459201,null,null,null,null,"Year 2",null,null,2.9689181164488494E-2]
[null,"Year 3",null,null,25.329218106995899,null,null,null,null,"Year 3",null,null,4.6732175835042154E-2]
[null,"Year 4",null,null,24.6555915721232,null,null,null,null,"Year 4",null,null,1.8894499773783432E-2]
[null,"Year 5",null,null,25.442204853969599,null,null,null,null,"Year 5",null,null,5.1401363134891701E-2]
[null,"Year 6",null,null,25.719649561952401,null,null,null,null,"Year 6",null,null,6.2866790201530812E-2]
[null,"Year 7",null,null,25.286415711947601,null,null,null,null,"Year 7",null,null,{"$f":"(E27-E$20)/E$20","v":4.496336307854093E-2}]
[null,"Year 8",null,null,24.820430965682402,null,null,null,null,"Year 8",null,null,{"$f":"(E28-E$20)/E$20","v":2.5706502274401331E-2}]
[4,"Baseline",null,null,null,25.358524926018699,null,null,"4","Baseline",null,null,null,0]
[null,"Year 1",null,null,null,26.1049423035053,null,null,null,"Year 1",null,null,null,{"$f":"(F30-F$29)/F$29","v":2.9434573961388103E-2}]
[null,"Year 2",null,null,null,26.3755458515284,null,null,null,"Year 2",null,null,null,4.0105681559821471E-2]
[null,"Year 3",null,null,null,27.286486486486499,null,null,null,"Year 3",null,null,null,7.6028143044300125E-2]
[null,"Year 4",null,null,null,26.615886833514701,null,null,null,"Year 4",null,null,null,4.958340089434405E-2]
[null,"Year 5",null,null,null,26.7467734757454,null,null,null,"Year 5",null,null,null,5.474484631013813E-2]
[null,"Year 6",null,null,null,27.236755330841898,null,null,null,"Year 6",null,null,null,7.4067021260218163E-2]
[null,"Year 7",null,null,null,27.148645766687999,null,null,null,"Year 7",null,null,null,7.0592467262659081E-2]
[null,"Year 8",null,null,null,27.138643067846601,null,null,null,"Year 8",null,null,null,7.0198016131507751E-2]
["5=least deprived","Baseline",null,null,null,null,26.664972038637501,null,"5=least deprived","Baseline",null,null,null,null,0]
[null,"Year 1",null,null,null,null,27.445652173913,null,null,"Year 1",null,null,null,null,{"$f":"(G39-G$38)/G$38","v":2.9277365606995398E-2}]
[null,"Year 2",null,null,null,null,28.1663061763999,null,null,"Year 2",null,null,null,null,5.6303608178811068E-2]
[null,"Year 3",null,null,null,null,28.283796740172601,null,null,"Year 3",null,null,null,null,6.0709784326397412E-2]
[null,"Year 4",null,null,null,null,29.299812030075199,null,null,"Year 4",null,null,null,null,9.8812779087854241E-2]
[null,"Year 5",null,null,null,null,28.4173505275498,null,null,"Year 5",null,null,null,null,6.5718369641382168E-2]
[null,"Year 6",null,null,null,null,28.173590160130001,null,null,"Year 6",null,null,null,null,5.6576774928040974E-2]
[null,"Year 7",null,null,null,null,29.1201429209469,null,null,"Year 7",null,null,null,null,9.2074759304148573E-2]
[null,"Year 8",null,null,null,null,28.9007092198582,null,null,"Year 8",null,null,null,null,8.3845472554072806E-2]

{"sheet":"Fig 2","index":4,"n_rows":52,"n_cols":18,"rows_kept":52,"cut":false,"hidden":false,"merged":[[2,0,3,18],[48,0,48,18],[51,0,52,15]]}
[{"$f":"\"Detect Cancer Early - Stage 1 data by deprivation\"","v":"Detect Cancer Early - Stage 1 data by deprivation"},null,null,null,null,null,null,null,null,null,null,null,null,null,null,null,null,"back to contents"]
[]
[{"$f":"\"Figure 2: Trend in stage 1 percentage change from baseline for each stage for breast, colorectal and lung cancer in Scotland by deprivation category.\"","v":"Figure 2: Trend in stage 1 percentage change from baseline for each stage for breast, colorectal and lung cancer in Scotland by deprivation category."}]
[]
[]
[]
[]
[]
[]
[]
[]
[]
[]
[]
[]
[]
[]
[]
[]
[]
[]
[]
[]
[]
[]
[]
[]
[]
[]
[]
[]
[]
[]
[]
[]
[]
[]
[]
[]
[]
[]
[]
[]
[]
[]
[]
[]
["Source: PHS Detect Cancer Early data."]
[]
["Notes:"]
["1) Data for combined calendar years: Baseline (2010 & 2011); Year 1 (2011 & 2012); Year 2 (2012 & 2013); Year 3 (2013 & 2014); Year 4 (2014 & 2015); Year 5 (2015 & 2016); Year 6 (2016 & 2017); Year 7 (2017 & 2018) & Year 8 (2018 & 2019)."]
["2) Percentage change (% change) is the relative percentage change.  More specifically this is the difference in the stage 1 percentage between the baseline and the particular year, relative to the baseline and expressed as a percentage."]

{"sheet":"Lookups","index":5,"n_rows":37,"n_cols":2,"rows_kept":37,"cut":false,"hidden":true,"merged":[]}
[1,"Baseline (2010 & 2011)"]
[2,"Year 1 (2011 & 2012)"]
[3,"Year 2 (2012 & 2013)"]
[4,"Year 3 (2013 & 2014)"]
[5,"Year 4 (2014 & 2015)"]
[6,"Year 5 (2015 & 2016)"]
[7,"Year 6 (2016 & 2017)"]
[8,"Year 7 (2017 & 2018)"]
[9,"Year 8 (2018 & 2019)"]
[]
[]
[]
[]
[]
[]
[]
[]
[]
[]
[]
[]
[]
[]
[]
[]
[]
[]
[4,"Breast, Colorectal & Lung combined"]
[1,"Breast"]
[2,"Colorectal"]
[3,"Lung"]
[]
[1,"Stage 1"]
[2,"Stage 2"]
[3,"Stage 3"]
[4,"Stage 4"]
[5,"Stage Not Known"]

{"sheet":"Data DCE","index":6,"n_rows":217,"n_cols":13,"rows_kept":217,"cut":false,"hidden":true,"merged":[]}
["Lookup Code","Stage 1","%","Stage 2","%","Stage 3","%","Stage 4","%","Stage Not Known","%","Total","%"]
["111",530,35.475234270415001,675,45.180722891566298,119,7.9651941097724199,112,7.4966532797858099,58,3.8821954484605099,1494,100]
["112",552,37.146702557200499,686,46.164199192463002,104,6.9986541049798099,107,7.20053835800808,37,2.4899057873485901,1486,100]
["113",572,37.2638436482085,701,45.667752442996701,133,8.6644951140065203,97,6.3192182410423499,32,2.0846905537459302,1535,100]
["114",561,37.078651685393297,699,46.199603436880402,142,9.3853271645737006,91,6.0145406477197598,20,1.3218770654329099,1513,100]
["115",585,37.9377431906615,708,45.914396887159498,147,9.5330739299610894,90,5.8365758754863801,12,0.77821011673151796,1542,100]
["116",597,39.019607843137301,681,44.509803921568597,142,9.2810457516339895,95,6.2091503267973902,15,0.98039215686274495,1530,100]
["117",552,38.520586182833199,645,45.010467550593198,137,9.5603628750872307,83,5.7920446615492001,16,1.1165387299371901,1433,100]
["118",526,36.655052264808397,673,46.8989547038328,130,9.0592334494773503,94,6.5505226480836196,12,0.83623693379790898,1435,100]
["119",549,35.5339805825243,728,47.119741100323601,127,8.2200647249190908,108,6.9902912621359201,33,2.13592233009709,1545,100]
["121",230,16.570605187319899,352,25.360230547550401,307,22.1181556195965,230,16.570605187319899,269,19.380403458213301,1388,100]
["122",230,16.197183098591601,370,26.056338028169002,311,21.901408450704199,276,19.436619718309899,233,16.408450704225402,1420,100]
["123",215,16.475095785440601,339,25.977011494252899,294,22.528735632183899,295,22.605363984674302,162,12.413793103448301,1305,100]
["124",206,16.362192216044502,326,25.8935663224782,303,24.066719618745001,313,24.8610007942812,111,8.8165210484511505,1259,100]
["125",181,14.5381526104418,312,25.060240963855399,316,25.381526104417699,320,25.702811244979902,116,9.3172690763052195,1245,100]
["126",163,13.743676222596999,289,24.3676222596965,292,24.6205733558179,310,26.1382799325464,132,11.129848229342301,1186,100]
["127",169,14.0950792326939,279,23.269391159299399,294,24.520433694745599,328,27.356130108423699,129,10.7589658048374,1199,100]
["128",181,14.48,289,23.12,312,24.96,336,26.88,132,10.56,1250,100]
["129",193,14.903474903474899,321,24.787644787644801,325,25.096525096525099,300,23.166023166023201,156,12.046332046331999,1295,100]
["131",368,13.6802973977695,187,6.9516728624535302,658,24.460966542750899,1296,48.178438661709997,181,6.7286245353159897,2690,100]
["132",423,15.064102564102599,215,7.65669515669516,672,23.9316239316239,1344,47.863247863247899,154,5.4843304843304796,2808,100]
["133",482,16.489907629148099,263,8.9976052001368494,679,23.229558672596699,1373,46.972288744440696,126,4.3106397536777301,2923,100]
["134",537,17.899999999999999,266,8.8666666666666707,724,24.133333333333301,1355,45.1666666666667,118,3.93333333333333,3000,100]
["135",578,19.500674763832698,255,8.6032388663967598,705,23.785425101214599,1296,43.724696356275302,130,4.3859649122807003,2964,100]
["136",547,19.605734767025101,246,8.8172043010752699,641,22.974910394265201,1212,43.440860215053803,144,5.1612903225806503,2790,100]
["137",489,17.977941176470601,216,7.9411764705882399,636,23.382352941176499,1215,44.669117647058798,164,6.0294117647058796,2720,100]
["138",507,18.8335809806835,211,7.8380386329866303,629,23.3655274888559,1169,43.424962852897501,176,6.5378900445765202,2692,100]
["139",605,21.438695960311801,236,8.3628632175761908,641,22.7143869596031,1197,42.416725726435203,143,5.0673281360737104,2822,100]
["141",1128,20.244077530509699,1214,21.787508973438602,1084,19.4544149318019,1638,29.396984924623101,508,9.1170136396267107,5572,100]
["142",1205,21.088554427721402,1271,22.243612180608999,1087,19.023451172558602,1727,30.22401120056,424,7.42037101855093,5714,100]
["143",1269,22.019781363873001,1303,22.609751865347899,1106,19.1913933715079,1765,30.626409855977801,320,5.5526635432934199,5763,100]
["144",1304,22.591822591822599,1291,22.3665973665974,1169,20.252945252945299,1759,30.474705474705502,249,4.31392931392931,5772,100]
["145",1344,23.3698487219614,1275,22.170057381325002,1168,20.3095113893236,1706,29.664406190227801,258,4.4861763171622302,5751,100]
["146",1307,23.737740646567399,1216,22.084998183799499,1075,19.524155466763499,1617,29.367962223029402,291,5.28514347984017,5506,100]
["147",1210,22.608370702541102,1140,21.300448430493301,1067,19.936472346786299,1626,30.381165919282498,309,5.7735426008968602,5352,100]
["148",1214,22.5776455272457,1173,21.815138553096499,1071,19.918169983262,1599,29.737771991816999,320,5.9512739445787597,5377,100]
["149",1347,23.7901801483575,1285,22.6951607205934,1093,19.304132815259599,1605,28.346873896149798,332,5.8636524196397,5662,100]
["211",603,36.413043478260903,725,43.780193236715,137,8.2729468599033797,104,6.2801932367149798,87,5.2536231884057996,1656,100]
["212",651,38.159437280187603,753,44.138335287221601,141,8.2649472450175896,108,6.3305978898006998,53,3.1066822977725699,1706,100]
["213",614,37.507635919364702,726,44.349419670128299,163,9.9572388515577295,102,6.2309102015882702,32,1.9547953573610299,1637,100]
["214",630,38.508557457212703,716,43.765281173594097,162,9.9022004889975506,107,6.5403422982885102,21,1.28361858190709,1636,100]
["215",660,39.735099337748302,733,44.130042143287199,142,8.5490668272125205,109,6.56231186032511,17,1.0234798314268501,1661,100]
["216",666,40.535605599513097,726,44.187461959829598,127,7.7297626293365802,105,6.3907486305538699,19,1.15642118076689,1643,100]
["217",670,39.9522957662493,731,43.589743589743598,149,8.8849135360763292,104,6.2015503875968996,23,1.3714967203339301,1677,100]
["218",696,39.1891891891892,817,46.002252252252298,129,7.2635135135135096,112,6.3063063063063103,22,1.2387387387387401,1776,100]
["219",664,38.051575931232101,823,47.163323782234997,95,5.4441260744985698,104,5.9598853868194803,59,3.3810888252149001,1745,100]
["221",263,17.302631578947398,381,25.065789473684202,362,23.815789473684202,290,19.078947368421101,224,14.7368421052632,1520,100]
["222",283,18.8290086493679,372,24.750499001996001,333,22.1556886227545,319,21.224218230206301,196,13.0405854956753,1503,100]
["223",264,18.144329896907202,364,25.017182130584199,333,22.886597938144298,323,22.1993127147766,171,11.7525773195876,1455,100]
["224",232,17.008797653958901,334,24.486803519061599,333,24.4134897360704,316,23.167155425219899,149,10.923753665689199,1364,100]
["225",200,15.360983102918601,352,27.0353302611367,314,24.1167434715822,299,22.9646697388633,137,10.522273425499201,1302,100]
["226",201,14.639475600874,395,28.769118718135498,309,22.505462490895901,324,23.5979606700656,144,10.487982520029099,1373,100]
["227",194,14.285714285714301,363,26.7304860088365,322,23.7113402061856,337,24.815905743740799,142,10.456553755522799,1358,100]
["228",182,13.914373088685,320,24.4648318042813,319,24.388379204892999,324,24.7706422018349,163,12.4617737003058,1308,100]
["229",217,16.426949280847801,317,23.996971990915998,304,23.0128690386071,303,22.9371688115064,180,13.6260408781226,1321,100]
["231",278,13.206650831353899,149,7.0783847980997603,482,22.897862232779101,1038,49.311163895486899,158,7.5059382422802896,2105,100]
["232",327,14.7563176895307,182,8.2129963898916998,531,23.962093862815902,1051,47.427797833935003,125,5.6407942238267097,2216,100]
["233",336,14.7303814116616,195,8.5488820692678704,555,24.331433581762401,1091,47.829899167032004,104,4.5594037702761998,2281,100]
["234",347,14.6475306036302,209,8.8222878851836199,568,23.9763613338962,1146,48.3748417053609,99,4.1789784719290797,2369,100]
["235",376,16.369177187636001,210,9.1423595994775795,527,22.942969090117501,1077,46.887244231606502,107,4.6582498911623897,2297,100]
["236",376,16.9216921692169,179,8.0558055805580597,483,21.7371737173717,1057,47.569756975697601,127,5.7155715571557204,2222,100]
["237",379,16.630100921456801,183,8.0298376480912701,501,21.9833260201843,1067,46.818780166739799,149,6.5379552435278603,2279,100]
["238",406,18.125,175,7.8125,505,22.5446428571429,1002,44.732142857142897,152,6.78571428571429,2240,100]
["239",416,18.134263295553598,176,7.6721883173496099,504,21.970357454228399,1048,45.6843940714909,150,6.5387968613775103,2294,100]
["241",1144,21.662563908350698,1255,23.764438553304299,981,18.576027267562999,1432,27.1160765006628,469,8.8808937701193003,5281,100]
["242",1261,23.244239631336399,1307,24.092165898617498,1005,18.525345622119801,1478,27.244239631336399,374,6.8940092165898603,5425,100]
["243",1214,22.594453750232699,1285,23.915875674669699,1051,19.5607667969477,1516,28.21514982319,307,5.7137539549599898,5373,100]
["244",1209,22.518159806295401,1259,23.449431924008199,1063,19.798845222573998,1569,29.223319053827499,269,5.0102439932948402,5369,100]
["245",1236,23.498098859315601,1295,24.619771863117901,983,18.688212927756702,1485,28.231939163498101,261,4.9619771863117901,5260,100]
["246",1243,23.7304314623902,1300,24.8186330660557,919,17.544864452080901,1486,28.369606720122199,290,5.5364642993509001,5238,100]
["247",1243,23.3910425291682,1277,24.030861874294299,972,18.2913059841927,1508,28.377869777945101,314,5.9089198343996996,5314,100]
["248",1284,24.117205108940599,1312,24.6431254695717,953,17.900075131480101,1438,27.0097670924117,337,6.3298271975957903,5324,100]
["249",1297,24.197761194029901,1316,24.552238805970099,903,16.847014925373099,1455,27.1455223880597,389,7.2574626865671696,5360,100]
["311",663,39.963833634719698,715,43.098251959011499,118,7.1127185051235697,81,4.8824593128390603,82,4.94273658830621,1659,100]
["312",677,38.818807339449499,773,44.323394495412799,128,7.3394495412844103,97,5.5619266055045902,69,3.9564220183486198,1744,100]
["313",687,39.189960068454099,759,43.297204791785497,159,9.0701654306902508,97,5.5333713633770696,51,2.9092983456931001,1753,100]
["314",718,41.028571428571396,751,42.914285714285697,154,8.8000000000000007,90,5.1428571428571397,37,2.1142857142857099,1750,100]
["315",710,40.363843092666301,799,45.4235361000569,122,6.93575895395111,97,5.5144968732234201,31,1.76236498010233,1759,100]
["316",728,40.738668158925599,799,44.711807498600997,121,6.7711247901510898,115,6.4353665360940102,24,1.3430330162283199,1787,100]
["317",712,40.849110728628801,772,44.291451520367197,138,7.9173838209982801,100,5.7372346528972997,21,1.2048192771084301,1743,100]
["318",739,41.423766816143498,807,45.235426008968602,137,7.6793721973094202,84,4.7085201793721998,17,0.952914798206278,1784,100]
["319",733,40.926856504745999,799,44.611948632049099,139,7.7610273590173096,76,4.2434394193188201,44,2.4567280848687898,1791,100]
["321",262,18.031658637302101,387,26.6345492085341,344,23.6751548520303,259,17.825189263592598,201,13.833448038541,1453,100]
["322",219,16.355489171023201,352,26.288274831964198,311,23.226288274832001,294,21.956684092606402,163,12.173263629574301,1339,100]
["323",225,17.136329017517099,341,25.971058644326,304,23.153084539223201,292,22.239146991622199,151,11.500380807311499,1313,100]
["324",219,16.198224852071,358,26.479289940828401,344,25.443786982248501,291,21.523668639053302,140,10.3550295857988,1352,100]
["325",200,14.545454545454501,361,26.2545454545455,376,27.345454545454501,295,21.454545454545499,143,10.4,1375,100]
["326",209,15.4814814814815,347,25.703703703703699,349,25.851851851851901,301,22.296296296296301,144,10.6666666666667,1350,100]
["327",228,16.8888888888889,334,24.740740740740701,342,25.3333333333333,310,22.962962962963001,136,10.074074074074099,1350,100]
["328",210,15.3396639883126,348,25.4200146092038,364,26.588750913075199,300,21.913805697589499,147,10.737764791818799,1369,100]
["329",203,14.3159379407616,366,25.8110014104372,380,26.798307475317401,298,21.015514809591,171,12.059238363892799,1418,100]
["331",207,13.2183908045977,117,7.4712643678160902,373,23.818646232439299,745,47.573435504469998,124,7.9182630906768896,1566,100]
["332",266,15.592028135990599,113,6.62368112543962,386,22.6260257913247,851,49.882766705744402,90,5.27549824150059,1706,100]
["333",286,16.417910447761201,121,6.9460390355912702,392,22.502870264064299,871,50,72,4.13318025258324,1742,100]
["334",294,16.723549488054601,135,7.6791808873720102,402,22.866894197952199,858,48.8054607508532,69,3.9249146757679201,1758,100]
["335",307,17.036625971143199,165,9.1564927857935601,405,22.475027746947799,828,45.948945615982197,97,5.3829078801331898,1802,100]
["336",300,17.3913043478261,153,8.8695652173912993,378,21.913043478260899,786,45.565217391304301,108,6.2608695652173898,1725,100]
["337",293,17.225161669606099,128,7.5249853027630804,339,19.929453262786598,830,48.7948265726044,111,6.5255731922398601,1701,100]
["338",287,16.5417867435159,119,6.8587896253602301,343,19.769452449567702,864,49.7982708933718,122,7.0317002881844397,1735,100]
["339",308,17.0826400443705,111,6.1564059900166397,378,20.965058236272899,895,49.639489739323402,111,6.1564059900166397,1803,100]
["341",1132,24.198375374091501,1219,26.058144506199199,835,17.849508336896101,1085,23.1936725096195,407,8.7002992731936697,4678,100]
["342",1162,24.263938191689299,1238,25.8509083315932,825,17.2269784923784,1242,25.934433075798701,322,6.7237419085404104,4789,100]
["343",1198,24.916805324459201,1221,25.395174708818601,855,17.7828618968386,1260,26.206322795341102,274,5.6988352745424304,4808,100]
["344",1231,25.329218106995899,1244,25.59670781893,900,18.518518518518501,1239,25.493827160493801,246,5.0617283950617296,4860,100]
["345",1217,24.6555915721232,1325,26.843598055105399,903,18.294165316045401,1220,24.716369529983801,271,5.4902755267423,4936,100]
["346",1237,25.442204853969599,1299,26.717400246812002,848,17.441382147264498,1202,24.722336487042401,276,5.6766762649115599,4862,100]
["347",1233,25.719649561952401,1234,25.740508969545299,819,17.0838548185232,1240,25.8656654151022,268,5.5903212348769298,4794,100]
["348",1236,25.286415711947601,1274,26.063829787233999,844,17.2667757774141,1248,25.531914893617,286,5.8510638297872299,4888,100]
["349",1244,24.820430965682402,1276,25.458898643256202,897,17.897047086991201,1269,25.3192338387869,326,6.5043894652833201,5012,100]
["411",677,39.5443925233645,773,45.151869158878498,113,6.6004672897196297,69,4.0303738317756999,80,4.6728971962616797,1712,100]
["412",709,40.147225368063403,795,45.016987542468897,113,6.3986409966024897,86,4.86976217440544,63,3.5673839184598002,1766,100]
["413",718,39.756367663344399,811,44.905869324473997,133,7.3643410852713203,91,5.0387596899224798,53,2.9346622369878199,1806,100]
["414",777,42.389525368248798,817,44.571740316421199,127,6.9285324604473502,82,4.4735406437534104,30,1.6366612111293,1833,100]
["415",771,43.436619718309899,790,44.507042253521099,121,6.8169014084506996,74,4.1690140845070403,19,1.07042253521127,1775,100]
["416",762,41.868131868131897,825,45.3296703296703,127,6.9780219780219799,78,4.28571428571429,28,1.5384615384615401,1820,100]
["417",775,42.257360959651002,821,44.765539803707703,135,7.3609596510359898,80,4.36205016357688,23,1.2540894220283501,1834,100]
["418",772,42.116748499727201,826,45.062738679760002,131,7.1467539552645896,85,4.63720676486634,19,1.0365521003818901,1833,100]
["419",755,40.722761596547997,846,45.631067961165101,119,6.4185544768069001,81,4.3689320388349504,53,2.8586839266450901,1854,100]
["421",273,19.306930693069301,350,24.752475247524799,360,25.459688826025499,258,18.246110325318199,173,12.2347949080622,1414,100]
["422",288,19.7260273972603,375,25.684931506849299,365,25,277,18.972602739726,155,10.6164383561644,1460,100]
["423",262,18.687589158345201,384,27.389443651925799,350,24.964336661911599,277,19.7574893009986,129,9.2011412268188302,1402,100]
["424",246,18.035190615835798,378,27.712609970674499,339,24.853372434017601,288,21.1143695014663,113,8.2844574780058604,1364,100]
["425",220,15.9651669085631,378,27.431059506531199,359,26.052249637155299,299,21.698113207547198,122,8.8534107402031896,1378,100]
["426",207,15.705614567526601,338,25.6449165402124,340,25.796661608497701,294,22.3065250379363,139,10.546282245826999,1318,100]
["427",225,16.993957703927499,333,25.1510574018127,332,25.0755287009063,300,22.658610271903299,134,10.120845921450201,1324,100]
["428",259,18.526466380543599,333,23.8197424892704,345,24.678111587982801,326,23.319027181688099,135,9.6566523605150199,1398,100]
["429",278,19.632768361581899,335,23.658192090395499,342,24.152542372881399,326,23.022598870056498,135,9.5338983050847492,1416,100]
["431",164,12.9439621152328,99,7.8137332280978704,267,21.0734017363852,666,52.565114443567502,71,5.6037884767166499,1267,100]
["432",202,14.776883686905601,106,7.7542062911484999,310,22.677395757132398,683,49.963423555230399,66,4.8280907095830301,1367,100]
["433",228,16.618075801749299,124,9.0379008746355698,280,20.408163265306101,671,48.906705539358597,69,5.0291545189504401,1372,100]
["434",239,16.7366946778711,137,9.5938375350140106,285,19.9579831932773,698,48.879551820728302,69,4.8319327731092399,1428,100]
["435",232,16.088765603328699,133,9.2233009708737903,309,21.428571428571399,693,48.058252427184499,75,5.2011095700416101,1442,100]
["436",233,17.182890855457199,122,8.9970501474926294,282,20.796460176991101,641,47.271386430678497,78,5.7522123893805297,1356,100]
["437",239,17.181883537023701,109,7.8360891445003604,286,20.5607476635514,649,46.657081236520497,108,7.76419841840403,1391,100]
["438",242,16.5980795610425,98,6.7215363511659802,300,20.5761316872428,700,48.010973936899902,118,8.09327846364884,1458,100]
["439",255,17.2764227642276,92,6.2330623306233104,304,20.596205962059599,717,48.577235772357703,108,7.3170731707317103,1476,100]
["441",1114,25.358524926018699,1222,27.816981561575201,740,16.844980651035701,993,22.604142954700698,324,7.3753699066697003,4393,100]
["442",1199,26.1049423035053,1276,27.781406488134099,788,17.156542564772501,1046,22.773786196385799,284,6.1833224472022597,4593,100]
["443",1208,26.3755458515284,1319,28.7991266375546,763,16.6593886462882,1039,22.685589519650701,251,5.4803493449781699,4580,100]
["444",1262,27.286486486486499,1332,28.8,751,16.237837837837802,1068,23.091891891891901,212,4.5837837837837796,4625,100]
["445",1223,26.615886833514701,1301,28.313384113166499,789,17.170837867246998,1066,23.199129488574499,216,4.7007616974972803,4595,100]
["446",1202,26.7467734757454,1285,28.593680462839298,749,16.6666666666667,1013,22.5411659991099,245,5.4517133956386301,4494,100]
["447",1239,27.236755330841898,1263,27.764343811826802,753,16.553088590899101,1029,22.620356122224699,265,5.8254561442075197,4549,100]
["448",1273,27.148645766687999,1257,26.80742162508,776,16.549370867988898,1111,23.6937513329068,272,5.8008104073363196,4689,100]
["449",1288,27.138643067846601,1273,26.822587442056498,765,16.118836915297098,1124,23.683101559207799,296,6.2368310155920801,4746,100]
["511",703,42.045454545454596,718,42.9425837320574,110,6.5789473684210504,84,5.0239234449760799,57,3.4090909090909101,1672,100]
["512",746,42.5556189389618,746,42.5556189389618,124,7.0735881346263501,80,4.5636052481460396,57,3.2515687393040502,1753,100]
["513",779,43.038674033149199,757,41.8232044198895,159,8.7845303867403306,75,4.1436464088397802,40,2.20994475138122,1810,100]
["514",786,43.739565943238702,760,42.2927100723428,152,8.4585420144685592,75,4.1736227045075101,24,1.3355592654424,1797,100]
["515",812,43.939393939393902,798,43.181818181818201,129,6.9805194805194803,89,4.8160173160173203,20,1.08225108225108,1848,100]
["516",775,42.746828461114198,783,43.1880860452289,138,7.61169332597904,98,5.4054054054054097,19,1.0479867622724801,1813,100]
["517",785,41.978609625668398,829,44.331550802138999,150,8.0213903743315509,87,4.6524064171123003,19,1.0160427807486601,1870,100]
["518",815,41.752049180327901,913,46.772540983606604,130,6.6598360655737698,74,3.7909836065573801,20,1.0245901639344299,1952,100]
["519",778,41.895530425417299,857,46.149703823370999,103,5.5465805061927798,68,3.6618201400107702,51,2.74636510500808,1857,100]
["521",231,18.046875,338,26.40625,303,23.671875,234,18.28125,174,13.59375,1280,100]
["522",237,18.301158301158299,311,24.015444015444,315,24.324324324324301,278,21.467181467181501,154,11.8918918918919,1295,100]
["523",245,18.532526475037798,316,23.903177004538598,333,25.1891074130106,297,22.465960665658098,131,9.9092284417549195,1322,100]
["524",231,17.606707317073202,345,26.295731707317099,319,24.314024390243901,308,23.475609756097601,109,8.3079268292682897,1312,100]
["525",220,16.454749439042601,353,26.4023934181002,335,25.056095736724,318,23.784592370979802,111,8.3021690351533302,1337,100]
["526",215,15.7509157509158,342,25.054945054945101,370,27.106227106227099,322,23.589743589743598,116,8.4981684981685,1365,100]
["527",224,16.398243045388,345,25.256222547584201,374,27.379209370424601,304,22.254758418740899,119,8.7115666178623705,1366,100]
["528",277,19.814020028612301,325,23.247496423462099,349,24.964234620887002,316,22.603719599427802,131,9.3705293276108694,1398,100]
["529",302,20.8132322536182,321,22.122674017918701,350,24.121295658166801,336,23.1564438318401,142,9.7863542384562408,1451,100]
["531",115,11.710794297352299,78,7.9429735234215899,211,21.486761710794301,516,52.545824847250501,62,6.3136456211812604,982,100]
["532",128,12.8,78,7.8,222,22.2,523,52.3,49,4.9000000000000004,1000,100]
["533",148,14.3828960155491,101,9.8153547133138996,231,22.4489795918367,508,49.368318756073897,41,3.9844509232264298,1029,100]
["534",163,15.333960489181599,104,9.7836312323612393,206,19.379115710253998,537,50.517403574788297,53,4.9858889934148598,1063,100]
["535",215,20.074696545284802,86,8.0298786181139103,191,17.833800186741399,522,48.739495798319297,57,5.3221288515406204,1071,100]
["536",222,20.423183072677102,96,8.8316467341306399,208,19.135234590616399,504,46.366145354185797,57,5.24379024839007,1087,100]
["537",205,19.105312208760498,94,8.7604846225535908,213,19.850885368126701,466,43.429636533084803,95,8.8536812674743697,1073,100]
["538",212,18.794326241134801,87,7.7127659574468099,222,19.680851063829799,505,44.769503546099301,102,9.0425531914893593,1128,100]
["539",224,18.604651162790699,107,8.8870431893687698,247,20.514950166113,558,46.345514950166098,68,5.6478405315614602,1204,100]
["541",1049,26.664972038637501,1134,28.825622775800699,624,15.861718352821599,834,21.1997966446365,293,7.4478901881037096,3934,100]
["542",1111,27.445652173913,1135,28.038537549407099,661,16.3290513833992,881,21.763833992094899,260,6.4229249011857696,4048,100]
["543",1172,28.1663061763999,1174,28.214371545301599,723,17.375630857966801,880,21.148762316750801,212,5.0949291035808697,4161,100]
["544",1180,28.283796740172601,1209,28.9789069990412,677,16.227229146692199,920,22.051773729626099,186,4.45829338446788,4172,100]
["545",1247,29.299812030075199,1237,29.064849624060201,655,15.390037593984999,929,21.828007518797001,188,4.4172932330827104,4256,100]
["546",1212,28.4173505275498,1221,28.628370457209801,716,16.787807737397401,924,21.664712778429099,192,4.50175849941383,4265,100]
["547",1214,28.173590160130001,1268,29.426781155720601,737,17.103736365746101,857,19.888605244836398,233,5.40728707356695,4309,100]
["548",1304,29.1201429209469,1325,29.589102277802599,701,15.6543099598035,895,19.986601161232699,253,5.6498436802143797,4478,100]
["549",1304,28.9007092198582,1285,28.479609929077998,700,15.514184397163101,962,21.320921985815598,261,5.7845744680851103,4512,100]
["611",3176,38.764799218845397,3606,44.013181984620999,597,7.2867081655071404,450,5.4924935920908098,364,4.4428170389356803,8193,100]
["612",3335,39.444115907746898,3753,44.387936132466002,610,7.2146658781785904,478,5.6534594914251901,279,3.2998225901833198,8455,100]
["613",3370,39.456738086875099,3754,43.952698747219301,747,8.74604847207587,462,5.40920266947664,208,2.4353120243531201,8541,100]
["614",3472,40.708172118653998,3743,43.885566889435999,737,8.6411068120529997,445,5.2174932582952298,132,1.5476609215617301,8529,100]
["615",3538,41.211415259173002,3828,44.589400116482203,661,7.69947582993594,459,5.3465346534653504,99,1.1531741409435099,8585,100]
["616",3528,41.0566740370069,3814,44.384964505993302,655,7.6224834167345499,491,5.7139532177353702,105,1.2219248225299699,8593,100]
["617",3494,40.832067313310702,3798,44.384714269019497,709,8.2856141170971096,454,5.3055977562229799,102,1.1920065443496599,8557,100]
["618",3548,40.410022779043302,4036,45.968109339407697,657,7.4829157175398597,449,5.1138952164009099,90,1.0250569476082001,8780,100]
["619",3479,39.570063694267503,4053,46.0987261146497,583,6.6310282074613296,437,4.9704276615104597,240,2.7297543221110101,8792,100]
["621",1259,17.8454996456414,1808,25.627214741318198,1676,23.756201275691001,1271,18.0155917788802,1041,14.7554925584692,7055,100]
["622",1257,17.913638306968799,1780,25.3669659398603,1635,23.300555793074,1444,20.578594841100202,901,12.8402451189967,7017,100]
["623",1211,17.816683831102001,1744,25.658378696483702,1614,23.745770192732099,1484,21.8331616889804,744,10.9460055907018,6797,100]
["624",1134,17.0500676589986,1741,26.176514809802999,1638,24.6278755074425,1516,22.793564877462,622,9.3519771462937893,6651,100]
["625",1021,15.383456380895,1756,26.4577369293355,1700,25.6139822208829,1531,23.067651047159899,629,9.4771734217266808,6637,100]
["626",995,15.0940533980583,1711,25.955703883495101,1660,25.182038834951499,1551,23.5285194174757,675,10.2396844660194,6592,100]
["627",1040,15.764741549189001,1654,25.072002425344898,1664,25.223586478702401,1579,23.935122025163,660,10.004547521600699,6597,100]
["628",1109,16.495612077941399,1615,24.022013981853299,1689,25.122713074520298,1602,23.828647925033501,708,10.5310129406515,6723,100]
["629",1193,17.287349659469601,1660,24.054484857267099,1701,24.648601651934499,1563,22.6488914650051,784,11.360672366323699,6901,100]
["631",1132,13.1475029036005,630,7.3170731707317103,1991,23.124274099883898,4261,49.488966318234603,596,6.9221835075493603,8610,100]
["632",1346,14.796086621963299,694,7.6288886446081099,2121,23.315378696273498,4452,48.939210728811702,484,5.3204353083434102,9097,100]
["633",1480,15.833957419492901,804,8.6016903819407293,2137,22.862950679362399,4514,48.2935701294533,412,4.4078313897507204,9347,100]
["634",1580,16.427531711374499,851,8.8479933458099396,2185,22.717820752755301,4594,47.764608026616798,408,4.2420461634435398,9618,100]
["635",1708,17.836257309941502,849,8.8659147869674193,2137,22.316207184628201,4416,46.115288220551399,466,4.8663324979114497,9576,100]
["636",1678,18.2788671023965,796,8.6710239651416092,1992,21.699346405228798,4200,45.751633986928098,514,5.5991285403050099,9180,100]
["637",1605,17.5141859450022,730,7.9659537319947598,1975,21.551724137931,4227,46.126145787865603,627,6.8419903972064597,9164,100]
["638",1654,17.8752836917756,690,7.4570409596887499,1999,21.603804171619998,4240,45.822976332000401,670,7.24089484491516,9253,100]
["639",1808,18.8352953432649,722,7.5216168350869896,2074,21.606417335139099,4415,45.994374414001499,580,6.0422960725075496,9599,100]
["641",5567,23.333892195490002,6044,25.333221560902,4264,17.872411769637001,5982,25.0733506580602,2001,8.3871238159108099,23858,100]
["642",5938,24.168667833448701,6227,25.3449468842851,4366,17.770361024054701,6374,25.9432618340185,1664,6.7727624241930897,24569,100]
["643",6061,24.5533724934171,6302,25.529673891026899,4498,18.221592059955402,6460,26.169738707717201,1364,5.52562284788333,24685,100]
["644",6186,24.945560125816598,6335,25.546415033470399,4560,18.388579724171301,6555,26.433583353496299,1162,4.68586176304541,24798,100]
["645",6267,25.272199370917001,6433,25.941608194209199,4498,18.138559561254901,6406,25.832728445842399,1194,4.8149044277764297,24798,100]
["646",6201,25.4504412066489,6321,25.942950954237599,4307,17.676995690539702,6242,25.618715370408399,1294,5.3108967781654002,24365,100]
["647",6139,25.244674726540001,6182,25.421498478493302,4348,17.879759848671799,6260,25.742248540176,1389,5.7118184061189199,24318,100]
["648",6311,25.4928098238811,6341,25.6139925674584,4345,17.551300694781101,6291,25.412021328162901,1468,5.9298755857165899,24756,100]
["649",6480,25.620749644156302,6435,25.4428277716274,4358,17.230744899573001,6415,25.363751383836799,1604,6.3419263008065796,25292,100]