{"text_format":"1","workbook":"xlsx","n_sheets":11,"sheets":["Contents","Table 1","Fig 1","Fig 2","Table 2","Fig 3","data2","Fig 4","Lookups","Data DCE","Data DCE2"],"not_rendered":{"charts":4,"images":4,"macros":1,"external_links":0,"defined_names":3,"comments":0,"pivot_tables":0},"unopened":[],"bounds":{"document_bytes":16777216,"sheet_cells":100000,"rows_first":2000,"rows_last":500,"rows_between":2000,"halvings":0,"cell_chars":16384,"cell_head_chars":4096},"cells_cut":0,"cells_raw":0,"read":"whole","date_system":"1900"}

{"sheet":"Contents","index":0,"n_rows":54,"n_cols":3,"rows_kept":54,"cut":false,"hidden":false,"merged":[[53,0,54,15],[4,0,6,13],[10,2,10,4],[39,0,42,15],[44,0,46,16],[48,0,51,15]]}
["Detect Cancer Early - Year 8 Staging Data"]
[]
["In order to view the tables to full effect, the macros will need to be enabled. To do this, select options – enable this content."]
[]
["The following tables and figures present the Detect Cancer Early trend data from Baseline (2010 & 2011) to Year 8 (2018 & 2019). Information is presented for breast, colorectal and lung cancer combined as well as indivdually. The percentage change in stage 1 at diagnosis from the baseline to year 8 is used for monitoring performance towards the DCE LDP standard. "]
[]
[]
[]
[null,"Time period: ","01 January 2010 - 31 December 2019"]
[null,"Source: ","ISD Detect Cancer Early data collected from local National Prospective Cancer Audit data sets"]
[null,"Extract date: ","2020-10-20"]
[]
["Use the hyperlinks in the lists below to nativigate to the required table or figure;"]
[]
["List of Tables"]
[]
["Table 1 - Combined & separate Breast, colorectal and lung cancer"]
["Table 1: Number and percentage of patients by stage at diagnosis for breast, colorectal and lung cancer by NHS Board of residence for baseline to year 8."]
[]
["Table 2 - Baseline & year 8 comparison"]
["Table 2: Number and percentage of stage 1 patients for breast, colorectal and lung cancer by NHS Board of residence, with percentage change from baseline to year 8."]
[]
[]
["List of Figures"]
[]
["Figure 1 - Breast, colorectal and lung cancer (combined)"]
["Figure 1: Stage distribution for breast, colorectal and lung cancer by NHS Board of residence for years selected in Table 1."]
[]
["Figure 2 - Baseline & year 8 comparison"]
["Figure 2: Trend in percentage of patients diagnosed at each stage for breast, colorectal and lung cancer in Scotland."]
[]
["Figure 3 - Trend in percentage change of stage"]
["Figure 3: Percentage change in stage 1 at diagnosis from baseline to year 8 for breast, colorectal and lung cancer by NHS Board of Residence."]
[]
["Figure 4 - Trend in percentage change of stage"]
["Figure 3: Trend in percentage change from baseline for each stage for breast, colorectal and lung cancer in Scotland."]
[]
["Notes"]
[]
["1) Cancer staging is the process of determining the extent to which a cancer has developed and spread. For the majority of patients with cancer it is common practice to assign a number from 1 to 4 to a cancer, with 1 indicating the cancer is confined to the original organ in which it occurred and 4 being a cancer which has spread beyond the original organ and local lymph glands (regional lymph nodes). Patients diagnosed with stage 1 disease tend to have better outcomes and longer survival compared to patients diagnosed with stage 4 disease."]
[]
[]
[]
[]
["2) North Cancer Alliance (NCA) - is defined as a grouping of the following NHS Boards: Grampian; Highland; Orkney; Shetland; Tayside; Western Isles.\n    South East of Scotland Cancer Network (SCAN) - is defined as a grouping of the following NHS Boards: Borders; Dumfries and Galloway; Fife; Lothian.\n    West of Scotland Cancer Network (WOSCAN) - is defined as a grouping of the following NHS Boards: Ayrshire and Arran; Forth Valley; Greater Glasgow and Clyde; Lanarkshire."]
[]
[]
[]
["3) The following ICD-10 (International Classification of Diseases, 10th Revision) codes have been used:\n    Breast: ICD-10 C50\n    Colorectal: ICD-10 C18-C20\n    Lung: ICD-10 C33-C34"]
[]
[]
[]
[]
["4) The NHS Board of residence is the residence of the patient at the date of diagnosis. On 1 April 2014 NHS Board boundaries were changed to align with those of local authorities with the purpose of helping closer working in the provision of care in the local community. There were various small changes across NHS Boards affecting only a very small number of patients. The most significant change resulted in the transfer of patients from NHS Greater Glasgow & Clyde to NHS Lanarkshire (http://news.scotland.gov.uk/News/Health-board-boundaries-d0.aspx). Patients diagnosed from 1 April 2014 onwards will be in the new 2014 NHS Board structure. Patients diagnosed before this date will be in the previous 2006 NHS Board structure. This should be taken into account when comparing figures between different time periods before and after the change such as the figures for the baseline (2010 & 2011 combined) and Year 5 (2015 & 2016 combined). This will not affect the Scotland figures and the effect on most NHS boards will be negligible. However, it will have a small effect on NHS Greater Glasgow & Clyde and NHS Lanarkshire figures."]

{"sheet":"Table 1","index":1,"n_rows":38,"n_cols":20,"rows_kept":38,"cut":false,"hidden":false,"merged":[[8,17,8,18],[8,0,9,0],[8,2,8,3],[8,5,8,6],[8,8,8,9],[8,11,8,12],[8,14,8,15]]}
["Detect Cancer Early - Trend Staging Data"]
[{"$f":"\"Table 1: Number and percentage of patients by stage at diagnosis for (\"&(VLOOKUP($T$2,Lookups!$A$30:$B$33,2,0))&\") - by NHS Board of residence for \"&(VLOOKUP($T$3,Lookups!$A$1:$B$9,2,0))&\" combined\"","v":"Table 1: Number and percentage of patients by stage at diagnosis for (Breast, Colorectal & Lung combined) - by NHS Board of residence for Year 8 2018-2019 combined"},null,null,null,null,null,null,null,null,null,null,null,null,null,null,null,null,null,null,4]
[null,null,null,null,null,null,null,null,null,null,null,null,null,null,null,null,null,null,null,9]
["Please select which years you require:",null,null,null,null,null,null,null,null,null,null,null,null,null,null,null,null,null,null,{"$f":"CONCATENATE(T2,T3)","v":"49"}]
[]
["Please select which cancer type you require : "]
[]
[]
["Area of Residence",null,"Stage 1",null,null,"Stage 2",null,null,"Stage 3",null,null,"Stage 4",null,null,"Stage Not Known",null,null,"Total"]
[null,null,"Number","%",null,"Number","%",null,"Number","%",null,"Number","%",null,"Number","%",null,"Number","%"]
[]
["NHS SCOTLAND",null,{"$f":"VLOOKUP(\"M\"&$T$4,'Data DCE'!$A$1:$M$649,2,FALSE)","v":6510},{"$f":"VLOOKUP(\"M\"&$T$4,'Data DCE'!$A$1:$M$649,3,FALSE)","v":25.617818353533799},null,{"$f":"VLOOKUP(\"M\"&$T$4,'Data DCE'!$A$1:$M$649,4,FALSE)","v":6470},{"$f":"VLOOKUP(\"M\"&$T$4,'Data DCE'!$A$1:$M$649,5,FALSE)","v":25.460412403588901},null,{"$f":"VLOOKUP(\"M\"&$T$4,'Data DCE'!$A$1:$M$649,6,FALSE)","v":4381},{"$f":"VLOOKUP(\"M\"&$T$4,'Data DCE'!$A$1:$M$649,7,FALSE)","v":17.239886667716},null,{"$f":"VLOOKUP(\"M\"&$T$4,'Data DCE'!$A$1:$M$649,8,FALSE)","v":6437},{"$f":"VLOOKUP(\"M\"&$T$4,'Data DCE'!$A$1:$M$649,9,FALSE)","v":25.330552494884301},null,{"$f":"VLOOKUP(\"M\"&$T$4,'Data DCE'!$A$1:$M$649,10,FALSE)","v":1614},{"$f":"VLOOKUP(\"M\"&$T$4,'Data DCE'!$A$1:$M$649,11,FALSE)","v":6.3513300802770303},null,{"$f":"VLOOKUP(\"M\"&$T$4,'Data DCE'!$A$1:$M$649,12,FALSE)","v":25412},{"$f":"VLOOKUP(\"M\"&$T$4,'Data DCE'!$A$1:$M$649,13,FALSE)","v":100}]
[]
["NCA",null,{"$f":"VLOOKUP(\"C\"&$T$4,'Data DCE'!$A$1:$M$649,2,FALSE)","v":1571},{"$f":"VLOOKUP(\"C\"&$T$4,'Data DCE'!$A$1:$M$649,3,FALSE)","v":24.783088815270499},null,{"$f":"VLOOKUP(\"C\"&$T$4,'Data DCE'!$A$1:$M$649,4,FALSE)","v":1650},{"$f":"VLOOKUP(\"C\"&$T$4,'Data DCE'!$A$1:$M$649,5,FALSE)","v":26.029342167534299},null,{"$f":"VLOOKUP(\"C\"&$T$4,'Data DCE'!$A$1:$M$649,6,FALSE)","v":1093},{"$f":"VLOOKUP(\"C\"&$T$4,'Data DCE'!$A$1:$M$649,7,FALSE)","v":17.242467266130301},null,{"$f":"VLOOKUP(\"C\"&$T$4,'Data DCE'!$A$1:$M$649,8,FALSE)","v":1552},{"$f":"VLOOKUP(\"C\"&$T$4,'Data DCE'!$A$1:$M$649,9,FALSE)","v":24.4833569963717},null,{"$f":"VLOOKUP(\"C\"&$T$4,'Data DCE'!$A$1:$M$649,10,FALSE)","v":473},{"$f":"VLOOKUP(\"C\"&$T$4,'Data DCE'!$A$1:$M$649,11,FALSE)","v":7.4617447546931697},null,{"$f":"VLOOKUP(\"C\"&$T$4,'Data DCE'!$A$1:$M$649,12,FALSE)","v":6339},{"$f":"VLOOKUP(\"C\"&$T$4,'Data DCE'!$A$1:$M$649,13,FALSE)","v":100}]
["NHS Grampian",null,{"$f":"VLOOKUP(\"N\"&$T$4,'Data DCE'!$A$1:$M$649,2,FALSE)","v":588},{"$f":"VLOOKUP(\"N\"&$T$4,'Data DCE'!$A$1:$M$649,3,FALSE)","v":22.977725674091399},null,{"$f":"VLOOKUP(\"N\"&$T$4,'Data DCE'!$A$1:$M$649,4,FALSE)","v":634},{"$f":"VLOOKUP(\"N\"&$T$4,'Data DCE'!$A$1:$M$649,5,FALSE)","v":24.775302852676798},null,{"$f":"VLOOKUP(\"N\"&$T$4,'Data DCE'!$A$1:$M$649,6,FALSE)","v":422},{"$f":"VLOOKUP(\"N\"&$T$4,'Data DCE'!$A$1:$M$649,7,FALSE)","v":16.490816725283299},null,{"$f":"VLOOKUP(\"N\"&$T$4,'Data DCE'!$A$1:$M$649,8,FALSE)","v":695},{"$f":"VLOOKUP(\"N\"&$T$4,'Data DCE'!$A$1:$M$649,9,FALSE)","v":27.1590465025401},null,{"$f":"VLOOKUP(\"N\"&$T$4,'Data DCE'!$A$1:$M$649,10,FALSE)","v":220},{"$f":"VLOOKUP(\"N\"&$T$4,'Data DCE'!$A$1:$M$649,11,FALSE)","v":8.5971082454083607},null,{"$f":"VLOOKUP(\"N\"&$T$4,'Data DCE'!$A$1:$M$649,12,FALSE)","v":2559},{"$f":"VLOOKUP(\"N\"&$T$4,'Data DCE'!$A$1:$M$649,13,FALSE)","v":100}]
["NHS Highland",null,{"$f":"VLOOKUP(\"H\"&$T$4,'Data DCE'!$A$1:$M$649,2,FALSE)","v":433},{"$f":"VLOOKUP(\"H\"&$T$4,'Data DCE'!$A$1:$M$649,3,FALSE)","v":27.7386290839206},null,{"$f":"VLOOKUP(\"H\"&$T$4,'Data DCE'!$A$1:$M$649,4,FALSE)","v":436},{"$f":"VLOOKUP(\"H\"&$T$4,'Data DCE'!$A$1:$M$649,5,FALSE)","v":27.9308135810378},null,{"$f":"VLOOKUP(\"H\"&$T$4,'Data DCE'!$A$1:$M$649,6,FALSE)","v":254},{"$f":"VLOOKUP(\"H\"&$T$4,'Data DCE'!$A$1:$M$649,7,FALSE)","v":16.271620755925699},null,{"$f":"VLOOKUP(\"H\"&$T$4,'Data DCE'!$A$1:$M$649,8,FALSE)","v":338},{"$f":"VLOOKUP(\"H\"&$T$4,'Data DCE'!$A$1:$M$649,9,FALSE)","v":21.652786675208201},null,{"$f":"VLOOKUP(\"H\"&$T$4,'Data DCE'!$A$1:$M$649,10,FALSE)","v":100},{"$f":"VLOOKUP(\"H\"&$T$4,'Data DCE'!$A$1:$M$649,11,FALSE)","v":6.4061499039077496},null,{"$f":"VLOOKUP(\"H\"&$T$4,'Data DCE'!$A$1:$M$649,12,FALSE)","v":1561},{"$f":"VLOOKUP(\"H\"&$T$4,'Data DCE'!$A$1:$M$649,13,FALSE)","v":100}]
["NHS Orkney",null,{"$f":"VLOOKUP(\"R\"&$T$4,'Data DCE'!$A$1:$M$649,2,FALSE)","v":28},{"$f":"VLOOKUP(\"R\"&$T$4,'Data DCE'!$A$1:$M$649,3,FALSE)","v":27.184466019417499},null,{"$f":"VLOOKUP(\"R\"&$T$4,'Data DCE'!$A$1:$M$649,4,FALSE)","v":34},{"$f":"VLOOKUP(\"R\"&$T$4,'Data DCE'!$A$1:$M$649,5,FALSE)","v":33.009708737864102},null,{"$f":"VLOOKUP(\"R\"&$T$4,'Data DCE'!$A$1:$M$649,6,FALSE)","v":12},{"$f":"VLOOKUP(\"R\"&$T$4,'Data DCE'!$A$1:$M$649,7,FALSE)","v":11.6504854368932},null,{"$f":"VLOOKUP(\"R\"&$T$4,'Data DCE'!$A$1:$M$649,8,FALSE)","v":21},{"$f":"VLOOKUP(\"R\"&$T$4,'Data DCE'!$A$1:$M$649,9,FALSE)","v":20.3883495145631},null,{"$f":"VLOOKUP(\"R\"&$T$4,'Data DCE'!$A$1:$M$649,10,FALSE)","v":8},{"$f":"VLOOKUP(\"R\"&$T$4,'Data DCE'!$A$1:$M$649,11,FALSE)","v":7.7669902912621396},null,{"$f":"VLOOKUP(\"R\"&$T$4,'Data DCE'!$A$1:$M$649,12,FALSE)","v":103},{"$f":"VLOOKUP(\"R\"&$T$4,'Data DCE'!$A$1:$M$649,13,FALSE)","v":100}]
["NHS Shetland",null,{"$f":"VLOOKUP(\"Z\"&$T$4,'Data DCE'!$A$1:$M$649,2,FALSE)","v":19},{"$f":"VLOOKUP(\"Z\"&$T$4,'Data DCE'!$A$1:$M$649,3,FALSE)","v":21.1111111111111},null,{"$f":"VLOOKUP(\"Z\"&$T$4,'Data DCE'!$A$1:$M$649,4,FALSE)","v":27},{"$f":"VLOOKUP(\"Z\"&$T$4,'Data DCE'!$A$1:$M$649,5,FALSE)","v":30},null,{"$f":"VLOOKUP(\"Z\"&$T$4,'Data DCE'!$A$1:$M$649,6,FALSE)","v":21},{"$f":"VLOOKUP(\"Z\"&$T$4,'Data DCE'!$A$1:$M$649,7,FALSE)","v":23.3333333333333},null,{"$f":"VLOOKUP(\"Z\"&$T$4,'Data DCE'!$A$1:$M$649,8,FALSE)","v":20},{"$f":"VLOOKUP(\"Z\"&$T$4,'Data DCE'!$A$1:$M$649,9,FALSE)","v":22.2222222222222},null,{"$f":"VLOOKUP(\"Z\"&$T$4,'Data DCE'!$A$1:$M$649,10,FALSE)","v":3},{"$f":"VLOOKUP(\"Z\"&$T$4,'Data DCE'!$A$1:$M$649,11,FALSE)","v":3.3333333333333299},null,{"$f":"VLOOKUP(\"Z\"&$T$4,'Data DCE'!$A$1:$M$649,12,FALSE)","v":90},{"$f":"VLOOKUP(\"Z\"&$T$4,'Data DCE'!$A$1:$M$649,13,FALSE)","v":100}]
["NHS Tayside",null,{"$f":"VLOOKUP(\"T\"&$T$4,'Data DCE'!$A$1:$M$649,2,FALSE)","v":475},{"$f":"VLOOKUP(\"T\"&$T$4,'Data DCE'!$A$1:$M$649,3,FALSE)","v":25.1057082452431},null,{"$f":"VLOOKUP(\"T\"&$T$4,'Data DCE'!$A$1:$M$649,4,FALSE)","v":488},{"$f":"VLOOKUP(\"T\"&$T$4,'Data DCE'!$A$1:$M$649,5,FALSE)","v":25.792811839323502},null,{"$f":"VLOOKUP(\"T\"&$T$4,'Data DCE'!$A$1:$M$649,6,FALSE)","v":362},{"$f":"VLOOKUP(\"T\"&$T$4,'Data DCE'!$A$1:$M$649,7,FALSE)","v":19.1331923890063},null,{"$f":"VLOOKUP(\"T\"&$T$4,'Data DCE'!$A$1:$M$649,8,FALSE)","v":439},{"$f":"VLOOKUP(\"T\"&$T$4,'Data DCE'!$A$1:$M$649,9,FALSE)","v":23.202959830866799},null,{"$f":"VLOOKUP(\"T\"&$T$4,'Data DCE'!$A$1:$M$649,10,FALSE)","v":128},{"$f":"VLOOKUP(\"T\"&$T$4,'Data DCE'!$A$1:$M$649,11,FALSE)","v":6.7653276955602504},null,{"$f":"VLOOKUP(\"T\"&$T$4,'Data DCE'!$A$1:$M$649,12,FALSE)","v":1892},{"$f":"VLOOKUP(\"T\"&$T$4,'Data DCE'!$A$1:$M$649,13,FALSE)","v":100}]
["NHS Western Isles",null,{"$f":"VLOOKUP(\"W\"&$T$4,'Data DCE'!$A$1:$M$649,2,FALSE)","v":28},{"$f":"VLOOKUP(\"W\"&$T$4,'Data DCE'!$A$1:$M$649,3,FALSE)","v":20.8955223880597},null,{"$f":"VLOOKUP(\"W\"&$T$4,'Data DCE'!$A$1:$M$649,4,FALSE)","v":31},{"$f":"VLOOKUP(\"W\"&$T$4,'Data DCE'!$A$1:$M$649,5,FALSE)","v":23.134328358209},null,{"$f":"VLOOKUP(\"W\"&$T$4,'Data DCE'!$A$1:$M$649,6,FALSE)","v":22},{"$f":"VLOOKUP(\"W\"&$T$4,'Data DCE'!$A$1:$M$649,7,FALSE)","v":16.417910447761201},null,{"$f":"VLOOKUP(\"W\"&$T$4,'Data DCE'!$A$1:$M$649,8,FALSE)","v":39},{"$f":"VLOOKUP(\"W\"&$T$4,'Data DCE'!$A$1:$M$649,9,FALSE)","v":29.1044776119403},null,{"$f":"VLOOKUP(\"W\"&$T$4,'Data DCE'!$A$1:$M$649,10,FALSE)","v":14},{"$f":"VLOOKUP(\"W\"&$T$4,'Data DCE'!$A$1:$M$649,11,FALSE)","v":10.4477611940299},null,{"$f":"VLOOKUP(\"W\"&$T$4,'Data DCE'!$A$1:$M$649,12,FALSE)","v":134},{"$f":"VLOOKUP(\"W\"&$T$4,'Data DCE'!$A$1:$M$649,13,FALSE)","v":100}]
[]
["SCAN",null,{"$f":"VLOOKUP(\"D\"&$T$4,'Data DCE'!$A$1:$M$649,2,FALSE)","v":1872},{"$f":"VLOOKUP(\"D\"&$T$4,'Data DCE'!$A$1:$M$649,3,FALSE)","v":26.662868537245402},null,{"$f":"VLOOKUP(\"D\"&$T$4,'Data DCE'!$A$1:$M$649,4,FALSE)","v":1799},{"$f":"VLOOKUP(\"D\"&$T$4,'Data DCE'!$A$1:$M$649,5,FALSE)","v":25.623130608175501},null,{"$f":"VLOOKUP(\"D\"&$T$4,'Data DCE'!$A$1:$M$649,6,FALSE)","v":1207},{"$f":"VLOOKUP(\"D\"&$T$4,'Data DCE'!$A$1:$M$649,7,FALSE)","v":17.191283292978198},null,{"$f":"VLOOKUP(\"D\"&$T$4,'Data DCE'!$A$1:$M$649,8,FALSE)","v":1769},{"$f":"VLOOKUP(\"D\"&$T$4,'Data DCE'!$A$1:$M$649,9,FALSE)","v":25.1958410482837},null,{"$f":"VLOOKUP(\"D\"&$T$4,'Data DCE'!$A$1:$M$649,10,FALSE)","v":374},{"$f":"VLOOKUP(\"D\"&$T$4,'Data DCE'!$A$1:$M$649,11,FALSE)","v":5.32687651331719},null,{"$f":"VLOOKUP(\"D\"&$T$4,'Data DCE'!$A$1:$M$649,12,FALSE)","v":7021},{"$f":"VLOOKUP(\"D\"&$T$4,'Data DCE'!$A$1:$M$649,13,FALSE)","v":100}]
["NHS Borders",null,{"$f":"VLOOKUP(\"B\"&$T$4,'Data DCE'!$A$1:$M$649,2,FALSE)","v":127},{"$f":"VLOOKUP(\"B\"&$T$4,'Data DCE'!$A$1:$M$649,3,FALSE)","v":23.049001814882001},null,{"$f":"VLOOKUP(\"B\"&$T$4,'Data DCE'!$A$1:$M$649,4,FALSE)","v":142},{"$f":"VLOOKUP(\"B\"&$T$4,'Data DCE'!$A$1:$M$649,5,FALSE)","v":25.771324863883901},null,{"$f":"VLOOKUP(\"B\"&$T$4,'Data DCE'!$A$1:$M$649,6,FALSE)","v":91},{"$f":"VLOOKUP(\"B\"&$T$4,'Data DCE'!$A$1:$M$649,7,FALSE)","v":16.515426497277701},null,{"$f":"VLOOKUP(\"B\"&$T$4,'Data DCE'!$A$1:$M$649,8,FALSE)","v":150},{"$f":"VLOOKUP(\"B\"&$T$4,'Data DCE'!$A$1:$M$649,9,FALSE)","v":27.2232304900181},null,{"$f":"VLOOKUP(\"B\"&$T$4,'Data DCE'!$A$1:$M$649,10,FALSE)","v":41},{"$f":"VLOOKUP(\"B\"&$T$4,'Data DCE'!$A$1:$M$649,11,FALSE)","v":7.4410163339382898},null,{"$f":"VLOOKUP(\"B\"&$T$4,'Data DCE'!$A$1:$M$649,12,FALSE)","v":551},{"$f":"VLOOKUP(\"B\"&$T$4,'Data DCE'!$A$1:$M$649,13,FALSE)","v":100}]
["NHS Dumfries & Galloway",null,{"$f":"VLOOKUP(\"Y\"&$T$4,'Data DCE'!$A$1:$M$649,2,FALSE)","v":203},{"$f":"VLOOKUP(\"Y\"&$T$4,'Data DCE'!$A$1:$M$649,3,FALSE)","v":30.434782608695699},null,{"$f":"VLOOKUP(\"Y\"&$T$4,'Data DCE'!$A$1:$M$649,4,FALSE)","v":135},{"$f":"VLOOKUP(\"Y\"&$T$4,'Data DCE'!$A$1:$M$649,5,FALSE)","v":20.239880059970002},null,{"$f":"VLOOKUP(\"Y\"&$T$4,'Data DCE'!$A$1:$M$649,6,FALSE)","v":103},{"$f":"VLOOKUP(\"Y\"&$T$4,'Data DCE'!$A$1:$M$649,7,FALSE)","v":15.442278860569701},null,{"$f":"VLOOKUP(\"Y\"&$T$4,'Data DCE'!$A$1:$M$649,8,FALSE)","v":188},{"$f":"VLOOKUP(\"Y\"&$T$4,'Data DCE'!$A$1:$M$649,9,FALSE)","v":28.1859070464768},null,{"$f":"VLOOKUP(\"Y\"&$T$4,'Data DCE'!$A$1:$M$649,10,FALSE)","v":38},{"$f":"VLOOKUP(\"Y\"&$T$4,'Data DCE'!$A$1:$M$649,11,FALSE)","v":5.6971514242878598},null,{"$f":"VLOOKUP(\"Y\"&$T$4,'Data DCE'!$A$1:$M$649,12,FALSE)","v":667},{"$f":"VLOOKUP(\"Y\"&$T$4,'Data DCE'!$A$1:$M$649,13,FALSE)","v":100}]
["NHS Fife",null,{"$f":"VLOOKUP(\"F\"&$T$4,'Data DCE'!$A$1:$M$649,2,FALSE)","v":514},{"$f":"VLOOKUP(\"F\"&$T$4,'Data DCE'!$A$1:$M$649,3,FALSE)","v":26.078132927447999},null,{"$f":"VLOOKUP(\"F\"&$T$4,'Data DCE'!$A$1:$M$649,4,FALSE)","v":508},{"$f":"VLOOKUP(\"F\"&$T$4,'Data DCE'!$A$1:$M$649,5,FALSE)","v":25.773718924403902},null,{"$f":"VLOOKUP(\"F\"&$T$4,'Data DCE'!$A$1:$M$649,6,FALSE)","v":334},{"$f":"VLOOKUP(\"F\"&$T$4,'Data DCE'!$A$1:$M$649,7,FALSE)","v":16.9457128361238},null,{"$f":"VLOOKUP(\"F\"&$T$4,'Data DCE'!$A$1:$M$649,8,FALSE)","v":539},{"$f":"VLOOKUP(\"F\"&$T$4,'Data DCE'!$A$1:$M$649,9,FALSE)","v":27.346524606798599},null,{"$f":"VLOOKUP(\"F\"&$T$4,'Data DCE'!$A$1:$M$649,10,FALSE)","v":76},{"$f":"VLOOKUP(\"F\"&$T$4,'Data DCE'!$A$1:$M$649,11,FALSE)","v":3.85591070522577},null,{"$f":"VLOOKUP(\"F\"&$T$4,'Data DCE'!$A$1:$M$649,12,FALSE)","v":1971},{"$f":"VLOOKUP(\"F\"&$T$4,'Data DCE'!$A$1:$M$649,13,FALSE)","v":100}]
["NHS Lothian",null,{"$f":"VLOOKUP(\"S\"&$T$4,'Data DCE'!$A$1:$M$649,2,FALSE)","v":1028},{"$f":"VLOOKUP(\"S\"&$T$4,'Data DCE'!$A$1:$M$649,3,FALSE)","v":26.826722338204601},null,{"$f":"VLOOKUP(\"S\"&$T$4,'Data DCE'!$A$1:$M$649,4,FALSE)","v":1014},{"$f":"VLOOKUP(\"S\"&$T$4,'Data DCE'!$A$1:$M$649,5,FALSE)","v":26.461377870563702},null,{"$f":"VLOOKUP(\"S\"&$T$4,'Data DCE'!$A$1:$M$649,6,FALSE)","v":679},{"$f":"VLOOKUP(\"S\"&$T$4,'Data DCE'!$A$1:$M$649,7,FALSE)","v":17.719206680584598},null,{"$f":"VLOOKUP(\"S\"&$T$4,'Data DCE'!$A$1:$M$649,8,FALSE)","v":892},{"$f":"VLOOKUP(\"S\"&$T$4,'Data DCE'!$A$1:$M$649,9,FALSE)","v":23.277661795407099},null,{"$f":"VLOOKUP(\"S\"&$T$4,'Data DCE'!$A$1:$M$649,10,FALSE)","v":219},{"$f":"VLOOKUP(\"S\"&$T$4,'Data DCE'!$A$1:$M$649,11,FALSE)","v":5.71503131524008},null,{"$f":"VLOOKUP(\"S\"&$T$4,'Data DCE'!$A$1:$M$649,12,FALSE)","v":3832},{"$f":"VLOOKUP(\"S\"&$T$4,'Data DCE'!$A$1:$M$649,13,FALSE)","v":100}]
[]
["WOSCAN",null,{"$f":"VLOOKUP(\"E\"&$T$4,'Data DCE'!$A$1:$M$649,2,FALSE)","v":3067},{"$f":"VLOOKUP(\"E\"&$T$4,'Data DCE'!$A$1:$M$649,3,FALSE)","v":25.4480584135413},null,{"$f":"VLOOKUP(\"E\"&$T$4,'Data DCE'!$A$1:$M$649,4,FALSE)","v":3021},{"$f":"VLOOKUP(\"E\"&$T$4,'Data DCE'!$A$1:$M$649,5,FALSE)","v":25.066379024228301},null,{"$f":"VLOOKUP(\"E\"&$T$4,'Data DCE'!$A$1:$M$649,6,FALSE)","v":2081},{"$f":"VLOOKUP(\"E\"&$T$4,'Data DCE'!$A$1:$M$649,7,FALSE)","v":17.266843677397901},null,{"$f":"VLOOKUP(\"E\"&$T$4,'Data DCE'!$A$1:$M$649,8,FALSE)","v":3116},{"$f":"VLOOKUP(\"E\"&$T$4,'Data DCE'!$A$1:$M$649,9,FALSE)","v":25.854629936939901},null,{"$f":"VLOOKUP(\"E\"&$T$4,'Data DCE'!$A$1:$M$649,10,FALSE)","v":767},{"$f":"VLOOKUP(\"E\"&$T$4,'Data DCE'!$A$1:$M$649,11,FALSE)","v":6.36408894789247},null,{"$f":"VLOOKUP(\"E\"&$T$4,'Data DCE'!$A$1:$M$649,12,FALSE)","v":12052},{"$f":"VLOOKUP(\"E\"&$T$4,'Data DCE'!$A$1:$M$649,13,FALSE)","v":100}]
["NHS Ayrshire & Arran",null,{"$f":"VLOOKUP(\"A\"&$T$4,'Data DCE'!$A$1:$M$649,2,FALSE)","v":371},{"$f":"VLOOKUP(\"A\"&$T$4,'Data DCE'!$A$1:$M$649,3,FALSE)","v":20.749440715883701},null,{"$f":"VLOOKUP(\"A\"&$T$4,'Data DCE'!$A$1:$M$649,4,FALSE)","v":418},{"$f":"VLOOKUP(\"A\"&$T$4,'Data DCE'!$A$1:$M$649,5,FALSE)","v":23.378076062639799},null,{"$f":"VLOOKUP(\"A\"&$T$4,'Data DCE'!$A$1:$M$649,6,FALSE)","v":295},{"$f":"VLOOKUP(\"A\"&$T$4,'Data DCE'!$A$1:$M$649,7,FALSE)","v":16.498881431767298},null,{"$f":"VLOOKUP(\"A\"&$T$4,'Data DCE'!$A$1:$M$649,8,FALSE)","v":492},{"$f":"VLOOKUP(\"A\"&$T$4,'Data DCE'!$A$1:$M$649,9,FALSE)","v":27.516778523489901},null,{"$f":"VLOOKUP(\"A\"&$T$4,'Data DCE'!$A$1:$M$649,10,FALSE)","v":212},{"$f":"VLOOKUP(\"A\"&$T$4,'Data DCE'!$A$1:$M$649,11,FALSE)","v":11.8568232662192},null,{"$f":"VLOOKUP(\"A\"&$T$4,'Data DCE'!$A$1:$M$649,12,FALSE)","v":1788},{"$f":"VLOOKUP(\"A\"&$T$4,'Data DCE'!$A$1:$M$649,13,FALSE)","v":100}]
["NHS Forth Valley",null,{"$f":"VLOOKUP(\"V\"&$T$4,'Data DCE'!$A$1:$M$649,2,FALSE)","v":338},{"$f":"VLOOKUP(\"V\"&$T$4,'Data DCE'!$A$1:$M$649,3,FALSE)","v":23.752635277582598},null,{"$f":"VLOOKUP(\"V\"&$T$4,'Data DCE'!$A$1:$M$649,4,FALSE)","v":317},{"$f":"VLOOKUP(\"V\"&$T$4,'Data DCE'!$A$1:$M$649,5,FALSE)","v":22.2768798313422},null,{"$f":"VLOOKUP(\"V\"&$T$4,'Data DCE'!$A$1:$M$649,6,FALSE)","v":239},{"$f":"VLOOKUP(\"V\"&$T$4,'Data DCE'!$A$1:$M$649,7,FALSE)","v":16.795502459592399},null,{"$f":"VLOOKUP(\"V\"&$T$4,'Data DCE'!$A$1:$M$649,8,FALSE)","v":371},{"$f":"VLOOKUP(\"V\"&$T$4,'Data DCE'!$A$1:$M$649,9,FALSE)","v":26.071679550245999},null,{"$f":"VLOOKUP(\"V\"&$T$4,'Data DCE'!$A$1:$M$649,10,FALSE)","v":158},{"$f":"VLOOKUP(\"V\"&$T$4,'Data DCE'!$A$1:$M$649,11,FALSE)","v":11.1033028812368},null,{"$f":"VLOOKUP(\"V\"&$T$4,'Data DCE'!$A$1:$M$649,12,FALSE)","v":1423},{"$f":"VLOOKUP(\"V\"&$T$4,'Data DCE'!$A$1:$M$649,13,FALSE)","v":100}]
["NHS Greater Glasgow & Clyde",null,{"$f":"VLOOKUP(\"G\"&$T$4,'Data DCE'!$A$1:$M$649,2,FALSE)","v":1563},{"$f":"VLOOKUP(\"G\"&$T$4,'Data DCE'!$A$1:$M$649,3,FALSE)","v":26.754536117767898},null,{"$f":"VLOOKUP(\"G\"&$T$4,'Data DCE'!$A$1:$M$649,4,FALSE)","v":1531},{"$f":"VLOOKUP(\"G\"&$T$4,'Data DCE'!$A$1:$M$649,5,FALSE)","v":26.206778500513501},null,{"$f":"VLOOKUP(\"G\"&$T$4,'Data DCE'!$A$1:$M$649,6,FALSE)","v":1063},{"$f":"VLOOKUP(\"G\"&$T$4,'Data DCE'!$A$1:$M$649,7,FALSE)","v":18.1958233481684},null,{"$f":"VLOOKUP(\"G\"&$T$4,'Data DCE'!$A$1:$M$649,8,FALSE)","v":1454},{"$f":"VLOOKUP(\"G\"&$T$4,'Data DCE'!$A$1:$M$649,9,FALSE)","v":24.888736733995199},null,{"$f":"VLOOKUP(\"G\"&$T$4,'Data DCE'!$A$1:$M$649,10,FALSE)","v":231},{"$f":"VLOOKUP(\"G\"&$T$4,'Data DCE'!$A$1:$M$649,11,FALSE)","v":3.9541252995549501},null,{"$f":"VLOOKUP(\"G\"&$T$4,'Data DCE'!$A$1:$M$649,12,FALSE)","v":5842},{"$f":"VLOOKUP(\"G\"&$T$4,'Data DCE'!$A$1:$M$649,13,FALSE)","v":100}]
["NHS Lanarkshire",null,{"$f":"VLOOKUP(\"L\"&$T$4,'Data DCE'!$A$1:$M$649,2,FALSE)","v":795},{"$f":"VLOOKUP(\"L\"&$T$4,'Data DCE'!$A$1:$M$649,3,FALSE)","v":26.508836278759599},null,{"$f":"VLOOKUP(\"L\"&$T$4,'Data DCE'!$A$1:$M$649,4,FALSE)","v":755},{"$f":"VLOOKUP(\"L\"&$T$4,'Data DCE'!$A$1:$M$649,5,FALSE)","v":25.175058352784301},null,{"$f":"VLOOKUP(\"L\"&$T$4,'Data DCE'!$A$1:$M$649,6,FALSE)","v":484},{"$f":"VLOOKUP(\"L\"&$T$4,'Data DCE'!$A$1:$M$649,7,FALSE)","v":16.1387129043014},null,{"$f":"VLOOKUP(\"L\"&$T$4,'Data DCE'!$A$1:$M$649,8,FALSE)","v":799},{"$f":"VLOOKUP(\"L\"&$T$4,'Data DCE'!$A$1:$M$649,9,FALSE)","v":26.642214071357099},null,{"$f":"VLOOKUP(\"L\"&$T$4,'Data DCE'!$A$1:$M$649,10,FALSE)","v":166},{"$f":"VLOOKUP(\"L\"&$T$4,'Data DCE'!$A$1:$M$649,11,FALSE)","v":5.5351783927975999},null,{"$f":"VLOOKUP(\"L\"&$T$4,'Data DCE'!$A$1:$M$649,12,FALSE)","v":2999},{"$f":"VLOOKUP(\"L\"&$T$4,'Data DCE'!$A$1:$M$649,13,FALSE)","v":100}]
[]
["Source: PHS Detect Cancer Early data."]
[]
["Notes:"]
["1) Patients diagnosed from 01 January 2010 - 31 December 2019 as at October 2020."]
["2) There has been an increase in NHS Grampian unknown stage for lung cancer for 2017. This is due to them moving to using the updated staging classification TNM8 a year early. "]

{"sheet":"Fig 1","index":2,"n_rows":52,"n_cols":18,"rows_kept":52,"cut":false,"hidden":false,"merged":[[48,0,48,18]]}
["Detect Cancer Early - Trend Staging Data",null,null,null,null,null,null,null,null,null,null,null,null,null,null,null,null,"back to contents"]
[]
[{"$f":"\"Figure 1: Stage distribution for (\"&(VLOOKUP('Table 1'!T2,Lookups!$A$30:$B$33,2,0))&\") - by NHS Board of residence for \"&(VLOOKUP('Table 1'!T3,Lookups!$A$1:$B$9,2,0))&\" combined\"","v":"Figure 1: Stage distribution for (Breast, Colorectal & Lung combined) - by NHS Board of residence for Year 8 2018-2019 combined"}]
[]
[]
[]
[]
[]
[]
[]
[]
[]
[]
[]
[]
[]
[]
[]
[]
[]
[]
[]
[]
[]
[]
[]
[]
[]
[]
[]
[]
[]
[]
[]
[]
[]
[]
[]
[]
[]
[]
[]
[]
[]
[]
[]
[]
["Source: PHS Detect Cancer Early data."]
[]
["Notes:"]
["1) Patients diagnosed from 01 January 2010 - 31 December 2019 as at October 2020."]
["2) There has been an increase in NHS Grampian unknown stage for lung cancer for 2017. This is due to them moving to using the updated staging classification TNM8 a year early. "]

{"sheet":"Fig 2","index":3,"n_rows":52,"n_cols":18,"rows_kept":52,"cut":false,"hidden":false,"merged":[[2,0,3,18],[48,0,48,18]]}
[{"$f":"\"Detect Cancer Early - Year 8 Staging Data\"","v":"Detect Cancer Early - Year 8 Staging Data"},null,null,null,null,null,null,null,null,null,null,null,null,null,null,null,null,"back to contents"]
[]
[{"$f":"\"Figure 2: Trend in percentage of patients diagnosed at each stage for breast, colorectal and lung cancer in Scotland.\"","v":"Figure 2: Trend in percentage of patients diagnosed at each stage for breast, colorectal and lung cancer in Scotland."}]
[]
[]
[]
[]
[]
[]
[]
[]
[]
[]
[]
[]
[]
[]
[]
[]
[]
[]
[]
[]
[]
[]
[]
[]
[]
[]
[]
[]
[]
[]
[]
[]
[]
[]
[]
[]
[]
[]
[]
[]
[]
[]
[]
[]
["Source: PHS Detect Cancer Early data."]
[]
["Notes:"]
["1) Data for combined calendar years: Baseline (2010 & 2011); Year 1 (2011 & 2012); Year 2 (2012 & 2013); Year 3 (2013 & 2014); Year 4 (2014 & 2015); Year 5 (2015 & 2016); Year 6 (2016 & 2017); & Year 7 (2017 & 2018) & Year 8 (2018 & 2019)"]
["2) There has been an increase in NHS Grampian unknown stage for lung cancer for 2017. This is due to them moving to using the updated staging classification TNM8 a year early. "]

{"sheet":"Table 2","index":4,"n_rows":38,"n_cols":36,"rows_kept":38,"cut":false,"hidden":false,"merged":[[6,33,6,35],[36,0,36,27],[1,0,1,18],[6,29,6,31],[37,0,38,18],[6,25,6,27],[6,21,6,23],[6,0,7,0],[6,2,6,3],[6,5,6,7],[6,9,6,11],[6,13,6,15],[6,17,6,19]]}
["Detect Cancer Early - Trend Staging Data"]
[{"$f":"\"Table 2: Number and percentage of patients by combined year for (\"&(VLOOKUP($T$2,Lookups!$A$30:$B$33,2,0))&\") - by NHS Board of residence for \"&(VLOOKUP($T$3,Lookups!$A$35:$B$39,2,0))","v":"Table 2: Number and percentage of patients by combined year for (Breast, Colorectal & Lung combined) - by NHS Board of residence for Stage 1"},null,null,null,null,null,null,null,null,null,null,null,null,null,null,null,null,null,null,4]
[null,null,null,null,null,null,null,null,null,null,null,null,null,null,null,null,null,null,null,1]
["Please select which cancer type you require : ",null,null,null,null,null,null,null,null,null,null,null,null,null,null,null,null,null,null,{"$f":"CONCATENATE(T2,T3)","v":"41"}]
[]
[]
["Area of Residence",null,"Baseline 2010 - 2011",null,null,"Year 1 2011 - 2012",null,null,null,"Year 2 2012 - 2013",null,null,null,"Year 3 2013 - 2014",null,null,null,"Year 4 2014 - 2015",null,null,null,"Year 5 2015 - 2016",null,null,null,"Year 6 2016 - 2017",null,null,null,"Year 7 2017 - 2018",null,null,null,"Year 8 2018 - 2019"]
[null,null,"Number","%",null,"Number","%","% Change",null,"Number","%","% Change",null,"Number","%","% Change",null,"Number","%","% Change",null,"Number","%","% Change",null,"Number","%","% Change",null,"Number","%","% Change",null,"Number","%","% Change"]
[]
["NHS SCOTLAND",null,{"$f":"VLOOKUP(\"M\"&$T$4,'Data DCE2'!$A$1:$S$433,2,FALSE)","v":5581},{"$f":"VLOOKUP(\"M\"&$T$4,'Data DCE2'!$A$1:$S$433,3,FALSE)","v":23.3231643612353},null,{"$f":"VLOOKUP(\"M\"&$T$4,'Data DCE2'!$A$1:$S$433,4,FALSE)","v":5946},{"$f":"VLOOKUP(\"M\"&$T$4,'Data DCE2'!$A$1:$S$433,5,FALSE)","v":24.159928487261801},{"$f":"(G10-$D10)/$D10*100","v":3.5876955333610785},null,{"$f":"VLOOKUP(\"M\"&$T$4,'Data DCE2'!$A$1:$S$433,6,FALSE)","v":6074},{"$f":"VLOOKUP(\"M\"&$T$4,'Data DCE2'!$A$1:$S$433,7,FALSE)","v":24.564241517369702},{"$f":"(K10-$D10)/$D10*100","v":5.3212211555527924},null,{"$f":"VLOOKUP(\"M\"&$T$4,'Data DCE2'!$A$1:$S$433,8,FALSE)","v":6198},{"$f":"VLOOKUP(\"M\"&$T$4,'Data DCE2'!$A$1:$S$433,9,FALSE)","v":24.9547046744776},{"$f":"(O10-$D10)/$D10*100","v":6.9953642995117455},null,{"$f":"VLOOKUP(\"M\"&$T$4,'Data DCE2'!$A$1:$S$433,10,FALSE)","v":6272},{"$f":"VLOOKUP(\"M\"&$T$4,'Data DCE2'!$A$1:$S$433,11,FALSE)","v":25.2597664115989},{"$f":"(S10-$D10)/$D10*100","v":8.3033417780237642},null,{"$f":"VLOOKUP(\"M\"&$T$4,'Data DCE2'!$A$1:$S$433,12,FALSE)","v":6207},{"$f":"VLOOKUP(\"M\"&$T$4,'Data DCE2'!$A$1:$S$433,13,FALSE)","v":25.4447815036484},{"$f":"(W10-$D10)/$D10*100","v":9.0966093174705485},null,{"$f":"VLOOKUP(\"M\"&$T$4,'Data DCE2'!$A$1:$S$433,14,FALSE)","v":6155},{"$f":"VLOOKUP(\"M\"&$T$4,'Data DCE2'!$A$1:$S$433,15,FALSE)","v":25.2657936866303},{"$f":"(AA10-$D10)/$D10*100","v":8.3291842192039063},null,{"$f":"VLOOKUP(\"M\"&$T$4,'Data DCE2'!$A$1:$S$433,16,FALSE)","v":6336},{"$f":"VLOOKUP(\"M\"&$T$4,'Data DCE2'!$A$1:$S$433,17,FALSE)","v":25.510327334219099},{"$f":"(AE10-$D10)/$D10*100","v":9.3776424978551116},null,{"$f":"VLOOKUP(\"M\"&$T$4,'Data DCE2'!$A$1:$S$433,18,FALSE)","v":6510},{"$f":"VLOOKUP(\"M\"&$T$4,'Data DCE2'!$A$1:$S$433,19,FALSE)","v":25.617818353533799},{"$f":"(AI10-$D10)/$D10*100","v":9.8385191509963885}]
[]
["NCA",null,{"$f":"VLOOKUP(\"C\"&$T$4,'Data DCE2'!$A$1:$S$433,2,FALSE)","v":1328},{"$f":"VLOOKUP(\"C\"&$T$4,'Data DCE2'!$A$1:$S$433,3,FALSE)","v":22.650520211495799},null,{"$f":"VLOOKUP(\"C\"&$T$4,'Data DCE2'!$A$1:$S$433,4,FALSE)","v":1344},{"$f":"VLOOKUP(\"C\"&$T$4,'Data DCE2'!$A$1:$S$433,5,FALSE)","v":22.826086956521699},{"$f":"(G12-$D12)/$D12*100","v":0.77511131482443907},null,{"$f":"VLOOKUP(\"C\"&$T$4,'Data DCE2'!$A$1:$S$433,6,FALSE)","v":1399},{"$f":"VLOOKUP(\"C\"&$T$4,'Data DCE2'!$A$1:$S$433,7,FALSE)","v":23.4495474354677},{"$f":"(K12-$D12)/$D12*100","v":3.5276329925807688},null,{"$f":"VLOOKUP(\"C\"&$T$4,'Data DCE2'!$A$1:$S$433,8,FALSE)","v":1393},{"$f":"VLOOKUP(\"C\"&$T$4,'Data DCE2'!$A$1:$S$433,9,FALSE)","v":23.431455004205201},{"$f":"(O12-$D12)/$D12*100","v":3.4477565434150836},null,{"$f":"VLOOKUP(\"C\"&$T$4,'Data DCE2'!$A$1:$S$433,10,FALSE)","v":1389},{"$f":"VLOOKUP(\"C\"&$T$4,'Data DCE2'!$A$1:$S$433,11,FALSE)","v":22.9018961253092},{"$f":"(S12-$D12)/$D12*100","v":1.1098019447951606},null,{"$f":"VLOOKUP(\"C\"&$T$4,'Data DCE2'!$A$1:$S$433,12,FALSE)","v":1478},{"$f":"VLOOKUP(\"C\"&$T$4,'Data DCE2'!$A$1:$S$433,13,FALSE)","v":23.6177692553531},{"$f":"(W12-$D12)/$D12*100","v":4.270317126607952},null,{"$f":"VLOOKUP(\"C\"&$T$4,'Data DCE2'!$A$1:$S$433,14,FALSE)","v":1460},{"$f":"VLOOKUP(\"C\"&$T$4,'Data DCE2'!$A$1:$S$433,15,FALSE)","v":23.6859182349124},{"$f":"(AA12-$D12)/$D12*100","v":4.5711887133219404},null,{"$f":"VLOOKUP(\"C\"&$T$4,'Data DCE2'!$A$1:$S$433,16,FALSE)","v":1504},{"$f":"VLOOKUP(\"C\"&$T$4,'Data DCE2'!$A$1:$S$433,17,FALSE)","v":24.1373776279891},{"$f":"(AE12-$D12)/$D12*100","v":6.5643411392321021},null,{"$f":"VLOOKUP(\"C\"&$T$4,'Data DCE2'!$A$1:$S$433,18,FALSE)","v":1571},{"$f":"VLOOKUP(\"C\"&$T$4,'Data DCE2'!$A$1:$S$433,19,FALSE)","v":24.783088815270499},{"$f":"(AI12-$D12)/$D12*100","v":9.4150976836830438}]
["NHS Grampian",null,{"$f":"VLOOKUP(\"N\"&$T$4,'Data DCE2'!$A$1:$S$433,2,FALSE)","v":468},{"$f":"VLOOKUP(\"N\"&$T$4,'Data DCE2'!$A$1:$S$433,3,FALSE)","v":21.636615811373101},null,{"$f":"VLOOKUP(\"N\"&$T$4,'Data DCE2'!$A$1:$S$433,4,FALSE)","v":494},{"$f":"VLOOKUP(\"N\"&$T$4,'Data DCE2'!$A$1:$S$433,5,FALSE)","v":22.6086956521739},4.492753623188305,null,{"$f":"VLOOKUP(\"N\"&$T$4,'Data DCE2'!$A$1:$S$433,6,FALSE)","v":513},{"$f":"VLOOKUP(\"N\"&$T$4,'Data DCE2'!$A$1:$S$433,7,FALSE)","v":23.794063079777398},9.9712787212788321,null,{"$f":"VLOOKUP(\"N\"&$T$4,'Data DCE2'!$A$1:$S$433,8,FALSE)","v":503},{"$f":"VLOOKUP(\"N\"&$T$4,'Data DCE2'!$A$1:$S$433,9,FALSE)","v":22.708803611738102},4.9554320773279814,null,{"$f":"VLOOKUP(\"N\"&$T$4,'Data DCE2'!$A$1:$S$433,10,FALSE)","v":514},{"$f":"VLOOKUP(\"N\"&$T$4,'Data DCE2'!$A$1:$S$433,11,FALSE)","v":22.5142356548401},4.0561788919211912,null,{"$f":"VLOOKUP(\"N\"&$T$4,'Data DCE2'!$A$1:$S$433,12,FALSE)","v":533},{"$f":"VLOOKUP(\"N\"&$T$4,'Data DCE2'!$A$1:$S$433,13,FALSE)","v":23.063608827347501},6.5952690033175774,null,{"$f":"VLOOKUP(\"N\"&$T$4,'Data DCE2'!$A$1:$S$433,14,FALSE)","v":536},{"$f":"VLOOKUP(\"N\"&$T$4,'Data DCE2'!$A$1:$S$433,15,FALSE)","v":22.5589225589226},4.2627125960460779,null,{"$f":"VLOOKUP(\"N\"&$T$4,'Data DCE2'!$A$1:$S$433,16,FALSE)","v":552},{"$f":"VLOOKUP(\"N\"&$T$4,'Data DCE2'!$A$1:$S$433,17,FALSE)","v":22.439024390243901},{"$f":"(AE13-$D13)/$D13*100","v":3.7085678549092727},null,{"$f":"VLOOKUP(\"N\"&$T$4,'Data DCE2'!$A$1:$S$433,18,FALSE)","v":588},{"$f":"VLOOKUP(\"N\"&$T$4,'Data DCE2'!$A$1:$S$433,19,FALSE)","v":22.977725674091399},{"$f":"(AI13-$D13)/$D13*100","v":6.1983346860249515}]
["NHS Highland",null,{"$f":"VLOOKUP(\"H\"&$T$4,'Data DCE2'!$A$1:$S$433,2,FALSE)","v":375},{"$f":"VLOOKUP(\"H\"&$T$4,'Data DCE2'!$A$1:$S$433,3,FALSE)","v":25.6322624743677},null,{"$f":"VLOOKUP(\"H\"&$T$4,'Data DCE2'!$A$1:$S$433,4,FALSE)","v":346},{"$f":"VLOOKUP(\"H\"&$T$4,'Data DCE2'!$A$1:$S$433,5,FALSE)","v":22.838283828382799},-10.90024202420244,null,{"$f":"VLOOKUP(\"H\"&$T$4,'Data DCE2'!$A$1:$S$433,6,FALSE)","v":406},{"$f":"VLOOKUP(\"H\"&$T$4,'Data DCE2'!$A$1:$S$433,7,FALSE)","v":24.938574938574899},-2.7063063063063182,null,{"$f":"VLOOKUP(\"H\"&$T$4,'Data DCE2'!$A$1:$S$433,8,FALSE)","v":349},{"$f":"VLOOKUP(\"H\"&$T$4,'Data DCE2'!$A$1:$S$433,9,FALSE)","v":23.904109589041099},-6.7421004566208556,null,{"$f":"VLOOKUP(\"H\"&$T$4,'Data DCE2'!$A$1:$S$433,10,FALSE)","v":344},{"$f":"VLOOKUP(\"H\"&$T$4,'Data DCE2'!$A$1:$S$433,11,FALSE)","v":22.8875582168995},-10.708006209802621,null,{"$f":"VLOOKUP(\"H\"&$T$4,'Data DCE2'!$A$1:$S$433,12,FALSE)","v":404},{"$f":"VLOOKUP(\"H\"&$T$4,'Data DCE2'!$A$1:$S$433,13,FALSE)","v":24.8004910988336},-3.2450173930837054,null,{"$f":"VLOOKUP(\"H\"&$T$4,'Data DCE2'!$A$1:$S$433,14,FALSE)","v":354},{"$f":"VLOOKUP(\"H\"&$T$4,'Data DCE2'!$A$1:$S$433,15,FALSE)","v":23.7106496985934},-7.4968519758874779,null,{"$f":"VLOOKUP(\"H\"&$T$4,'Data DCE2'!$A$1:$S$433,16,FALSE)","v":384},{"$f":"VLOOKUP(\"H\"&$T$4,'Data DCE2'!$A$1:$S$433,17,FALSE)","v":24.983734547820401},-2.5301236174365327,null,{"$f":"VLOOKUP(\"H\"&$T$4,'Data DCE2'!$A$1:$S$433,18,FALSE)","v":433},{"$f":"VLOOKUP(\"H\"&$T$4,'Data DCE2'!$A$1:$S$433,19,FALSE)","v":27.7386290839206},8.2176382660690592]
["NHS Orkney",null,{"$f":"VLOOKUP(\"R\"&$T$4,'Data DCE2'!$A$1:$S$433,2,FALSE)","v":13},{"$f":"VLOOKUP(\"R\"&$T$4,'Data DCE2'!$A$1:$S$433,3,FALSE)","v":19.696969696969699},null,{"$f":"VLOOKUP(\"R\"&$T$4,'Data DCE2'!$A$1:$S$433,4,FALSE)","v":26},{"$f":"VLOOKUP(\"R\"&$T$4,'Data DCE2'!$A$1:$S$433,5,FALSE)","v":28.260869565217401},43.478260869565254,null,{"$f":"VLOOKUP(\"R\"&$T$4,'Data DCE2'!$A$1:$S$433,6,FALSE)","v":23},{"$f":"VLOOKUP(\"R\"&$T$4,'Data DCE2'!$A$1:$S$433,7,FALSE)","v":27.380952380952401},39.0109890109891,null,{"$f":"VLOOKUP(\"R\"&$T$4,'Data DCE2'!$A$1:$S$433,8,FALSE)","v":12},{"$f":"VLOOKUP(\"R\"&$T$4,'Data DCE2'!$A$1:$S$433,9,FALSE)","v":20.338983050847499},3.2594524119949861,null,{"$f":"VLOOKUP(\"R\"&$T$4,'Data DCE2'!$A$1:$S$433,10,FALSE)","v":25},{"$f":"VLOOKUP(\"R\"&$T$4,'Data DCE2'!$A$1:$S$433,11,FALSE)","v":27.173913043478301},37.959866220735975,null,{"$f":"VLOOKUP(\"R\"&$T$4,'Data DCE2'!$A$1:$S$433,12,FALSE)","v":22},{"$f":"VLOOKUP(\"R\"&$T$4,'Data DCE2'!$A$1:$S$433,13,FALSE)","v":22.4489795918367},13.971742543170929,null,{"$f":"VLOOKUP(\"R\"&$T$4,'Data DCE2'!$A$1:$S$433,14,FALSE)","v":9},{"$f":"VLOOKUP(\"R\"&$T$4,'Data DCE2'!$A$1:$S$433,15,FALSE)","v":14.0625},-28.605769230769241,null,{"$f":"VLOOKUP(\"R\"&$T$4,'Data DCE2'!$A$1:$S$433,16,FALSE)","v":26},{"$f":"VLOOKUP(\"R\"&$T$4,'Data DCE2'!$A$1:$S$433,17,FALSE)","v":28.8888888888889},46.666666666666707,null,{"$f":"VLOOKUP(\"R\"&$T$4,'Data DCE2'!$A$1:$S$433,18,FALSE)","v":28},{"$f":"VLOOKUP(\"R\"&$T$4,'Data DCE2'!$A$1:$S$433,19,FALSE)","v":27.184466019417499},38.013442867811904]
["NHS Shetland",null,{"$f":"VLOOKUP(\"Z\"&$T$4,'Data DCE2'!$A$1:$S$433,2,FALSE)","v":22},{"$f":"VLOOKUP(\"Z\"&$T$4,'Data DCE2'!$A$1:$S$433,3,FALSE)","v":19.2982456140351},null,{"$f":"VLOOKUP(\"Z\"&$T$4,'Data DCE2'!$A$1:$S$433,4,FALSE)","v":17},{"$f":"VLOOKUP(\"Z\"&$T$4,'Data DCE2'!$A$1:$S$433,5,FALSE)","v":15.5963302752294},-19.182652210174979,null,{"$f":"VLOOKUP(\"Z\"&$T$4,'Data DCE2'!$A$1:$S$433,6,FALSE)","v":21},{"$f":"VLOOKUP(\"Z\"&$T$4,'Data DCE2'!$A$1:$S$433,7,FALSE)","v":17.213114754098399},-10.80476900149017,null,{"$f":"VLOOKUP(\"Z\"&$T$4,'Data DCE2'!$A$1:$S$433,8,FALSE)","v":23},{"$f":"VLOOKUP(\"Z\"&$T$4,'Data DCE2'!$A$1:$S$433,9,FALSE)","v":19.1666666666667},-0.68181818181807186,null,{"$f":"VLOOKUP(\"Z\"&$T$4,'Data DCE2'!$A$1:$S$433,10,FALSE)","v":15},{"$f":"VLOOKUP(\"Z\"&$T$4,'Data DCE2'!$A$1:$S$433,11,FALSE)","v":16.8539325842697},-12.665985699693429,null,{"$f":"VLOOKUP(\"Z\"&$T$4,'Data DCE2'!$A$1:$S$433,12,FALSE)","v":32},{"$f":"VLOOKUP(\"Z\"&$T$4,'Data DCE2'!$A$1:$S$433,13,FALSE)","v":27.350427350427399},41.724941724941885,null,{"$f":"VLOOKUP(\"Z\"&$T$4,'Data DCE2'!$A$1:$S$433,14,FALSE)","v":33},{"$f":"VLOOKUP(\"Z\"&$T$4,'Data DCE2'!$A$1:$S$433,15,FALSE)","v":28.947368421052602},49.999999999999751,null,{"$f":"VLOOKUP(\"Z\"&$T$4,'Data DCE2'!$A$1:$S$433,16,FALSE)","v":13},{"$f":"VLOOKUP(\"Z\"&$T$4,'Data DCE2'!$A$1:$S$433,17,FALSE)","v":16.6666666666667},-13.636363636363519,null,{"$f":"VLOOKUP(\"Z\"&$T$4,'Data DCE2'!$A$1:$S$433,18,FALSE)","v":19},{"$f":"VLOOKUP(\"Z\"&$T$4,'Data DCE2'!$A$1:$S$433,19,FALSE)","v":21.1111111111111},9.3939393939392684]
["NHS Tayside",null,{"$f":"VLOOKUP(\"T\"&$T$4,'Data DCE2'!$A$1:$S$433,2,FALSE)","v":404},{"$f":"VLOOKUP(\"T\"&$T$4,'Data DCE2'!$A$1:$S$433,3,FALSE)","v":21.285563751317198},null,{"$f":"VLOOKUP(\"T\"&$T$4,'Data DCE2'!$A$1:$S$433,4,FALSE)","v":410},{"$f":"VLOOKUP(\"T\"&$T$4,'Data DCE2'!$A$1:$S$433,5,FALSE)","v":22.3311546840959},4.9122069069652792,null,{"$f":"VLOOKUP(\"T\"&$T$4,'Data DCE2'!$A$1:$S$433,6,FALSE)","v":404},{"$f":"VLOOKUP(\"T\"&$T$4,'Data DCE2'!$A$1:$S$433,7,FALSE)","v":21.897018970189698},2.8726287262871382,null,{"$f":"VLOOKUP(\"T\"&$T$4,'Data DCE2'!$A$1:$S$433,8,FALSE)","v":465},{"$f":"VLOOKUP(\"T\"&$T$4,'Data DCE2'!$A$1:$S$433,9,FALSE)","v":23.895169578622799},12.259979852044614,null,{"$f":"VLOOKUP(\"T\"&$T$4,'Data DCE2'!$A$1:$S$433,10,FALSE)","v":456},{"$f":"VLOOKUP(\"T\"&$T$4,'Data DCE2'!$A$1:$S$433,11,FALSE)","v":23.289070480081701},9.4125142851361936,null,{"$f":"VLOOKUP(\"T\"&$T$4,'Data DCE2'!$A$1:$S$433,12,FALSE)","v":469},{"$f":"VLOOKUP(\"T\"&$T$4,'Data DCE2'!$A$1:$S$433,13,FALSE)","v":23.615307150050398},10.94518062078121,null,{"$f":"VLOOKUP(\"T\"&$T$4,'Data DCE2'!$A$1:$S$433,14,FALSE)","v":499},{"$f":"VLOOKUP(\"T\"&$T$4,'Data DCE2'!$A$1:$S$433,15,FALSE)","v":25.202020202020201},18.399589958995769,null,{"$f":"VLOOKUP(\"T\"&$T$4,'Data DCE2'!$A$1:$S$433,16,FALSE)","v":497},{"$f":"VLOOKUP(\"T\"&$T$4,'Data DCE2'!$A$1:$S$433,17,FALSE)","v":25.831600831600799},21.357372223708577,null,{"$f":"VLOOKUP(\"T\"&$T$4,'Data DCE2'!$A$1:$S$433,18,FALSE)","v":475},{"$f":"VLOOKUP(\"T\"&$T$4,'Data DCE2'!$A$1:$S$433,19,FALSE)","v":25.1057082452431},17.947114478889489]
["NHS Western Isles",null,{"$f":"VLOOKUP(\"W\"&$T$4,'Data DCE2'!$A$1:$S$433,2,FALSE)","v":46},{"$f":"VLOOKUP(\"W\"&$T$4,'Data DCE2'!$A$1:$S$433,3,FALSE)","v":28.930817610062899},null,{"$f":"VLOOKUP(\"W\"&$T$4,'Data DCE2'!$A$1:$S$433,4,FALSE)","v":51},{"$f":"VLOOKUP(\"W\"&$T$4,'Data DCE2'!$A$1:$S$433,5,FALSE)","v":33.774834437086099},16.743449467319319,null,{"$f":"VLOOKUP(\"W\"&$T$4,'Data DCE2'!$A$1:$S$433,6,FALSE)","v":32},{"$f":"VLOOKUP(\"W\"&$T$4,'Data DCE2'!$A$1:$S$433,7,FALSE)","v":24.4274809160305},-15.565881181546768,null,{"$f":"VLOOKUP(\"W\"&$T$4,'Data DCE2'!$A$1:$S$433,8,FALSE)","v":41},{"$f":"VLOOKUP(\"W\"&$T$4,'Data DCE2'!$A$1:$S$433,9,FALSE)","v":28.275862068965498},-2.2638680659671024,null,{"$f":"VLOOKUP(\"W\"&$T$4,'Data DCE2'!$A$1:$S$433,10,FALSE)","v":35},{"$f":"VLOOKUP(\"W\"&$T$4,'Data DCE2'!$A$1:$S$433,11,FALSE)","v":25},-13.586956521739149,null,{"$f":"VLOOKUP(\"W\"&$T$4,'Data DCE2'!$A$1:$S$433,12,FALSE)","v":18},{"$f":"VLOOKUP(\"W\"&$T$4,'Data DCE2'!$A$1:$S$433,13,FALSE)","v":15.384615384615399},-46.822742474916353,null,{"$f":"VLOOKUP(\"W\"&$T$4,'Data DCE2'!$A$1:$S$433,14,FALSE)","v":29},{"$f":"VLOOKUP(\"W\"&$T$4,'Data DCE2'!$A$1:$S$433,15,FALSE)","v":21.167883211678799},-26.832751507458081,null,{"$f":"VLOOKUP(\"W\"&$T$4,'Data DCE2'!$A$1:$S$433,16,FALSE)","v":32},{"$f":"VLOOKUP(\"W\"&$T$4,'Data DCE2'!$A$1:$S$433,17,FALSE)","v":22.5352112676056},-22.106552357624139,null,{"$f":"VLOOKUP(\"W\"&$T$4,'Data DCE2'!$A$1:$S$433,18,FALSE)","v":28},{"$f":"VLOOKUP(\"W\"&$T$4,'Data DCE2'!$A$1:$S$433,19,FALSE)","v":20.8955223880597},-27.774172615184966]
[]
["SCAN",null,{"$f":"VLOOKUP(\"D\"&$T$4,'Data DCE2'!$A$1:$S$433,2,FALSE)","v":1557},{"$f":"VLOOKUP(\"D\"&$T$4,'Data DCE2'!$A$1:$S$433,3,FALSE)","v":23.590909090909101},null,{"$f":"VLOOKUP(\"D\"&$T$4,'Data DCE2'!$A$1:$S$433,4,FALSE)","v":1670},{"$f":"VLOOKUP(\"D\"&$T$4,'Data DCE2'!$A$1:$S$433,5,FALSE)","v":24.664008270565699},{"$f":"(G20-$D20)/$D20*100","v":4.5487826497967534},null,{"$f":"VLOOKUP(\"D\"&$T$4,'Data DCE2'!$A$1:$S$433,6,FALSE)","v":1675},{"$f":"VLOOKUP(\"D\"&$T$4,'Data DCE2'!$A$1:$S$433,7,FALSE)","v":25.127512751275098},{"$f":"(K20-$D20)/$D20*100","v":6.5135415275629942},null,{"$f":"VLOOKUP(\"D\"&$T$4,'Data DCE2'!$A$1:$S$433,8,FALSE)","v":1775},{"$f":"VLOOKUP(\"D\"&$T$4,'Data DCE2'!$A$1:$S$433,9,FALSE)","v":26.378362312379299},{"$f":"(O20-$D20)/$D20*100","v":11.815794002378484},null,{"$f":"VLOOKUP(\"D\"&$T$4,'Data DCE2'!$A$1:$S$433,10,FALSE)","v":1831},{"$f":"VLOOKUP(\"D\"&$T$4,'Data DCE2'!$A$1:$S$433,11,FALSE)","v":27.291697719481299},{"$f":"(S20-$D20)/$D20*100","v":15.687350641346498},null,{"$f":"VLOOKUP(\"D\"&$T$4,'Data DCE2'!$A$1:$S$433,12,FALSE)","v":1727},{"$f":"VLOOKUP(\"D\"&$T$4,'Data DCE2'!$A$1:$S$433,13,FALSE)","v":26.750309789343198},{"$f":"(W20-$D20)/$D20*100","v":13.392449974094436},null,{"$f":"VLOOKUP(\"D\"&$T$4,'Data DCE2'!$A$1:$S$433,14,FALSE)","v":1711},{"$f":"VLOOKUP(\"D\"&$T$4,'Data DCE2'!$A$1:$S$433,15,FALSE)","v":26.2061571450452},{"$f":"(AA20-$D20)/$D20*100","v":11.085829901925658},null,{"$f":"VLOOKUP(\"D\"&$T$4,'Data DCE2'!$A$1:$S$433,16,FALSE)","v":1832},{"$f":"VLOOKUP(\"D\"&$T$4,'Data DCE2'!$A$1:$S$433,17,FALSE)","v":26.756243610340299},{"$f":"(AE20-$D20)/$D20*100","v":13.417602972540719},null,{"$f":"VLOOKUP(\"D\"&$T$4,'Data DCE2'!$A$1:$S$433,18,FALSE)","v":1872},{"$f":"VLOOKUP(\"D\"&$T$4,'Data DCE2'!$A$1:$S$433,19,FALSE)","v":26.662868537245402},{"$f":"(AI20-$D20)/$D20*100","v":13.02179341414231}]
["NHS Borders",null,{"$f":"VLOOKUP(\"B\"&$T$4,'Data DCE2'!$A$1:$S$433,2,FALSE)","v":157},{"$f":"VLOOKUP(\"B\"&$T$4,'Data DCE2'!$A$1:$S$433,3,FALSE)","v":26.1666666666667},null,{"$f":"VLOOKUP(\"B\"&$T$4,'Data DCE2'!$A$1:$S$433,4,FALSE)","v":130},{"$f":"VLOOKUP(\"B\"&$T$4,'Data DCE2'!$A$1:$S$433,5,FALSE)","v":23.6794171220401},{"$f":"(G21-$D21)/$D21*100","v":-9.505412272458333},null,{"$f":"VLOOKUP(\"B\"&$T$4,'Data DCE2'!$A$1:$S$433,6,FALSE)","v":103},{"$f":"VLOOKUP(\"B\"&$T$4,'Data DCE2'!$A$1:$S$433,7,FALSE)","v":20.517928286852602},{"$f":"(K21-$D21)/$D21*100","v":-21.587535209480603},null,{"$f":"VLOOKUP(\"B\"&$T$4,'Data DCE2'!$A$1:$S$433,8,FALSE)","v":164},{"$f":"VLOOKUP(\"B\"&$T$4,'Data DCE2'!$A$1:$S$433,9,FALSE)","v":28.571428571428601},{"$f":"(O21-$D21)/$D21*100","v":9.1901728844403774},null,{"$f":"VLOOKUP(\"B\"&$T$4,'Data DCE2'!$A$1:$S$433,10,FALSE)","v":139},{"$f":"VLOOKUP(\"B\"&$T$4,'Data DCE2'!$A$1:$S$433,11,FALSE)","v":26.1770244821092},{"$f":"(S21-$D21)/$D21*100","v":3.9584008060510038E-2},null,{"$f":"VLOOKUP(\"B\"&$T$4,'Data DCE2'!$A$1:$S$433,12,FALSE)","v":115},{"$f":"VLOOKUP(\"B\"&$T$4,'Data DCE2'!$A$1:$S$433,13,FALSE)","v":22.862823061630198},{"$f":"(W21-$D21)/$D21*100","v":-12.626153904598079},null,{"$f":"VLOOKUP(\"B\"&$T$4,'Data DCE2'!$A$1:$S$433,14,FALSE)","v":147},{"$f":"VLOOKUP(\"B\"&$T$4,'Data DCE2'!$A$1:$S$433,15,FALSE)","v":24.257425742574299},{"$f":"(AA21-$D21)/$D21*100","v":-7.2964621302894228},null,{"$f":"VLOOKUP(\"B\"&$T$4,'Data DCE2'!$A$1:$S$433,16,FALSE)","v":141},{"$f":"VLOOKUP(\"B\"&$T$4,'Data DCE2'!$A$1:$S$433,17,FALSE)","v":22.380952380952401},{"$f":"(AE21-$D21)/$D21*100","v":-14.467697907188384},null,{"$f":"VLOOKUP(\"B\"&$T$4,'Data DCE2'!$A$1:$S$433,18,FALSE)","v":127},{"$f":"VLOOKUP(\"B\"&$T$4,'Data DCE2'!$A$1:$S$433,19,FALSE)","v":23.049001814882001},{"$f":"(AI21-$D21)/$D21*100","v":-11.914642745673994}]
["NHS Dumfries & Galloway",null,{"$f":"VLOOKUP(\"Y\"&$T$4,'Data DCE2'!$A$1:$S$433,2,FALSE)","v":209},{"$f":"VLOOKUP(\"Y\"&$T$4,'Data DCE2'!$A$1:$S$433,3,FALSE)","v":26.658163265306101},null,{"$f":"VLOOKUP(\"Y\"&$T$4,'Data DCE2'!$A$1:$S$433,4,FALSE)","v":191},{"$f":"VLOOKUP(\"Y\"&$T$4,'Data DCE2'!$A$1:$S$433,5,FALSE)","v":24.5817245817246},{"$f":"(G22-$D22)/$D22*100","v":-7.7891288417602764},null,{"$f":"VLOOKUP(\"Y\"&$T$4,'Data DCE2'!$A$1:$S$433,6,FALSE)","v":160},{"$f":"VLOOKUP(\"Y\"&$T$4,'Data DCE2'!$A$1:$S$433,7,FALSE)","v":22.408963585434201},{"$f":"(K22-$D22)/$D22*100","v":-15.939581574256328},null,{"$f":"VLOOKUP(\"Y\"&$T$4,'Data DCE2'!$A$1:$S$433,8,FALSE)","v":184},{"$f":"VLOOKUP(\"Y\"&$T$4,'Data DCE2'!$A$1:$S$433,9,FALSE)","v":26.062322946175598},{"$f":"(O22-$D22)/$D22*100","v":-2.2351139243938478},null,{"$f":"VLOOKUP(\"Y\"&$T$4,'Data DCE2'!$A$1:$S$433,10,FALSE)","v":192},{"$f":"VLOOKUP(\"Y\"&$T$4,'Data DCE2'!$A$1:$S$433,11,FALSE)","v":26.086956521739101},{"$f":"(S22-$D22)/$D22*100","v":-2.1427085500312368},null,{"$f":"VLOOKUP(\"Y\"&$T$4,'Data DCE2'!$A$1:$S$433,12,FALSE)","v":154},{"$f":"VLOOKUP(\"Y\"&$T$4,'Data DCE2'!$A$1:$S$433,13,FALSE)","v":22.4163027656477},{"$f":"(W22-$D22)/$D22*100","v":-15.912050869532004},null,{"$f":"VLOOKUP(\"Y\"&$T$4,'Data DCE2'!$A$1:$S$433,14,FALSE)","v":185},{"$f":"VLOOKUP(\"Y\"&$T$4,'Data DCE2'!$A$1:$S$433,15,FALSE)","v":26.928675400291102},{"$f":"(AA22-$D22)/$D22*100","v":1.0147440853025884},null,{"$f":"VLOOKUP(\"Y\"&$T$4,'Data DCE2'!$A$1:$S$433,16,FALSE)","v":208},{"$f":"VLOOKUP(\"Y\"&$T$4,'Data DCE2'!$A$1:$S$433,17,FALSE)","v":30.9985096870343},{"$f":"(AE22-$D22)/$D22*100","v":16.281490883420627},null,{"$f":"VLOOKUP(\"Y\"&$T$4,'Data DCE2'!$A$1:$S$433,18,FALSE)","v":203},{"$f":"VLOOKUP(\"Y\"&$T$4,'Data DCE2'!$A$1:$S$433,19,FALSE)","v":30.434782608695699},{"$f":"(AI22-$D22)/$D22*100","v":14.166840024963861}]
["NHS Fife",null,{"$f":"VLOOKUP(\"F\"&$T$4,'Data DCE2'!$A$1:$S$433,2,FALSE)","v":386},{"$f":"VLOOKUP(\"F\"&$T$4,'Data DCE2'!$A$1:$S$433,3,FALSE)","v":23.2250300842359},null,{"$f":"VLOOKUP(\"F\"&$T$4,'Data DCE2'!$A$1:$S$433,4,FALSE)","v":420},{"$f":"VLOOKUP(\"F\"&$T$4,'Data DCE2'!$A$1:$S$433,5,FALSE)","v":24.3619489559165},{"$f":"(G23-$D23)/$D23*100","v":4.8952309967180128},null,{"$f":"VLOOKUP(\"F\"&$T$4,'Data DCE2'!$A$1:$S$433,6,FALSE)","v":451},{"$f":"VLOOKUP(\"F\"&$T$4,'Data DCE2'!$A$1:$S$433,7,FALSE)","v":26.0242354298904},{"$f":"(K23-$D23)/$D23*100","v":12.052537006419094},null,{"$f":"VLOOKUP(\"F\"&$T$4,'Data DCE2'!$A$1:$S$433,8,FALSE)","v":456},{"$f":"VLOOKUP(\"F\"&$T$4,'Data DCE2'!$A$1:$S$433,9,FALSE)","v":26.116838487972501},{"$f":"(O23-$D23)/$D23*100","v":12.451257945622338},null,{"$f":"VLOOKUP(\"F\"&$T$4,'Data DCE2'!$A$1:$S$433,10,FALSE)","v":498},{"$f":"VLOOKUP(\"F\"&$T$4,'Data DCE2'!$A$1:$S$433,11,FALSE)","v":28.489702517162499},{"$f":"(S23-$D23)/$D23*100","v":22.668097366642463},null,{"$f":"VLOOKUP(\"F\"&$T$4,'Data DCE2'!$A$1:$S$433,12,FALSE)","v":514},{"$f":"VLOOKUP(\"F\"&$T$4,'Data DCE2'!$A$1:$S$433,13,FALSE)","v":29.489386115892099},{"$f":"(W23-$D23)/$D23*100","v":26.972434519721723},null,{"$f":"VLOOKUP(\"F\"&$T$4,'Data DCE2'!$A$1:$S$433,14,FALSE)","v":437},{"$f":"VLOOKUP(\"F\"&$T$4,'Data DCE2'!$A$1:$S$433,15,FALSE)","v":24.9857061177816},{"$f":"(AA23-$D23)/$D23*100","v":7.580941885370331},null,{"$f":"VLOOKUP(\"F\"&$T$4,'Data DCE2'!$A$1:$S$433,16,FALSE)","v":461},{"$f":"VLOOKUP(\"F\"&$T$4,'Data DCE2'!$A$1:$S$433,17,FALSE)","v":25.081610446137098},{"$f":"(AE23-$D23)/$D23*100","v":7.9938771022792388},null,{"$f":"VLOOKUP(\"F\"&$T$4,'Data DCE2'!$A$1:$S$433,18,FALSE)","v":514},{"$f":"VLOOKUP(\"F\"&$T$4,'Data DCE2'!$A$1:$S$433,19,FALSE)","v":26.078132927447999},{"$f":"(AI23-$D23)/$D23*100","v":12.284603433726685}]
["NHS Lothian",null,{"$f":"VLOOKUP(\"S\"&$T$4,'Data DCE2'!$A$1:$S$433,2,FALSE)","v":805},{"$f":"VLOOKUP(\"S\"&$T$4,'Data DCE2'!$A$1:$S$433,3,FALSE)","v":22.650534608891402},null,{"$f":"VLOOKUP(\"S\"&$T$4,'Data DCE2'!$A$1:$S$433,4,FALSE)","v":929},{"$f":"VLOOKUP(\"S\"&$T$4,'Data DCE2'!$A$1:$S$433,5,FALSE)","v":24.966406879870998},{"$f":"(G24-$D24)/$D24*100","v":10.224360311877618},null,{"$f":"VLOOKUP(\"S\"&$T$4,'Data DCE2'!$A$1:$S$433,6,FALSE)","v":961},{"$f":"VLOOKUP(\"S\"&$T$4,'Data DCE2'!$A$1:$S$433,7,FALSE)","v":25.854183481302101},{"$f":"(K24-$D24)/$D24*100","v":14.143811295090211},null,{"$f":"VLOOKUP(\"S\"&$T$4,'Data DCE2'!$A$1:$S$433,8,FALSE)","v":971},{"$f":"VLOOKUP(\"S\"&$T$4,'Data DCE2'!$A$1:$S$433,9,FALSE)","v":26.221982176613601},{"$f":"(O24-$D24)/$D24*100","v":15.767608267931291},null,{"$f":"VLOOKUP(\"S\"&$T$4,'Data DCE2'!$A$1:$S$433,10,FALSE)","v":1002},{"$f":"VLOOKUP(\"S\"&$T$4,'Data DCE2'!$A$1:$S$433,11,FALSE)","v":27.1250676773146},{"$f":"(S24-$D24)/$D24*100","v":19.754646615125516},null,{"$f":"VLOOKUP(\"S\"&$T$4,'Data DCE2'!$A$1:$S$433,12,FALSE)","v":944},{"$f":"VLOOKUP(\"S\"&$T$4,'Data DCE2'!$A$1:$S$433,13,FALSE)","v":26.7953448765257},{"$f":"(W24-$D24)/$D24*100","v":18.298951169158123},null,{"$f":"VLOOKUP(\"S\"&$T$4,'Data DCE2'!$A$1:$S$433,14,FALSE)","v":942},{"$f":"VLOOKUP(\"S\"&$T$4,'Data DCE2'!$A$1:$S$433,15,FALSE)","v":27.0146257527961},{"$f":"(AA24-$D24)/$D24*100","v":19.267055807996634},null,{"$f":"VLOOKUP(\"S\"&$T$4,'Data DCE2'!$A$1:$S$433,16,FALSE)","v":1022},{"$f":"VLOOKUP(\"S\"&$T$4,'Data DCE2'!$A$1:$S$433,17,FALSE)","v":27.562028047464899},{"$f":"(AE24-$D24)/$D24*100","v":21.683785938745594},null,{"$f":"VLOOKUP(\"S\"&$T$4,'Data DCE2'!$A$1:$S$433,18,FALSE)","v":1028},{"$f":"VLOOKUP(\"S\"&$T$4,'Data DCE2'!$A$1:$S$433,19,FALSE)","v":26.826722338204601},{"$f":"(AI24-$D24)/$D24*100","v":18.437479739104472}]
[]
["WOSCAN",null,{"$f":"VLOOKUP(\"E\"&$T$4,'Data DCE2'!$A$1:$S$433,2,FALSE)","v":2696},{"$f":"VLOOKUP(\"E\"&$T$4,'Data DCE2'!$A$1:$S$433,3,FALSE)","v":23.512994941566401},null,{"$f":"VLOOKUP(\"E\"&$T$4,'Data DCE2'!$A$1:$S$433,4,FALSE)","v":2932},{"$f":"VLOOKUP(\"E\"&$T$4,'Data DCE2'!$A$1:$S$433,5,FALSE)","v":24.531459170013399},{"$f":"(G26-$D26)/$D26*100","v":4.3314951199455729},null,{"$f":"VLOOKUP(\"E\"&$T$4,'Data DCE2'!$A$1:$S$433,6,FALSE)","v":3000},{"$f":"VLOOKUP(\"E\"&$T$4,'Data DCE2'!$A$1:$S$433,7,FALSE)","v":24.803637866887101},{"$f":"(K26-$D26)/$D26*100","v":5.4890622335783119},null,{"$f":"VLOOKUP(\"E\"&$T$4,'Data DCE2'!$A$1:$S$433,8,FALSE)","v":3030},{"$f":"VLOOKUP(\"E\"&$T$4,'Data DCE2'!$A$1:$S$433,9,FALSE)","v":24.911617199704001},{"$f":"(O26-$D26)/$D26*100","v":5.94829481150063},null,{"$f":"VLOOKUP(\"E\"&$T$4,'Data DCE2'!$A$1:$S$433,10,FALSE)","v":3052},{"$f":"VLOOKUP(\"E\"&$T$4,'Data DCE2'!$A$1:$S$433,11,FALSE)","v":25.315195753152},{"$f":"(S26-$D26)/$D26*100","v":7.6647012261277663},null,{"$f":"VLOOKUP(\"E\"&$T$4,'Data DCE2'!$A$1:$S$433,12,FALSE)","v":3002},{"$f":"VLOOKUP(\"E\"&$T$4,'Data DCE2'!$A$1:$S$433,13,FALSE)","v":25.7020547945205},{"$f":"(W26-$D26)/$D26*100","v":9.3100001016215366},null,{"$f":"VLOOKUP(\"E\"&$T$4,'Data DCE2'!$A$1:$S$433,14,FALSE)","v":2984},{"$f":"VLOOKUP(\"E\"&$T$4,'Data DCE2'!$A$1:$S$433,15,FALSE)","v":25.574220089132702},{"$f":"(AA26-$D26)/$D26*100","v":8.7663232722534019},null,{"$f":"VLOOKUP(\"E\"&$T$4,'Data DCE2'!$A$1:$S$433,16,FALSE)","v":3000},{"$f":"VLOOKUP(\"E\"&$T$4,'Data DCE2'!$A$1:$S$433,17,FALSE)","v":25.512373501148101},{"$f":"(AE26-$D26)/$D26*100","v":8.5032917522862554},null,{"$f":"VLOOKUP(\"E\"&$T$4,'Data DCE2'!$A$1:$S$433,18,FALSE)","v":3067},{"$f":"VLOOKUP(\"E\"&$T$4,'Data DCE2'!$A$1:$S$433,19,FALSE)","v":25.4480584135413},{"$f":"(AI26-$D26)/$D26*100","v":8.229761784000063}]
["NHS Ayrshire & Arran",null,{"$f":"VLOOKUP(\"A\"&$T$4,'Data DCE2'!$A$1:$S$433,2,FALSE)","v":448},{"$f":"VLOOKUP(\"A\"&$T$4,'Data DCE2'!$A$1:$S$433,3,FALSE)","v":24.4942591580098},null,{"$f":"VLOOKUP(\"A\"&$T$4,'Data DCE2'!$A$1:$S$433,4,FALSE)","v":470},{"$f":"VLOOKUP(\"A\"&$T$4,'Data DCE2'!$A$1:$S$433,5,FALSE)","v":25.3096392030156},{"$f":"(G27-$D27)/$D27*100","v":3.3288618355259141},null,{"$f":"VLOOKUP(\"A\"&$T$4,'Data DCE2'!$A$1:$S$433,6,FALSE)","v":480},{"$f":"VLOOKUP(\"A\"&$T$4,'Data DCE2'!$A$1:$S$433,7,FALSE)","v":24.793388429752099},{"$f":"(K27-$D27)/$D27*100","v":1.2212219598586276},null,{"$f":"VLOOKUP(\"A\"&$T$4,'Data DCE2'!$A$1:$S$433,8,FALSE)","v":490},{"$f":"VLOOKUP(\"A\"&$T$4,'Data DCE2'!$A$1:$S$433,9,FALSE)","v":24.7225025227043},{"$f":"(O27-$D27)/$D27*100","v":0.93182391523714336},null,{"$f":"VLOOKUP(\"A\"&$T$4,'Data DCE2'!$A$1:$S$433,10,FALSE)","v":484},{"$f":"VLOOKUP(\"A\"&$T$4,'Data DCE2'!$A$1:$S$433,11,FALSE)","v":24.8587570621469},{"$f":"(S27-$D27)/$D27*100","v":1.4880952380954378},null,{"$f":"VLOOKUP(\"A\"&$T$4,'Data DCE2'!$A$1:$S$433,12,FALSE)","v":496},{"$f":"VLOOKUP(\"A\"&$T$4,'Data DCE2'!$A$1:$S$433,13,FALSE)","v":26.119010005265899},{"$f":"(W27-$D27)/$D27*100","v":6.6331904009629685},null,{"$f":"VLOOKUP(\"A\"&$T$4,'Data DCE2'!$A$1:$S$433,14,FALSE)","v":520},{"$f":"VLOOKUP(\"A\"&$T$4,'Data DCE2'!$A$1:$S$433,15,FALSE)","v":26.817947395564701},{"$f":"(AA27-$D27)/$D27*100","v":9.4866647019819652},null,{"$f":"VLOOKUP(\"A\"&$T$4,'Data DCE2'!$A$1:$S$433,16,FALSE)","v":474},{"$f":"VLOOKUP(\"A\"&$T$4,'Data DCE2'!$A$1:$S$433,17,FALSE)","v":24.7003647733194},{"$f":"(AE27-$D27)/$D27*100","v":0.84144457678852347},null,{"$f":"VLOOKUP(\"A\"&$T$4,'Data DCE2'!$A$1:$S$433,18,FALSE)","v":371},{"$f":"VLOOKUP(\"A\"&$T$4,'Data DCE2'!$A$1:$S$433,19,FALSE)","v":20.749440715883701},{"$f":"(AI27-$D27)/$D27*100","v":-15.288555648769304}]
["NHS Forth Valley",null,{"$f":"VLOOKUP(\"V\"&$T$4,'Data DCE2'!$A$1:$S$433,2,FALSE)","v":336},{"$f":"VLOOKUP(\"V\"&$T$4,'Data DCE2'!$A$1:$S$433,3,FALSE)","v":26.435877261998399},null,{"$f":"VLOOKUP(\"V\"&$T$4,'Data DCE2'!$A$1:$S$433,4,FALSE)","v":305},{"$f":"VLOOKUP(\"V\"&$T$4,'Data DCE2'!$A$1:$S$433,5,FALSE)","v":23.940345368916802},{"$f":"(G28-$D28)/$D28*100","v":-9.4399435598414101},null,{"$f":"VLOOKUP(\"V\"&$T$4,'Data DCE2'!$A$1:$S$433,6,FALSE)","v":336},{"$f":"VLOOKUP(\"V\"&$T$4,'Data DCE2'!$A$1:$S$433,7,FALSE)","v":25.3012048192771},{"$f":"(K28-$D28)/$D28*100","v":-4.2921686746987309},null,{"$f":"VLOOKUP(\"V\"&$T$4,'Data DCE2'!$A$1:$S$433,8,FALSE)","v":374},{"$f":"VLOOKUP(\"V\"&$T$4,'Data DCE2'!$A$1:$S$433,9,FALSE)","v":27.439471753485002},{"$f":"(O28-$D28)/$D28*100","v":3.7963351151174782},null,{"$f":"VLOOKUP(\"V\"&$T$4,'Data DCE2'!$A$1:$S$433,10,FALSE)","v":332},{"$f":"VLOOKUP(\"V\"&$T$4,'Data DCE2'!$A$1:$S$433,11,FALSE)","v":26.039215686274499},{"$f":"(S28-$D28)/$D28*100","v":-1.5004668534079704},null,{"$f":"VLOOKUP(\"V\"&$T$4,'Data DCE2'!$A$1:$S$433,12,FALSE)","v":319},{"$f":"VLOOKUP(\"V\"&$T$4,'Data DCE2'!$A$1:$S$433,13,FALSE)","v":26.211996713229301},{"$f":"(W28-$D28)/$D28*100","v":-0.84688148061168156},null,{"$f":"VLOOKUP(\"V\"&$T$4,'Data DCE2'!$A$1:$S$433,14,FALSE)","v":379},{"$f":"VLOOKUP(\"V\"&$T$4,'Data DCE2'!$A$1:$S$433,15,FALSE)","v":29.153846153846199},{"$f":"(AA28-$D28)/$D28*100","v":10.281364468864753},null,{"$f":"VLOOKUP(\"V\"&$T$4,'Data DCE2'!$A$1:$S$433,16,FALSE)","v":371},{"$f":"VLOOKUP(\"V\"&$T$4,'Data DCE2'!$A$1:$S$433,17,FALSE)","v":27.6041666666667},{"$f":"(AE28-$D28)/$D28*100","v":4.4193328373018188},null,{"$f":"VLOOKUP(\"V\"&$T$4,'Data DCE2'!$A$1:$S$433,18,FALSE)","v":338},{"$f":"VLOOKUP(\"V\"&$T$4,'Data DCE2'!$A$1:$S$433,19,FALSE)","v":23.752635277582598},{"$f":"(AI28-$D28)/$D28*100","v":-10.150001673191925}]
["NHS Greater Glasgow & Clyde",null,{"$f":"VLOOKUP(\"G\"&$T$4,'Data DCE2'!$A$1:$S$433,2,FALSE)","v":1298},{"$f":"VLOOKUP(\"G\"&$T$4,'Data DCE2'!$A$1:$S$433,3,FALSE)","v":22.3986194995686},null,{"$f":"VLOOKUP(\"G\"&$T$4,'Data DCE2'!$A$1:$S$433,4,FALSE)","v":1462},{"$f":"VLOOKUP(\"G\"&$T$4,'Data DCE2'!$A$1:$S$433,5,FALSE)","v":23.787829482590301},{"$f":"(G29-$D29)/$D29*100","v":6.2022125205013507},null,{"$f":"VLOOKUP(\"G\"&$T$4,'Data DCE2'!$A$1:$S$433,6,FALSE)","v":1538},{"$f":"VLOOKUP(\"G\"&$T$4,'Data DCE2'!$A$1:$S$433,7,FALSE)","v":24.935149156939001},{"$f":"(K29-$D29)/$D29*100","v":11.324491035794663},null,{"$f":"VLOOKUP(\"G\"&$T$4,'Data DCE2'!$A$1:$S$433,8,FALSE)","v":1460},{"$f":"VLOOKUP(\"G\"&$T$4,'Data DCE2'!$A$1:$S$433,9,FALSE)","v":24.476110645431699},{"$f":"(O29-$D29)/$D29*100","v":9.2750856627709233},null,{"$f":"VLOOKUP(\"G\"&$T$4,'Data DCE2'!$A$1:$S$433,10,FALSE)","v":1465},{"$f":"VLOOKUP(\"G\"&$T$4,'Data DCE2'!$A$1:$S$433,11,FALSE)","v":25.1028101439342},{"$f":"(S29-$D29)/$D29*100","v":12.073023716562901},null,{"$f":"VLOOKUP(\"G\"&$T$4,'Data DCE2'!$A$1:$S$433,12,FALSE)","v":1429},{"$f":"VLOOKUP(\"G\"&$T$4,'Data DCE2'!$A$1:$S$433,13,FALSE)","v":25.568080157452101},{"$f":"(W29-$D29)/$D29*100","v":14.150250009580034},null,{"$f":"VLOOKUP(\"G\"&$T$4,'Data DCE2'!$A$1:$S$433,14,FALSE)","v":1337},{"$f":"VLOOKUP(\"G\"&$T$4,'Data DCE2'!$A$1:$S$433,15,FALSE)","v":24.649705014749301},{"$f":"(AA29-$D29)/$D29*100","v":10.050108290040185},null,{"$f":"VLOOKUP(\"G\"&$T$4,'Data DCE2'!$A$1:$S$433,16,FALSE)","v":1441},{"$f":"VLOOKUP(\"G\"&$T$4,'Data DCE2'!$A$1:$S$433,17,FALSE)","v":25.681696667260699},{"$f":"(AE29-$D29)/$D29*100","v":14.657497832646923},null,{"$f":"VLOOKUP(\"G\"&$T$4,'Data DCE2'!$A$1:$S$433,18,FALSE)","v":1563},{"$f":"VLOOKUP(\"G\"&$T$4,'Data DCE2'!$A$1:$S$433,19,FALSE)","v":26.754536117767898},{"$f":"(AI29-$D29)/$D29*100","v":19.447254855519976}]
["NHS Lanarkshire",null,{"$f":"VLOOKUP(\"L\"&$T$4,'Data DCE2'!$A$1:$S$433,2,FALSE)","v":614},{"$f":"VLOOKUP(\"L\"&$T$4,'Data DCE2'!$A$1:$S$433,3,FALSE)","v":23.881758070789601},null,{"$f":"VLOOKUP(\"L\"&$T$4,'Data DCE2'!$A$1:$S$433,4,FALSE)","v":695},{"$f":"VLOOKUP(\"L\"&$T$4,'Data DCE2'!$A$1:$S$433,5,FALSE)","v":25.981308411215},{"$f":"(G30-$D30)/$D30*100","v":8.7914396176444534},null,{"$f":"VLOOKUP(\"L\"&$T$4,'Data DCE2'!$A$1:$S$433,6,FALSE)","v":646},{"$f":"VLOOKUP(\"L\"&$T$4,'Data DCE2'!$A$1:$S$433,7,FALSE)","v":24.2583552384529},{"$f":"(K30-$D30)/$D30*100","v":1.5769239707855698},null,{"$f":"VLOOKUP(\"L\"&$T$4,'Data DCE2'!$A$1:$S$433,8,FALSE)","v":706},{"$f":"VLOOKUP(\"L\"&$T$4,'Data DCE2'!$A$1:$S$433,9,FALSE)","v":24.7458815282159},{"$f":"(O30-$D30)/$D30*100","v":3.6183410570733092},null,{"$f":"VLOOKUP(\"L\"&$T$4,'Data DCE2'!$A$1:$S$433,10,FALSE)","v":771},{"$f":"VLOOKUP(\"L\"&$T$4,'Data DCE2'!$A$1:$S$433,11,FALSE)","v":25.717144763175501},{"$f":"(S30-$D30)/$D30*100","v":7.6853081207233593},null,{"$f":"VLOOKUP(\"L\"&$T$4,'Data DCE2'!$A$1:$S$433,12,FALSE)","v":758},{"$f":"VLOOKUP(\"L\"&$T$4,'Data DCE2'!$A$1:$S$433,13,FALSE)","v":25.4789915966387},{"$f":"(W30-$D30)/$D30*100","v":6.6880902198013485},null,{"$f":"VLOOKUP(\"L\"&$T$4,'Data DCE2'!$A$1:$S$433,14,FALSE)","v":748},{"$f":"VLOOKUP(\"L\"&$T$4,'Data DCE2'!$A$1:$S$433,15,FALSE)","v":24.891846921797001},{"$f":"(AA30-$D30)/$D30*100","v":4.2295414266124123},null,{"$f":"VLOOKUP(\"L\"&$T$4,'Data DCE2'!$A$1:$S$433,16,FALSE)","v":714},{"$f":"VLOOKUP(\"L\"&$T$4,'Data DCE2'!$A$1:$S$433,17,FALSE)","v":24.748700173310201},{"$f":"(AE30-$D30)/$D30*100","v":3.6301435595772964},null,{"$f":"VLOOKUP(\"L\"&$T$4,'Data DCE2'!$A$1:$S$433,18,FALSE)","v":795},{"$f":"VLOOKUP(\"L\"&$T$4,'Data DCE2'!$A$1:$S$433,19,FALSE)","v":26.508836278759599},{"$f":"(AI30-$D30)/$D30*100","v":11.000355167248953}]
[]
["* Indicates values that have been suppressed due to the potential risk of disclosure and to help maintain patient confidentiality"]
[]
["Source: PHS Detect Cancer Early data."]
[]
["Notes:"]
["1) Data for combined calendar years: Baseline (2010 & 2011); Year 1 (2011 & 2012); Year 2 (2012 & 2013); Year 3 (2013 & 2014); Year 4 (2014 & 2015); Year 5 (2015 & 2016);  Year 6 (2016 & 2017); Year 7 (2017 & 2018) & Year 8 (2018 & 2019)."]
["2) Percentage change (% change) is the relative percentage change.  More specifically this is the difference in the stage 1 percentage between the baseline and the particular year, relative to the baseline and expressed as a percentage."]

{"sheet":"Fig 3","index":5,"n_rows":52,"n_cols":18,"rows_kept":52,"cut":false,"hidden":false,"merged":[[2,0,3,18],[48,0,48,18],[51,0,52,17]]}
[{"$f":"\"Detect Cancer Early - Year 8 Staging Data\"","v":"Detect Cancer Early - Year 8 Staging Data"},null,null,null,null,null,null,null,null,null,null,null,null,null,null,null,null,"back to contents"]
[]
[{"$f":"\"Figure 3: Percentage change in stage 1 at diagnosis from baseline to year 8\" & \" for (\"&(VLOOKUP('Table 2'!T2,Lookups!$A$30:$B$33,2,0))&\") by NHS Board of residence.\"","v":"Figure 3: Percentage change in stage 1 at diagnosis from baseline to year 8 for (Breast, Colorectal & Lung combined) by NHS Board of residence."}]
[]
[]
[]
[]
[]
[]
[]
[]
[]
[]
[]
[]
[]
[]
[]
[]
[]
[]
[]
[]
[]
[]
[]
[]
[]
[]
[]
[]
[]
[]
[]
[]
[]
[]
[]
[]
[]
[]
[]
[]
[]
[]
[]
[]
["Source: PHS Detect Cancer Early data."]
[]
["Notes:"]
["1) Data for combined calendar years: Baseline (2010 and 2011) & Year 8 (2018 and 2019)."]
["2) Percentage change used is the relative percentage change.  More specifically this is the difference in the stage 1 percentage between year 1 and the baseline relative to the baseline expressed as a percentage. The Island NHS Boards percentages will be affected by small numbers."]

{"sheet":"data2","index":6,"n_rows":45,"n_cols":15,"rows_kept":45,"cut":false,"hidden":true,"merged":[]}
["Stage 1","Baseline",23.3231643612353,null,null,null,null,null,"Stage 1","Baseline",0]
[null,"Year 1",24.159928487261801,null,null,null,null,null,null,"Year 1",{"$f":"(C2-C$1)/C$1","v":3.5876955333610787E-2}]
[null,"Year 2",24.564241517369702,null,null,null,null,null,null,"Year 2",{"$f":"(C3-C$1)/C$1","v":5.3212211555527925E-2}]
[null,"Year 3",24.9547046744776,null,null,null,null,null,null,"Year 3",{"$f":"(C4-C$1)/C$1","v":6.9953642995117457E-2}]
[null,"Year 4",25.2597664115989,null,null,null,null,null,null,"Year 4",8.3033417780237651E-2]
[null,"Year 5",25.4447815036484,null,null,null,null,null,null,"Year 5",9.0966093174705484E-2]
[null,"Year 6",25.2657936866303,null,null,null,null,null,null,"Year 6",8.3291842192039056E-2]
[null,"Year 7",25.510327334219099,null,null,null,null,null,null,"Year 7",{"$f":"(C8-C$1)/C$1","v":9.3776424978551112E-2}]
[null,"Year 8",25.617818353533799,null,null,null,null,null,null,"Year 8",{"$f":"(C9-C$1)/C$1","v":9.8385191509963887E-2}]
["Stage 2","Baseline",null,25.320740524050301,null,null,null,null,"Stage 2","Baseline",null,0]
[null,"Year 1",null,25.342326601926001,null,null,null,null,null,"Year 1",null,{"$f":"(D11-D$10)/D$10","v":8.5250578888862872E-4}]
[null,"Year 2",null,25.506531322036601,null,null,null,null,null,"Year 2",null,7.3374946443541447E-3]
[null,"Year 3",null,25.5264323388493,null,null,null,null,null,"Year 3",null,8.123451784659624E-3]
[null,"Year 4",null,25.9484494563029,null,null,null,null,null,"Year 4",null,2.4790307047157033E-2]
[null,"Year 5",null,25.944904484709401,null,null,null,null,null,"Year 5",null,2.4650304364765827E-2]
[null,"Year 6",null,25.405361027872399,null,null,null,null,null,"Year 6",null,3.3419442745650819E-3]
[null,"Year 7",null,25.615009864315301,null,null,null,null,null,"Year 7",null,1.1621671964352518E-2]
[null,"Year 8",null,25.460412403588901,null,null,null,null,null,"Year 8",null,{"$f":"(D18-D$10)/D$10","v":5.5161056370344325E-3}]
["Stage 3","Baseline",null,null,17.894604872748602,null,null,null,"Stage 3","Baseline",null,null,0]
[null,"Year 1",null,null,17.7725407338182,null,null,null,null,"Year 1",null,null,{"$f":"(E20-E$19)/E$19","v":-6.8212815984716613E-3}]
[null,"Year 2",null,null,18.218950944311899,null,null,null,null,"Year 2",null,null,{"$f":"(E21-E$19)/E$19","v":1.8125355316296422E-2}]
[null,"Year 3",null,null,18.3878890365181,null,null,null,null,"Year 3",null,null,2.7566083033256174E-2]
[null,"Year 4",null,null,18.143374949657701,null,null,null,null,"Year 4",null,null,1.3901959762629224E-2]
[null,"Year 5",null,null,17.688775928506999,null,null,null,null,"Year 5",null,null,-1.1502290534230018E-2]
[null,"Year 6",null,null,17.8892492098026,null,null,null,null,"Year 6",null,null,-2.992892541683288E-4]
[null,"Year 7",null,null,17.554455046905801,null,null,null,null,"Year 7",null,null,-1.9008512803812123E-2]
[null,"Year 8",null,null,17.239886667716,null,null,null,null,"Year 8",null,null,{"$f":"(E27-E$19)/E$19","v":-3.6587463634341601E-2}]
["Stage 4","Baseline",null,null,null,25.069998746291098,null,null,"Stage 4","Baseline",null,null,null,0]
[null,"Year 1",null,null,null,25.943683718662399,null,null,null,"Year 1",null,null,null,{"$f":"(F29-F$28)/F$28","v":3.4849821143311997E-2}]
[null,"Year 2",null,null,null,26.177862255833698,null,null,null,"Year 2",null,null,null,{"$f":"(F30-F$28)/F$28","v":4.4190808334463899E-2}]
[null,"Year 3",null,null,null,26.444417602770098,null,null,null,"Year 3",null,null,null,5.4823251903127201E-2]
[null,"Year 4",null,null,null,25.835682641965398,null,null,null,"Year 4",null,null,null,3.0541840206018234E-2]
[null,"Year 5",null,null,null,25.608756251537301,null,null,null,"Year 5",null,null,null,2.1490128926548405E-2]
[null,"Year 6",null,null,null,25.7255449283691,null,null,null,"Year 6",null,null,null,2.6148632423644794E-2]
[null,"Year 7",null,null,null,25.3935660506502,null,null,null,"Year 7",null,null,null,1.2906554469093112E-2]
[null,"Year 8",null,null,null,25.330552494884301,null,null,null,"Year 8",null,null,null,{"$f":"(F36-F$28)/F$28","v":1.0393049925132129E-2}]
["Stage Not Known","Baseline",null,null,null,null,8.3914914956747104,null,"Stage Not Known","Baseline",null,null,null,null,0]
[null,"Year 1",null,null,null,null,6.7815204583316397,null,null,"Year 1",null,null,null,null,{"$f":"(G38-G$37)/G$37","v":-0.19185755454473263}]
[null,"Year 2",null,null,null,null,5.53241396044809,null,null,"Year 2",null,null,null,null,{"$f":"(G39-G$37)/G$37","v":-0.34071148575915217}]
[null,"Year 3",null,null,null,null,4.6865563473849496,null,null,"Year 3",null,null,null,null,-0.44151092212861365]
[null,"Year 4",null,null,null,null,4.8127265404752304,null,null,"Year 4",null,null,null,null,-0.42647543133948357]
[null,"Year 5",null,null,null,null,5.3127818315979303,null,null,"Year 5",null,null,null,null,-0.36688467904229688]
[null,"Year 6",null,null,null,null,5.7140511473256401,null,null,"Year 6",null,null,null,null,-0.31906608613368953]
[null,"Year 7",null,null,null,null,5.9266417039094899,null,null,"Year 7",null,null,null,null,-0.29373202523481035]
[null,"Year 8",null,null,null,null,6.3513300802770303,null,null,"Year 8",null,null,null,null,-0.24312262205702714]

{"sheet":"Fig 4","index":7,"n_rows":54,"n_cols":18,"rows_kept":54,"cut":false,"hidden":false,"merged":[[2,0,3,18],[48,0,48,18],[51,0,52,12]]}
[{"$f":"\"Detect Cancer Early - Year 8 Staging Data\"","v":"Detect Cancer Early - Year 8 Staging Data"},null,null,null,null,null,null,null,null,null,null,null,null,null,null,null,null,"back to contents"]
[]
[{"$f":"\"Figure 4: Trend in percentage change from baseline for each stage for breast, colorectal and lung cancer in Scotland.\"","v":"Figure 4: Trend in percentage change from baseline for each stage for breast, colorectal and lung cancer in Scotland."}]
[]
[]
[]
[]
[]
[]
[]
[]
[]
[]
[]
[]
[]
[]
[]
[]
[]
[]
[]
[]
[]
[]
[]
[]
[]
[]
[]
[]
[]
[]
[]
[]
[]
[]
[]
[]
[]
[]
[]
[]
[]
[]
[]
[]
["Source: PHS Detect Cancer Early data."]
[]
["Notes:"]
["1) Data for combined calendar years: Baseline (2010 & 2011); Year 1 (2011 & 2012); Year 2 (2012 & 2013); Year 3 (2013 & 2014); Year 4 (2014 & 2015);Year 5 (2015 & 2016); Year 6 (2016 & 2017); Year 7 (2017 & 2018) & Year 8 (2018 & 2019)"]
["2) Percentage change (% change) is the relative percentage change.  More specifically this is the difference in the stage 1 percentage between the baseline and the particular year, relative to the baseline and expressed as a percentage."]
[]
["3) There has been an increase in NHS Grampian unknown stage for lung cancer for 2017. This is due to them moving to using the updated staging classification TNM8 a year early. "]

{"sheet":"Lookups","index":8,"n_rows":39,"n_cols":2,"rows_kept":39,"cut":false,"hidden":true,"merged":[]}
[1,"Baseline 2010-2011"]
[2,"Year 1 2011-2012"]
[3,"Year 2 2012-2013"]
[4,"Year 3 2013-2014"]
[5,"Year 4 2014-2015"]
[6,"Year 5 2015-2016"]
[7,"Year 6 2016-2017"]
[8,"Year 7 2017-2018"]
[9,"Year 8 2018-2019"]
[]
["M","Scotland"]
["C","NOSCAN"]
["N","Grampian NHS Board"]
["H","Highland NHS Board"]
["R","Orkney NHS Board"]
["Z","Shetland NHS Board"]
["T","Tayside NHS Board"]
["W","Western Isles NHS Board"]
["D","SCAN"]
["B","Borders NHS Board"]
["Y","Dumfries and Galloway NHS Board"]
["F","Fife NHS Board"]
["S","Lothian NHS Board"]
["E","WOSCAN"]
["A","Ayrshire and Arran NHS Board"]
["V","Forth Valley NHS Board"]
["G","Glasgow NHS Board"]
["L","Lanarkshire NHS Board"]
[]
[4,"Breast, Colorectal & Lung combined"]
[1,"Breast"]
[2,"Colorectal"]
[3,"Lung"]
[]
[1,"Stage 1"]
[2,"Stage 2"]
[3,"Stage 3"]
[4,"Stage 4"]
[5,"Stage Not Known"]

{"sheet":"Data DCE","index":9,"n_rows":649,"n_cols":13,"rows_kept":649,"cut":false,"hidden":true,"merged":[]}
["Lookup","Stage 1","%","Stage 2","%","Stage 3","%","Stage 4","%","Stage Not Known","%","Total","%"]
["A11",264,39.759036144578303,289,43.524096385542201,49,7.3795180722891596,36,5.4216867469879499,26,3.9156626506024099,664,100]
["A12",255,40.540540540540498,287,45.627980922098601,36,5.7233704292527801,40,6.3593004769475403,11,1.74880763116057,629,100]
["A13",250,39.184952978056401,307,48.119122257053299,43,6.7398119122257096,32,5.0156739811912203,6,0.94043887147335403,638,100]
["A14",267,41.331269349845201,299,46.2848297213622,36,5.5727554179566603,38,5.8823529411764701,6,0.92879256965944301,646,100]
["A15",267,41.203703703703702,304,46.913580246913597,26,4.0123456790123502,46,7.0987654320987703,5,0.77160493827160503,648,100]
["A16",282,42.469879518072297,307,46.234939759036102,28,4.2168674698795199,41,6.1746987951807197,6,0.90361445783132499,664,100]
["A17",313,44.842406876790797,318,45.558739255014302,34,4.8710601719197699,27,3.8681948424068802,6,0.85959885386819501,698,100]
["A18",282,42.152466367712996,313,46.786248131539601,34,5.0822122571001502,33,4.9327354260089704,7,1.0463378176382701,669,100]
["A19",185,33.213644524236997,247,44.344703770197498,33,5.9245960502693,34,6.10412926391382,58,10.412926391382401,557,100]
["A21",95,18.8118811881188,116,22.970297029703001,126,24.950495049505001,109,21.5841584158416,59,11.683168316831701,505,100]
["A22",117,22.674418604651201,131,25.3875968992248,108,20.930232558139501,119,23.062015503876001,41,7.9457364341085297,516,100]
["A23",127,23.649906890130399,143,26.6294227188082,113,21.042830540037201,114,21.229050279329599,40,7.4487895716945998,537,100]
["A24",102,19.354838709677399,146,27.703984819734298,135,25.6166982922201,103,19.544592030360501,41,7.7798861480075896,527,100]
["A25",83,16.147859922178998,140,27.237354085603101,147,28.599221789883298,102,19.844357976653701,42,8.1712062256809297,514,100]
["A26",84,16.3106796116505,148,28.737864077669901,125,24.271844660194201,116,22.524271844660198,42,8.1553398058252409,515,100]
["A27",85,15.9774436090226,155,29.1353383458647,126,23.684210526315798,128,24.060150375939902,38,7.1428571428571397,532,100]
["A28",66,12.244897959183699,143,26.530612244897998,131,24.304267161409999,134,24.860853432281999,65,12.0593692022263,539,100]
["A29",54,10.384615384615399,132,25.384615384615401,107,20.576923076923102,118,22.692307692307701,109,20.961538461538499,520,100]
["A31",89,13.4848484848485,36,5.4545454545454497,144,21.818181818181799,323,48.939393939393902,68,10.303030303030299,660,100]
["A32",98,13.764044943820201,42,5.8988764044943798,165,23.174157303370801,320,44.943820224719097,87,12.2191011235955,712,100]
["A33",103,13.5348226018397,67,8.8042049934296998,195,25.6241787122208,340,44.678055190538799,56,7.3587385019710903,761,100]
["A34",121,14.9567367119901,68,8.4054388133498108,196,24.227441285537701,384,47.466007416563698,40,4.9443757725587103,809,100]
["A35",134,17.0700636942675,67,8.5350318471337605,178,22.675159235668801,348,44.331210191082803,58,7.3885350318471303,785,100]
["A36",130,18.0555555555556,69,9.5833333333333304,152,21.1111111111111,309,42.9166666666667,60,8.3333333333333304,720,100]
["A37",122,17.207334273624799,68,9.5909732016925293,159,22.425952045134,316,44.569816643159399,44,6.2059238363892799,709,100]
["A38",126,17.721518987341799,56,7.8762306610407897,158,22.2222222222222,335,47.116736990154699,36,5.0632911392405102,711,100]
["A39",132,18.5654008438819,39,5.4852320675105499,155,21.800281293952199,340,47.819971870604803,45,6.3291139240506302,711,100]
["A41",448,24.4942591580098,441,24.111536358665902,319,17.441224712957901,468,25.587752870420999,153,8.3652268999453305,1829,100]
["A42",470,25.3096392030156,460,24.771136241249302,309,16.639741518578401,479,25.794291868605299,139,7.4851911685514301,1857,100]
["A43",480,24.793388429752099,517,26.704545454545499,351,18.130165289256201,486,25.103305785124,102,5.2685950413223104,1936,100]
["A44",490,24.7225025227043,513,25.882946518668,367,18.516649848637702,525,26.488395560040399,87,4.3895055499495497,1982,100]
["A45",484,24.8587570621469,511,26.245505906522901,351,18.027734976887501,496,25.475089881869501,105,5.3929121725731903,1947,100]
["A46",496,26.119010005265899,524,27.593470247498701,305,16.061084781463901,466,24.539231174302301,108,5.68720379146919,1899,100]
["A47",520,26.817947395564701,541,27.900979886539499,319,16.451779267663699,471,24.2908715832904,88,4.5384218669417198,1939,100]
["A48",474,24.7003647733194,512,26.6805627931214,323,16.8316831683168,502,26.159458051068299,108,5.6279312141740503,1919,100]
["A49",371,20.749440715883701,418,23.378076062639799,295,16.498881431767298,492,27.516778523489901,212,11.8568232662192,1788,100]
["B11",93,41.150442477876098,106,46.902654867256601,19,8.4070796460176993,8,3.5398230088495599,"0","0.0%",226,100]
["B12",82,36.936936936936902,104,46.846846846846901,28,12.612612612612599,8,3.6036036036036001,"0","0.0%",222,100]
["B13",52,30.0578034682081,82,47.398843930635799,29,16.763005780346798,9,5.2023121387283204,1,0.57803468208092501,173,100]
["B14",96,43.835616438356197,99,45.205479452054803,16,7.3059360730593603,5,2.2831050228310499,3,1.3698630136986301,219,100]
["B15",89,43.414634146341498,90,43.902439024390198,16,7.8048780487804903,5,2.4390243902439002,5,2.4390243902439002,205,100]
["B16",67,38.505747126436802,81,46.551724137930997,14,8.0459770114942497,9,5.1724137931034502,3,1.72413793103448,174,100]
["B17",94,41.592920353982301,101,44.6902654867257,15,6.6371681415929196,14,6.19469026548673,2,0.88495575221238898,226,100]
["B18",89,39.732142857142897,99,44.196428571428598,15,6.6964285714285703,16,7.1428571428571397,5,2.2321428571428599,224,100]
["B19",66,37.288135593220296,83,46.892655367231598,16,9.0395480225988702,8,4.5197740112994396,4,2.2598870056497198,177,100]
["B21",40,19.7044334975369,53,26.108374384236502,55,27.093596059113299,33,16.256157635468,22,10.837438423645301,203,100]
["B22",26,16.25,46,28.75,40,25,34,21.25,14,8.75,160,100]
["B23",28,16.470588235294102,51,30,40,23.529411764705898,35,20.588235294117599,16,9.4117647058823497,170,100]
["B24",40,21.978021978021999,46,25.274725274725299,46,25.274725274725299,31,17.032967032967001,19,10.439560439560401,182,100]
["B25",25,15.3374233128834,44,26.9938650306749,44,26.9938650306749,33,20.245398773006102,17,10.429447852760701,163,100]
["B26",23,12.9213483146067,44,24.7191011235955,50,28.089887640449401,49,27.528089887640501,12,6.7415730337078701,178,100]
["B27",25,13.297872340425499,49,26.063829787233999,61,32.446808510638299,42,22.340425531914899,11,5.8510638297872299,188,100]
["B28",25,13.227513227513199,56,29.629629629629601,54,28.571428571428601,40,21.1640211640212,14,7.4074074074074101,189,100]
["B29",25,14.367816091953999,47,27.0114942528736,34,19.540229885057499,47,27.0114942528736,21,12.0689655172414,174,100]
["B31",24,14.0350877192982,17,9.9415204678362592,44,25.730994152046801,65,38.011695906432799,21,12.280701754386,171,100]
["B32",22,13.1736526946108,15,8.9820359281437092,50,29.940119760479,79,47.305389221556901,1,0.59880239520958101,167,100]
["B33",23,14.4654088050314,10,6.2893081761006302,47,29.559748427673,78,49.056603773584897,1,0.62893081761006298,159,100]
["B34",28,16.184971098265901,15,8.6705202312138692,52,30.0578034682081,74,42.774566473988401,4,2.3121387283237,173,100]
["B35",25,15.3374233128834,19,11.656441717791401,46,28.220858895705501,68,41.717791411042903,5,3.0674846625766898,163,100]
["B36",25,16.5562913907285,17,11.2582781456954,37,24.503311258278099,70,46.357615894039697,2,1.32450331125828,151,100]
["B37",28,14.5833333333333,14,7.2916666666666696,53,27.6041666666667,95,49.4791666666667,2,1.0416666666666701,192,100]
["B38",27,12.4423963133641,14,6.4516129032258096,59,27.1889400921659,105,48.387096774193601,12,5.5299539170506904,217,100]
["B39",36,18,12,6,41,20.5,95,47.5,16,8,200,100]
["B41",157,26.1666666666667,176,29.3333333333333,118,19.6666666666667,106,17.6666666666667,43,7.1666666666666696,600,100]
["B42",130,23.6794171220401,165,30.054644808743198,118,21.4936247723133,121,22.040072859744999,15,2.7322404371584699,549,100]
["B43",103,20.517928286852602,143,28.4860557768924,116,23.1075697211155,122,24.302788844621499,18,3.58565737051793,502,100]
["B44",164,28.571428571428601,160,27.874564459930301,114,19.860627177700302,110,19.163763066202101,26,4.5296167247386796,574,100]
["B45",139,26.1770244821092,153,28.8135593220339,106,19.962335216572502,106,19.962335216572502,27,5.0847457627118704,531,100]
["B46",115,22.862823061630198,142,28.230616302186899,101,20.079522862823101,128,25.447316103379698,17,3.3797216699801198,503,100]
["B47",147,24.257425742574299,164,27.0627062706271,129,21.287128712871301,151,24.9174917491749,15,2.4752475247524801,606,100]
["B48",141,22.380952380952401,169,26.825396825396801,128,20.317460317460299,161,25.5555555555556,31,4.92063492063492,630,100]
["B49",127,23.049001814882001,142,25.771324863883901,91,16.515426497277701,150,27.2232304900181,41,7.4410163339382898,551,100]
["C11",828,38.909774436090203,917,43.092105263157897,146,6.8609022556391004,82,3.8533834586466198,155,7.2838345864661704,2128,100]
["C12",813,38.312912346842602,914,43.072573044297798,152,7.1630537229029203,91,4.2884071630537202,152,7.1630537229029203,2122,100]
["C13",874,39.908675799086801,922,42.100456621004597,190,8.6757990867579906,104,4.7488584474885798,100,4.5662100456620998,2190,100]
["C14",889,41.195551436515302,935,43.327154772937902,179,8.2947173308619107,100,4.6339202965709001,55,2.5486561631139901,2158,100]
["C15",876,40.744186046511601,978,45.488372093023301,147,6.8372093023255802,109,5.0697674418604697,40,1.86046511627907,2150,100]
["C16",928,40.207972270364003,1051,45.537261698440197,157,6.8024263431542504,118,5.1126516464471399,54,2.3396880415944499,2308,100]
["C17",927,40.480349344978201,1022,44.628820960698697,178,7.7729257641921397,109,4.7598253275109199,54,2.3580786026200902,2290,100]
["C18",926,41.692931112111701,1002,45.114813147230997,156,7.0238631247186003,94,4.2323277802791504,43,1.93606483565961,2221,100]
["C19",907,41.340018231540597,989,45.077484047402002,126,5.7429352780309904,79,3.6007292616226101,93,4.2388331814038303,2194,100]
["C21",292,15.9301691216585,485,26.4593562465903,448,24.440807419530799,325,17.730496453900699,283,15.439170758319699,1833,100]
["C22",290,15.9603742432581,463,25.481563015960401,441,24.270776004402901,358,19.7028068244359,265,14.5844799119428,1817,100]
["C23",269,15.415472779369599,465,26.647564469913998,466,26.7048710601719,358,20.515759312320899,187,10.7163323782235,1745,100]
["C24",236,14.1402037147993,458,27.441581785500301,420,25.164769322947901,355,21.2702216896345,200,11.983223487118,1669,100]
["C25",213,12.074829931972801,478,27.0975056689342,440,24.943310657596399,398,22.562358276644002,235,13.3219954648526,1764,100]
["C26",242,12.9898013955985,504,27.053140096618399,442,23.725174449812101,426,22.866344605475,249,13.365539452496,1863,100]
["C27",267,14.7107438016529,477,26.280991735537199,415,22.8650137741047,412,22.699724517906301,244,13.443526170798901,1815,100]
["C28",277,15.054347826087,479,26.0326086956522,459,24.945652173913,406,22.065217391304301,219,11.9021739130435,1840,100]
["C29",297,15.689381933439,498,26.3074484944533,503,26.5715795034337,393,20.760697305863701,202,10.6708927628104,1893,100]
["C31",208,10.9358569926393,133,6.9926393270241798,444,23.343848580441598,1003,52.733964248159801,114,5.9936908517350203,1902,100]
["C32",241,12.3653155464341,137,7.0292457670600301,449,23.037455105182101,1035,53.104155977424298,87,4.46382760389944,1949,100]
["C33",256,12.604628261939901,152,7.4839980305268297,472,23.239783357951701,1064,52.387986213687903,87,4.2836041358936496,2031,100]
["C34",268,12.6534466477809,181,8.5457979225684593,501,23.654390934844201,1076,50.802644003777203,92,4.3437204910292699,2118,100]
["C35",300,13.9470013947001,176,8.1822408182240807,471,21.8967921896792,1118,51.975825197582502,86,3.9981403998140399,2151,100]
["C36",308,14.758025874461,145,6.9477719214183002,439,21.034978437949199,1085,51.9885002395783,110,5.2707235265932004,2087,100]
["C37",266,12.9188926663429,131,6.3623118018455598,398,19.329771733851398,1019,49.490043710539098,245,11.8989800874211,2059,100]
["C38",301,13.8709677419355,150,6.9124423963133701,426,19.63133640553,1022,47.096774193548399,271,12.488479262672801,2170,100]
["C39",367,16.2966252220249,163,7.2380106571936098,464,20.6039076376554,1080,47.957371225577297,178,7.9040852575488501,2252,100]
["C41",1328,22.650520211495799,1535,26.181135937233499,1038,17.7042469725397,1410,24.049121610097199,552,9.4149752686338104,5863,100]
["C42",1344,22.826086956521699,1514,25.713315217391301,1042,17.697010869565201,1484,25.2038043478261,504,8.5597826086956506,5888,100]
["C43",1399,23.4495474354677,1539,25.796178343948998,1128,18.907140462621499,1526,25.5782769024472,374,6.2688568555145796,5966,100]
["C44",1393,23.431455004205201,1574,26.476030277544201,1100,18.502943650126198,1531,25.752733389402898,347,5.8368376787216203,5945,100]
["C45",1389,22.9018961253092,1632,26.9084913437758,1058,17.444352844188,1625,26.7930750206101,361,5.9521846661170699,6065,100]
["C46",1478,23.6177692553531,1700,27.165228507510399,1038,16.586768935762201,1629,26.030680728667299,413,6.5995525727069397,6258,100]
["C47",1460,23.6859182349124,1630,26.4438676184296,991,16.0772225827385,1540,24.983776768332302,543,8.8092147955872804,6164,100]
["C48",1504,24.1373776279891,1631,26.175573744182302,1041,16.706788637457901,1522,24.426255817685799,533,8.5540041726849605,6231,100]
["C49",1571,24.783088815270499,1650,26.029342167534299,1093,17.242467266130301,1552,24.4833569963717,473,7.4617447546931697,6339,100]
["D11",882,39.463087248322203,1003,44.8769574944072,185,8.2774049217002208,104,4.6532438478747196,61,2.7293064876957498,2235,100]
["D12",970,40.602762662201798,1053,44.0770196735036,187,7.8275429049811596,118,4.9393051485977404,61,2.5533696107157802,2389,100]
["D13",928,40.225400953619399,999,43.302990897269197,191,8.2791504117901997,122,5.2882531426094497,67,2.9042045947117501,2307,100]
["D14",987,42.269807280513902,1015,43.468950749464703,184,7.8800856531049304,100,4.2826552462526797,49,2.0985010706638101,2335,100]
["D15",1030,42.809642560265999,1049,43.599334995843698,194,8.0631753948462208,98,4.0731504571903603,35,1.4546965918537,2406,100]
["D16",984,42.015371477369797,1023,43.680614859094803,187,7.9846285226302296,120,5.1238257899231403,28,1.1955593509820699,2342,100]
["D17",976,41.408570216376802,1043,44.251166737378,196,8.3156554942723808,118,5.0063640220619403,24,1.0182435299109001,2357,100]
["D18",1019,41.271769947347103,1117,45.240988254354001,190,7.6954232482786598,118,4.7792628594572699,25,1.01255569056298,2469,100]
["D19",1024,41.457489878542503,1131,45.789473684210499,164,6.6396761133603199,127,5.1417004048582999,24,0.97165991902834004,2470,100]
["D21",350,17.249876786594399,524,25.825529817644199,491,24.199112863479499,447,22.030556924593402,217,10.6949236076885,2029,100]
["D22",324,16.446700507614199,532,27.005076142132001,455,23.096446700507599,434,22.0304568527919,225,11.4213197969543,1970,100]
["D23",339,17.4114021571649,526,27.015921931176202,439,22.547508988187001,408,20.9553158705701,235,12.0698510529019,1947,100]
["D24",356,18.416968442835,512,26.487325400931201,441,22.8142783238489,440,22.762545266425199,184,9.5188825659596503,1933,100]
["D25",332,17.754010695187201,514,27.4866310160428,443,23.689839572192501,411,21.978609625668501,170,9.0909090909090899,1870,100]
["D26",291,16.2297824874512,463,25.822643614054702,445,24.818739542665899,400,22.308979364194101,194,10.8198549916341,1793,100]
["D27",292,16.395283548568202,428,24.0314430095452,463,25.996631106120201,407,22.852330151600199,191,10.7243121841662,1781,100]
["D28",337,18.079399141630901,443,23.766094420600901,455,24.409871244635202,434,23.283261802575101,195,10.461373390557901,1864,100]
["D29",372,18.921668362156701,474,24.1098677517803,450,22.8891149542218,461,23.4486266531027,209,10.630722278738601,1966,100]
["D31",325,13.912671232876701,194,8.3047945205479508,561,24.015410958904098,1152,49.315068493150697,104,4.4520547945205502,2336,100]
["D32",376,15.5887230514096,205,8.4991708126036496,577,23.922056384743001,1167,48.383084577114403,87,3.6069651741293498,2412,100]
["D33",408,16.915422885572099,200,8.2918739635157603,555,23.009950248756201,1173,48.631840796019901,76,3.1509121061359902,2412,100]
["D34",432,17.5538399024787,207,8.4112149532710294,568,23.080048760666401,1176,47.785453067858597,78,3.1694433157253199,2461,100]
["D35",469,19.276613234689702,209,8.5902178380600098,542,22.277024249897199,1097,45.088368269626002,116,4.7677764077270899,2433,100]
["D36",452,19.474364498061199,197,8.4877208099956896,517,22.274881516587701,1033,44.5066781559673,122,5.2563550193881898,2321,100]
["D37",443,18.527812630698499,176,7.3609368465077401,570,23.8393977415307,1076,45.002091175240501,126,5.2697616060225903,2391,100]
["D38",476,18.933969769291998,169,6.7223548130469402,596,23.707239459029399,1135,45.147175815433599,138,5.4892601431980896,2514,100]
["D39",476,18.4139264990329,194,7.5048355899419699,593,22.9400386847195,1181,45.686653771760199,141,5.4545454545454497,2585,100]
["D41",1557,23.590909090909101,1721,26.075757575757599,1237,18.7424242424242,1703,25.803030303030301,382,5.7878787878787898,6600,100]
["D42",1670,24.664008270565699,1790,26.436272337911699,1219,18.003249150790101,1719,25.387682764731899,373,5.5087874760005899,6771,100]
["D43",1675,25.127512751275098,1725,25.877587758775899,1185,17.7767776777678,1703,25.547554755475598,378,5.6705670567056696,6666,100]
["D44",1775,26.378362312379299,1734,25.769059295586299,1193,17.7292316837569,1716,25.501560410164998,311,4.6217862981126503,6729,100]
["D45",1831,27.291697719481299,1772,26.412282009241299,1179,17.573408853778499,1606,23.937993739752599,321,4.7846176777463096,6709,100]
["D46",1727,26.750309789343198,1683,26.068773234200702,1149,17.797397769516699,1553,24.055142503097901,344,5.3283767038413901,6456,100]
["D47",1711,26.2061571450452,1647,25.225915147802102,1229,18.823709603308298,1601,24.521366212283699,341,5.2228518915607296,6529,100]
["D48",1832,26.756243610340299,1729,25.251935154082101,1241,18.124726157441199,1687,24.638527822404001,358,5.2285672557324396,6847,100]
["D49",1872,26.662868537245402,1799,25.623130608175501,1207,17.191283292978198,1769,25.1958410482837,374,5.32687651331719,7021,100]
["E11",1474,38.2360570687419,1699,44.072632944228303,269,6.9779507133592702,264,6.8482490272373502,149,3.8651102464332001,3855,100]
["E12",1558,39.383215369059698,1792,45.298281092012097,271,6.8503538928210297,269,6.7997977755308403,66,1.66835187057634,3956,100]
["E13",1576,38.875185002466701,1835,45.263936852491398,366,9.0281203749383305,236,5.8214109521460298,41,1.01134681795757,4054,100]
["E14",1601,39.589515331355102,1796,44.411473788328401,374,9.2482690405539092,245,6.0583580613254204,28,0.69238377843719101,4044,100]
["E15",1632,40.426058954669301,1808,44.785731979192498,321,7.9514490958632704,252,6.24225910329453,24,0.59450086698043103,4037,100]
["E16",1618,40.951657808149797,1745,44.166033915464403,312,7.8967350037965103,253,6.4034421665401204,23,0.58213110604910101,3951,100]
["E17",1599,40.718105423987801,1739,44.283167812579599,336,8.5561497326203195,229,5.8314234784823,24,0.611153552330023,3927,100]
["E18",1618,39.195736434108497,1933,46.826550387596903,315,7.6308139534883699,240,5.81395348837209,22,0.53294573643410903,4128,100]
["E19",1568,37.520938023450597,1956,46.805455850682002,297,7.1069633883704197,234,5.5994256999282097,124,2.9672170375687998,4179,100]
["E21",619,19.2774836499533,801,24.945499844285301,744,23.170351915291199,500,15.5714730613516,547,17.035191529118698,3211,100]
["E22",643,19.851806112997799,787,24.297622723062702,741,22.877431305958599,653,20.1605433775857,415,12.8125964803952,3239,100]
["E23",605,19.422150882825001,754,24.2054574638844,711,22.825040128410901,720,23.113964686998401,325,10.4333868378812,3115,100]
["E24",544,17.783589408303399,773,25.269695979078101,780,25.498528931023198,722,23.602484472049699,240,7.8457012095455996,3059,100]
["E25",476,15.819209039547999,766,25.456962445995298,819,27.218344965104698,723,24.0279162512463,225,7.4775672981056802,3009,100]
["E26",463,15.726902173913,746,25.339673913043502,776,26.3586956521739,726,24.660326086956498,233,7.9144021739130404,2944,100]
["E27",484,16.0690571049137,750,24.900398406374499,789,26.195219123506,762,25.298804780876502,227,7.5365205843293497,3012,100]
["E28",499,16.4198749588681,696,22.9022704837117,779,25.633432050016498,767,25.238565317538701,298,9.8058571898650904,3039,100]
["E29",526,17.100130039011699,698,22.691807542262701,758,24.642392717815301,713,23.179453836150799,381,12.3862158647594,3076,100]
["E31",603,13.704545454545499,303,6.8863636363636402,994,22.590909090909101,2122,48.227272727272698,378,8.5909090909090899,4400,100]
["E32",731,15.3668278326676,354,7.4416649148623097,1101,23.144839184359899,2260,47.508934202228303,311,6.5377338658818598,4757,100]
["E33",819,16.626065773446999,454,9.2164027608607402,1115,22.6349979699553,2288,46.447421843280601,250,5.07511165245635,4926,100]
["E34",885,17.490118577075101,463,9.1501976284584998,1120,22.134387351778699,2354,46.521739130434803,238,4.7035573122529604,5060,100]
["E35",944,18.842315369261499,465,9.2814371257485,1128,22.514970059880199,2209,44.091816367265501,264,5.2694610778443103,5010,100]
["E36",921,19.2476489028213,455,9.5088819226750303,1040,21.7345872518286,2086,43.594566353186998,283,5.9143155694879797,4785,100]
["E37",901,19.052653838020699,423,8.9448086276168297,1013,21.421019242968899,2135,45.146965531824897,257,5.4345527595686196,4729,100]
["E38",883,19.229094076655102,373,8.1228222996515704,984,21.428571428571399,2091,45.535714285714299,261,5.6837979094076703,4592,100]
["E39",973,20.283510527413,367,7.6506149676881403,1026,21.388367729831099,2169,45.215759849906199,262,5.4617469251615596,4797,100]
["E41",2696,23.512994941566401,2803,24.446188731903,2007,17.503924646781801,2886,25.170068027210899,1074,9.3668236525379402,11466,100]
["E42",2932,24.531459170013399,2933,24.5398259705489,2113,17.679049531459199,3182,26.623159303882201,792,6.6265060240963898,11952,100]
["E43",3000,24.803637866887101,3043,25.159156676312499,2192,18.123191401405499,3244,26.821000413394,616,5.0930136420008303,12095,100]
["E44",3030,24.911617199704001,3032,24.928060511386999,2274,18.696045383540199,3321,27.304119049576599,506,4.1601578557921597,12163,100]
["E45",3052,25.315195753152,3039,25.207365627073699,2268,18.812209688122099,3184,26.410086264100901,513,4.2551426675514303,12056,100]
["E46",3002,25.7020547945205,2946,25.222602739726,2128,18.219178082191799,3065,26.241438356164402,539,4.6147260273972597,11680,100]
["E47",2984,25.574220089132702,2912,24.957147754542301,2138,18.3236201576963,3126,26.791223860130302,508,4.3537881384984596,11668,100]
["E48",3000,25.512373501148101,3002,25.529381750148801,2078,17.671570711795201,3098,26.3457777021856,581,4.94089633472234,11759,100]
["E49",3067,25.4480584135413,3021,25.066379024228301,2081,17.266843677397901,3116,25.854629936939901,767,6.36408894789247,12052,100]
["F11",243,42.1875,253,43.9236111111111,44,7.6388888888888902,25,4.3402777777777803,11,1.9097222222222201,576,100]
["F12",240,40.201005025125603,264,44.221105527638201,48,8.0402010050251302,28,4.6901172529313202,17,2.84757118927973,597,100]
["F13",252,42.211055276381899,260,43.551088777219398,48,8.0402010050251302,24,4.0201005025125598,13,2.17755443886097,597,100]
["F14",250,42.735042735042697,259,44.273504273504301,50,8.5470085470085504,20,3.41880341880342,6,1.02564102564103,585,100]
["F15",260,44.4444444444444,247,42.2222222222222,46,7.8632478632478602,22,3.7606837606837602,10,1.70940170940171,585,100]
["F16",293,46.214511041009501,258,40.6940063091483,48,7.5709779179810699,25,3.9432176656151401,10,1.5772870662460601,634,100]
["F17",239,39.504132231405002,276,45.619834710743802,58,9.5867768595041305,24,3.9669421487603298,8,1.32231404958678,605,100]
["F18",233,38.009787928221897,294,47.960848287112597,53,8.6460032626427399,27,4.4045676998368704,6,0.97879282218597097,613,100]
["F19",270,40.238450074515598,316,47.093889716840501,43,6.4083457526080503,31,4.6199701937406896,11,1.63934426229508,671,100]
["F21",79,16.952789699570801,120,25.751072961373399,125,26.824034334764001,83,17.811158798283302,59,12.660944206008599,466,100]
["F22",86,18.901098901098901,114,25.054945054945101,105,23.076923076923102,90,19.780219780219799,60,13.1868131868132,455,100]
["F23",88,18.5654008438819,132,27.848101265822802,106,22.3628691983122,85,17.932489451476801,63,13.2911392405063,474,100]
["F24",90,18.181818181818201,143,28.8888888888889,108,21.818181818181799,90,18.181818181818201,64,12.929292929292901,495,100]
["F25",92,19.450317124735701,140,29.598308668076101,101,21.353065539112102,87,18.393234672304398,53,11.2050739957717,473,100]
["F26",79,18.329466357308601,123,28.538283062645,101,23.433874709976799,93,21.577726218097499,35,8.12064965197216,431,100]
["F27",80,18.018018018018001,95,21.396396396396401,123,27.702702702702702,109,24.5495495495495,37,8.3333333333333304,444,100]
["F28",102,20.440881763527099,101,20.240480961923801,134,26.853707414829699,119,23.847695390781599,43,8.6172344689378804,499,100]
["F29",117,21.195652173913,137,24.818840579710098,121,21.9202898550725,120,21.739130434782599,57,10.326086956521699,552,100]
["F31",64,10.322580645161301,46,7.4193548387096797,141,22.741935483871,342,55.161290322580697,27,4.3548387096774199,620,100]
["F32",94,13.9880952380952,54,8.03571428571429,146,21.726190476190499,355,52.827380952380999,23,3.4226190476190501,672,100]
["F33",111,16.767371601208499,46,6.9486404833836897,149,22.507552870090599,341,51.510574018126903,15,2.2658610271903301,662,100]
["F34",116,17.417417417417401,48,7.20720720720721,170,25.525525525525499,329,49.3993993993994,3,0.45045045045045101,666,100]
["F35",146,21.159420289855099,54,7.8260869565217401,166,24.0579710144928,320,46.376811594202898,4,0.57971014492753603,690,100]
["F36",142,20.943952802359899,50,7.3746312684365796,140,20.648967551622398,342,50.442477876106203,4,0.58997050147492602,678,100]
["F37",118,16.8571428571429,43,6.1428571428571397,167,23.8571428571429,368,52.571428571428598,4,0.57142857142857095,700,100]
["F38",126,17.355371900826398,46,6.3360881542699703,175,24.104683195592301,375,51.652892561983499,4,0.55096418732782404,726,100]
["F39",127,16.978609625668501,55,7.3529411764705896,170,22.727272727272702,388,51.871657754010698,8,1.0695187165775399,748,100]
["F41",386,23.2250300842359,419,25.2105896510229,310,18.6522262334537,450,27.0758122743682,97,5.8363417569193698,1662,100]
["F42",420,24.3619489559165,432,25.058004640371198,299,17.343387470997701,473,27.436194895591701,100,5.8004640371229703,1724,100]
["F43",451,26.0242354298904,438,25.274091171379101,303,17.4841315637623,450,25.966532025389501,91,5.2510098095787701,1733,100]
["F44",456,26.116838487972501,450,25.7731958762887,328,18.785796105383699,439,25.143184421534901,73,4.1809851088201597,1746,100]
["F45",498,28.489702517162499,441,25.228832951945101,313,17.906178489702501,429,24.542334096109801,67,3.8329519450800902,1748,100]
["F46",514,29.489386115892099,431,24.7274813539874,289,16.5806081468732,460,26.391279403327601,49,2.8112449799196799,1743,100]
["F47",437,24.9857061177816,414,23.670668953687802,348,19.897084048027398,501,28.6449399656947,49,2.8016009148084602,1749,100]
["F48",461,25.081610446137098,441,23.993471164309,362,19.6953210010881,521,28.346028291621302,53,2.8835690968444001,1838,100]
["F49",514,26.078132927447999,508,25.773718924403902,334,16.9457128361238,539,27.346524606798599,76,3.85591070522577,1971,100]
["G11",674,36.6503534529636,852,46.3295269168026,120,6.5252854812398002,121,6.5796628602501404,72,3.9151712887438799,1839,100]
["G12",744,38.629283489096601,917,47.611630321910702,97,5.03634475597093,120,6.2305295950155797,48,2.4922118380062299,1926,100]
["G13",777,39.642857142857103,898,45.816326530612301,135,6.8877551020408196,115,5.8673469387755102,35,1.78571428571429,1960,100]
["G14",708,38.3116883116883,842,45.562770562770602,161,8.7121212121212093,117,6.3311688311688297,20,1.08225108225108,1848,100]
["G15",732,39.376008606777802,834,44.862829478214103,162,8.7143625605164097,117,6.2937062937062898,14,0.75309306078536897,1859,100]
["G16",713,40.214326001128001,768,43.316412859560103,155,8.7422447828539198,125,7.0501974055273502,12,0.67681895093062605,1773,100]
["G17",613,37.355271176112097,728,44.363193174893397,160,9.7501523461304096,129,7.86106032906764,11,0.67032297379646599,1641,100]
["G18",681,37.274220032840702,863,47.235905856595501,151,8.2649151614668899,123,6.7323481116584603,9,0.49261083743842399,1827,100]
["G19",739,37.589013224821997,966,49.135300101729399,142,7.2227873855544296,106,5.3916581892166802,13,0.66124109867751801,1966,100]
["G21",307,19.7427652733119,411,26.4308681672026,340,21.864951768488702,156,10.032154340836,341,21.9292604501608,1555,100]
["G22",317,20.1782304264799,398,25.3341820496499,369,23.488224061107601,240,15.276893698281301,247,15.7224697644812,1571,100]
["G23",288,19.341840161181999,365,24.513096037609099,349,23.438549361987899,324,21.759570181329799,163,10.9469442578912,1489,100]
["G24",260,17.783857729138202,354,24.213406292749699,364,24.897400820793401,357,24.418604651162799,127,8.6867305061559499,1462,100]
["G25",217,15.6678700361011,344,24.837545126353799,365,26.353790613718399,344,24.837545126353799,115,8.3032490974729303,1385,100]
["G26",206,15.594246782740299,320,24.224072672218,356,26.949280847842498,331,25.056775170325501,108,8.1756245268735803,1321,100]
["G27",211,15.7580283793876,321,23.973114264376399,372,27.781926811053001,347,25.9148618371919,88,6.5720687079910398,1339,100]
["G28",229,16.887905604719801,325,23.967551622418899,379,27.949852507374601,335,24.705014749262499,88,6.4896755162241897,1356,100]
["G29",262,18.6211798152097,348,24.733475479744101,374,26.581378820184799,304,21.606254442075301,119,8.4577114427860707,1407,100]
["G31",317,13.202832153269499,147,6.12244897959184,584,24.323198667222002,1187,49.437734277384401,166,6.9137859225322797,2401,100]
["G32",401,15.137787844469599,172,6.4930162325405796,649,24.499811249528101,1276,48.1691204228011,151,5.7002642506606298,2649,100]
["G33",473,17.3961015079073,226,8.3118793674144893,626,23.0231702831923,1248,45.899227657226902,146,5.3696211842589197,2719,100]
["G34",492,18.531073446327699,218,8.2109227871939705,595,22.410546139359699,1203,45.310734463276802,147,5.5367231638418097,2655,100]
["G35",516,19.907407407407401,214,8.2561728395061706,610,23.533950617283999,1108,42.746913580246897,144,5.5555555555555598,2592,100]
["G36",510,20.440881763527099,223,8.9378757515030092,583,23.366733466933901,1039,41.643286573146298,140,5.6112224448897798,2495,100]
["G37",513,20.9901800327332,230,9.4108019639934497,540,22.094926350245501,1034,42.307692307692299,127,5.1963993453355197,2444,100]
["G38",531,21.869851729818802,229,9.4316309719934104,519,21.3756177924217,1024,42.174629324546999,125,5.1482701812191101,2428,100]
["G39",562,22.7622519238558,217,8.7889833940866708,547,22.154718509517998,1044,42.284325637910101,99,4.0097205346294,2469,100]
["G41",1298,22.3986194995686,1410,24.3313201035375,1044,18.015530629853298,1464,25.2631578947368,579,9.9913718723037093,5795,100]
["G42",1462,23.787829482590301,1487,24.194598112593599,1115,18.1418808981451,1636,26.618939147412998,446,7.2567523592580496,6146,100]
["G43",1538,24.935149156939001,1489,24.140726329442298,1110,17.9961089494163,1687,27.3508430609598,344,5.5771725032425401,6168,100]
["G44",1460,24.476110645431699,1414,23.704945515507099,1120,18.776194467728399,1677,28.1139983235541,294,4.92875104777871,5965,100]
["G45",1465,25.1028101439342,1392,23.851953392734799,1137,19.482522275531199,1569,26.884852638793699,273,4.6778615490061703,5836,100]
["G46",1429,25.568080157452101,1311,23.456790123456798,1094,19.574163535516199,1495,26.748971193415599,260,4.6519949901592401,5589,100]
["G47",1337,24.649705014749301,1279,23.580383480826001,1072,19.76401179941,1510,27.839233038348102,226,4.1666666666666696,5424,100]
["G48",1441,25.681696667260699,1417,25.253965425057899,1049,18.695419711281399,1482,26.412404206023901,222,3.9565139903760498,5611,100]
["G49",1563,26.754536117767898,1531,26.206778500513501,1063,18.1958233481684,1454,24.888736733995199,231,3.9541252995549501,5842,100]
["H11",224,40.579710144927503,241,43.659420289855099,48,8.6956521739130395,28,5.0724637681159397,11,1.99275362318841,552,100]
["H12",214,37.876106194690301,254,44.955752212389399,52,9.2035398230088497,33,5.8407079646017701,12,2.1238938053097298,565,100]
["H13",270,43.618739903069503,256,41.3570274636511,45,7.2697899838449098,35,5.6542810985460399,13,2.1001615508885298,619,100]
["H14",222,42.205323193916399,233,44.296577946768103,26,4.9429657794676798,30,5.7034220532319404,15,2.8517110266159702,526,100]
["H15",211,37.611408199643499,276,49.197860962566899,32,5.7040998217468797,29,5.1693404634581102,13,2.3172905525846699,561,100]
["H16",251,39.280125195618197,298,46.635367762128297,35,5.4773082942097,36,5.6338028169014098,19,2.9733959311424099,639,100]
["H17",213,39.082568807339499,240,44.0366972477064,39,7.1559633027522898,37,6.78899082568807,16,2.9357798165137599,545,100]
["H18",242,41.226575809199304,266,45.315161839863698,41,6.9846678023850099,31,5.2810902896081799,7,1.19250425894378,587,100]
["H19",294,45.300462249614803,284,43.759630200308202,34,5.2388289676425304,20,3.08166409861325,17,2.6194144838212599,649,100]
["H21",97,22.045454545454501,126,28.636363636363601,114,25.909090909090899,57,12.954545454545499,46,10.454545454545499,440,100]
["H22",84,19.6261682242991,109,25.467289719626201,105,24.532710280373799,76,17.757009345794401,54,12.616822429906501,428,100]
["H23",68,16.152019002375301,105,24.940617577197099,115,27.315914489311201,77,18.2897862232779,56,13.301662707838499,421,100]
["H24",57,14.9606299212598,103,27.0341207349081,98,25.721784776902901,75,19.685039370078702,48,12.5984251968504,381,100]
["H25",60,14.3540669856459,115,27.511961722488,110,26.315789473684202,85,20.334928229665099,48,11.4832535885167,418,100]
["H26",66,14.410480349345001,137,29.9126637554585,118,25.764192139738,86,18.7772925764192,51,11.1353711790393,458,100]
["H27",59,13.7209302325581,132,30.697674418604699,100,23.255813953488399,77,17.906976744186,62,14.4186046511628,430,100]
["H28",55,13.126491646778,127,30.310262529832901,106,25.298329355608601,70,16.706443914081099,61,14.5584725536993,419,100]
["H29",54,13.846153846153801,118,30.256410256410302,119,30.5128205128205,63,16.153846153846199,36,9.2307692307692299,390,100]
["H31",54,11.4649681528662,37,7.8556263269639102,109,23.142250530785599,255,54.140127388534999,16,3.3970276008492601,471,100]
["H32",48,9.1954022988505706,34,6.5134099616858201,139,26.628352490421499,283,54.2145593869732,18,3.4482758620689702,522,100]
["H33",68,11.5646258503401,37,6.2925170068027203,157,26.700680272108901,303,51.530612244898002,23,3.9115646258503398,588,100]
["H34",70,12.6582278481013,39,7.0524412296564201,130,23.5081374321881,291,52.622061482821003,23,4.1591320072332696,553,100]
["H35",73,13.931297709923699,39,7.4427480916030504,107,20.419847328244298,284,54.198473282442798,21,4.0076335877862599,524,100]
["H36",87,16.353383458646601,40,7.5187969924812004,103,19.3609022556391,280,52.631578947368403,22,4.1353383458646604,532,100]
["H37",82,15.830115830115799,36,6.9498069498069501,101,19.498069498069501,270,52.123552123552102,29,5.5984555984556001,518,100]
["H38",87,16.3841807909605,33,6.2146892655367196,108,20.338983050847499,264,49.7175141242938,39,7.3446327683615804,531,100]
["H39",85,16.283524904214602,34,6.5134099616858201,101,19.348659003831401,255,48.850574712643699,47,9.0038314176245198,522,100]
["H41",375,25.6322624743677,404,27.614490772385501,271,18.523581681476401,340,23.239917976760101,73,4.9897470950102498,1463,100]
["H42",346,22.838283828382799,397,26.204620462046201,296,19.537953795379501,392,25.8745874587459,84,5.5445544554455504,1515,100]
["H43",406,24.938574938574899,398,24.447174447174501,317,19.471744471744501,415,25.491400491400501,92,5.6511056511056497,1628,100]
["H44",349,23.904109589041099,375,25.684931506849299,254,17.397260273972599,396,27.123287671232902,86,5.89041095890411,1460,100]
["H45",344,22.8875582168995,430,28.609447771124401,249,16.566866267465102,398,26.480372588157,82,5.4557551563539599,1503,100]
["H46",404,24.8004910988336,475,29.158993247390999,256,15.7151626764886,402,24.677716390423601,92,5.6476365868631104,1629,100]
["H47",354,23.7106496985934,408,27.327528466175501,240,16.075016744809101,384,25.7200267916946,107,7.1667782987273903,1493,100]
["H48",384,24.983734547820401,426,27.7163305139883,255,16.590761223162001,365,23.7475601821731,107,6.9616135328562097,1537,100]
["H49",433,27.7386290839206,436,27.9308135810378,254,16.271620755925699,338,21.652786675208201,100,6.4061499039077496,1561,100]
["L11",327,38.023255813953497,346,40.232558139534902,62,7.2093023255814002,75,8.7209302325581408,50,5.81395348837209,860,100]
["L12",376,39.915074309978799,382,40.552016985138003,95,10.084925690021199,83,8.8110403397027603,6,0.63694267515923597,942,100]
["L13",341,36.084656084656103,395,41.798941798941797,148,15.6613756613757,61,6.4550264550264602,"0","0.0%",945,100]
["L14",396,39.246778989098097,404,40.039643211100099,146,14.4697720515362,62,6.1446977205153601,1,9.9108027750247796E-2,1009,100]
["L15",434,41.412213740458,438,41.793893129771,102,9.7328244274809208,70,6.6793893129770998,4,0.38167938931297701,1048,100]
["L16",439,40.312213039485798,478,43.8934802571166,94,8.6317722681359008,73,6.7033976124885202,5,0.45913682277318602,1089,100]
["L17",456,40.1762114537445,508,44.757709251101303,109,9.6035242290748908,55,4.8458149779735704,7,0.616740088105727,1135,100]
["L18",448,38.787878787878803,545,47.186147186147203,97,8.3982683982683994,59,5.1082251082251098,6,0.51948051948051899,1155,100]
["L19",472,40.273037542662102,530,45.221843003412999,90,7.6791808873720102,75,6.3993174061433402,5,0.426621160409556,1172,100]
["L21",143,19.194630872483199,192,25.7718120805369,183,24.5637583892617,153,20.5369127516779,74,9.9328859060402692,745,100]
["L22",139,19.041095890411,166,22.7397260273973,171,23.424657534246599,187,25.616438356164402,67,9.1780821917808204,730,100]
["L23",131,18.687589158345201,158,22.539229671897299,167,23.823109843081301,184,26.248216833095601,61,8.7018544935805995,701,100]
["L24",120,16.806722689075599,188,26.330532212885199,198,27.731092436974802,182,25.490196078431399,26,3.6414565826330501,714,100]
["L25",115,15.2116402116402,195,25.793650793650801,207,27.380952380952401,199,26.322751322751301,40,5.2910052910052903,756,100]
["L26",100,13.6239782016349,197,26.8392370572207,191,26.021798365122599,178,24.250681198910101,68,9.2643051771117193,734,100]
["L27",97,13.1081081081081,195,26.351351351351301,190,25.675675675675699,174,23.513513513513502,84,11.351351351351401,740,100]
["L28",109,14.8097826086957,154,20.923913043478301,167,22.690217391304301,195,26.494565217391301,111,15.0815217391304,736,100]
["L29",118,15.733333333333301,149,19.866666666666699,175,23.3333333333333,198,26.4,110,14.6666666666667,750,100]
["L31",144,14.906832298136599,86,8.9026915113871592,186,19.254658385093201,439,45.445134575569398,111,11.490683229813699,966,100]
["L32",180,17.9461615154536,95,9.4715852442671995,215,21.435692921236299,463,46.161515453639097,50,4.9850448654037898,1003,100]
["L33",174,17.109144542772899,119,11.701081612586,208,20.452310717797399,487,47.885939036381501,29,2.8515240904621399,1017,100]
["L34",190,16.814159292035399,132,11.681415929203499,239,21.150442477876101,536,47.433628318584098,33,2.9203539823008899,1130,100]
["L35",222,18.5929648241206,131,10.971524288107201,253,21.189279731993299,540,45.226130653266303,48,4.0201005025125598,1194,100]
["L36",219,19.0104166666667,119,10.3298611111111,229,19.8784722222222,537,46.6145833333333,48,4.1666666666666696,1152,100]
["L37",195,17.256637168141602,90,7.9646017699114999,228,20.1769911504425,572,50.6194690265487,45,3.98230088495575,1130,100]
["L38",157,15.794768611669999,60,6.0362173038229399,206,20.724346076458801,516,51.911468812877303,55,5.5331991951710302,994,100]
["L39",205,19.034354688950799,76,7.0566388115134604,219,20.334261838440099,526,48.839368616527402,51,4.73537604456825,1077,100]
["L41",614,23.881758070789601,624,24.2707117852976,431,16.763905095293701,667,25.943212757681799,235,9.1404122909373804,2571,100]
["L42",695,25.981308411215,643,24.037383177570099,481,17.981308411215,733,27.401869158878501,123,4.5981308411214998,2675,100]
["L43",646,24.2583552384529,672,25.234697709350399,523,19.639504318437901,732,27.487795719113802,90,3.3796470146451401,2663,100]
["L44",706,24.7458815282159,724,25.376796354714301,583,20.434630213809999,780,27.3396424815983,60,2.1030494216614102,2853,100]
["L45",771,25.717144763175501,764,25.4836557705137,562,18.745830553702501,809,26.984656437625102,92,3.0687124749833199,2998,100]
["L46",758,25.4789915966387,794,26.689075630252098,514,17.2773109243698,788,26.487394957983199,121,4.0672268907562996,2975,100]
["L47",748,24.891846921797001,793,26.389351081530801,527,17.5374376039933,801,26.655574043261201,136,4.5257903494176404,3005,100]
["L48",714,24.748700173310201,759,26.3084922010399,470,16.291161178509501,770,26.689774696707101,172,5.9618717504332803,2885,100]
["L49",795,26.508836278759599,755,25.175058352784301,484,16.1387129043014,799,26.642214071357099,166,5.5351783927975999,2999,100]
["M11",3184,38.744220004867401,3619,44.037478705281103,600,7.3010464833292801,450,5.4757848624969601,365,4.44146994402531,8218,100]
["M12",3341,39.459076414314403,3759,44.395889925593501,610,7.2044407700484197,478,5.6454470296445001,279,3.2951458603992001,8467,100]
["M13",3378,39.504151561220901,3756,43.924687171091101,747,8.7358203718863301,462,5.4028768565080103,208,2.4324640392936501,8551,100]
["M14",3477,40.728593182616898,3746,43.8795829916833,737,8.6330092538362404,445,5.2126039592362696,132,1.54621061262739,8537,100]
["M15",3538,41.1730478296288,3835,44.6293494704992,662,7.7039450715698798,459,5.3415570813452797,99,1.15210054695683,8593,100]
["M16",3530,41.0417393326357,3819,44.401813742588097,656,7.6270201139402403,491,5.7086385304034399,105,1.2207882804325101,8601,100]
["M17",3502,40.844413342663898,3804,44.366689993002097,710,8.2808490786097497,456,5.3184044786564,102,1.1896431070678799,8574,100]
["M18",3563,40.405987752324798,4052,45.951462916761201,661,7.4960308459968203,452,5.1258788841007004,90,1.02063960081651,8818,100]
["M19",3499,39.568019902747899,4076,46.092954879565802,587,6.6380187719099899,440,4.9756869840551898,241,2.7253194617211398,8843,100]
["M21",1261,17.828361374240099,1810,25.5902728686555,1683,23.7947122861586,1272,17.983882369574399,1047,14.8027711013714,7073,100]
["M22",1257,17.890691716481602,1782,25.362937660119599,1637,23.299174494733801,1445,20.566467406774802,905,12.880728721890099,7026,100]
["M23",1213,17.819891288379601,1745,25.635375348905502,1616,23.740267371823101,1486,21.830468635228399,747,10.9739973556633,6807,100]
["M24",1136,17.0544963218736,1743,26.167242155832501,1641,24.635940549467101,1517,22.774358204473799,624,9.3679627683531006,6661,100]
["M25",1021,15.369561944904399,1758,26.463947011892198,1702,25.620954388077699,1532,23.061869637212101,630,9.4836670179135893,6643,100]
["M26",996,15.090909090909101,1713,25.954545454545499,1663,25.196969696969699,1552,23.515151515151501,676,10.2424242424242,6600,100]
["M27",1043,15.783898305084699,1655,25.045399515738499,1667,25.226997578692501,1581,23.925544794188902,662,10.018159806295399,6608,100]
["M28",1113,16.506006228681599,1618,23.995254337831799,1693,25.107518908497699,1607,23.8321222008008,712,10.559098324188,6743,100]
["M29",1195,17.231434751261698,1670,24.080749819754899,1711,24.671953857245899,1567,22.595529920692101,792,11.4203316510454,6935,100]
["M31",1136,13.1511924056495,630,7.2933549432739104,1999,23.141931002546901,4277,49.513776337115097,596,6.8997453114146801,8638,100]
["M32",1348,14.7839438473349,696,7.6332529063391101,2127,23.327484097389799,4462,48.936170212766001,485,5.31914893617021,9118,100]
["M33",1483,15.8287970968086,806,8.6028391503895794,2142,22.862632084534098,4525,48.297577116020904,413,4.4081545522467698,9369,100]
["M34",1585,16.443614482830199,851,8.8287166718539307,2189,22.709824670608999,4606,47.785039941902703,408,4.2328042328042299,9639,100]
["M35",1713,17.854909318324001,850,8.8597039816551995,2141,22.316030852616201,4424,46.112153429226602,466,4.85720241817803,9594,100]
["M36",1681,18.2856521266181,797,8.6696399434352198,1996,21.7121723050147,4204,45.730447079299502,515,5.60208854563255,9193,100]
["M37",1610,17.540037041072001,730,7.9529360496786099,1981,21.5818716635799,4230,46.083451356356903,628,6.8417038893125603,9179,100]
["M38",1660,17.895644674428599,692,7.4601121172919402,2006,21.625700733074599,4248,45.7956015523933,670,7.22294092281156,9276,100]
["M39",1816,18.8499065808595,724,7.5150508615320799,2083,21.621341083661999,4430,45.982976956611999,581,6.0307245173344404,9634,100]
["M41",5581,23.3231643612353,6059,25.320740524050301,4282,17.894604872748602,5999,25.069998746291098,2008,8.3914914956747104,23929,100]
["M42",5946,24.159928487261801,6237,25.342326601926001,4374,17.7725407338182,6385,25.943683718662399,1669,6.7815204583316397,24611,100]
["M43",6074,24.564241517369702,6307,25.506531322036601,4505,18.218950944311899,6473,26.177862255833698,1368,5.53241396044809,24727,100]
["M44",6198,24.9547046744776,6340,25.5264323388493,4567,18.3878890365181,6568,26.444417602770098,1164,4.6865563473849496,24837,100]
["M45",6272,25.2597664115989,6443,25.9484494563029,4505,18.143374949657701,6415,25.835682641965398,1195,4.8127265404752304,24830,100]
["M46",6207,25.4447815036484,6329,25.944904484709401,4315,17.688775928506999,6247,25.608756251537301,1296,5.3127818315979303,24394,100]
["M47",6155,25.2657936866303,6189,25.405361027872399,4358,17.8892492098026,6267,25.7255449283691,1392,5.7140511473256401,24361,100]
["M48",6336,25.510327334219099,6362,25.615009864315301,4360,17.554455046905801,6307,25.3935660506502,1472,5.9266417039094899,24837,100]
["M49",6510,25.617818353533799,6470,25.460412403588901,4381,17.239886667716,6437,25.330552494884301,1614,6.3513300802770303,25412,100]
["N11",314,40.832249674902499,362,47.074122236671002,35,4.5513654096228899,35,4.5513654096228899,23,2.9908972691807501,769,100]
["N12",321,40.787801778907202,354,44.980940279542601,43,5.4637865311308804,44,5.5908513341804298,25,3.1766200762388799,787,100]
["N13",344,43.053817271589502,330,41.301627033792201,51,6.3829787234042596,50,6.2578222778473096,24,3.0037546933667101,799,100]
["N14",342,43.236409608091002,328,41.466498103666197,52,6.5739570164348899,50,6.3211125158027803,19,2.40202275600506,791,100]
["N15",342,42.643391521197003,346,43.142144638403998,43,5.3615960099750604,62,7.7306733167082298,9,1.1221945137157101,802,100]
["N16",339,41.851851851851897,361,44.567901234567898,44,5.4320987654320998,53,6.5432098765432096,13,1.6049382716049401,810,100]
["N17",352,42.105263157894697,368,44.019138755980897,55,6.5789473684210504,44,5.2631578947368398,17,2.0334928229665099,836,100]
["N18",352,42.615012106537499,362,43.825665859564197,53,6.4164648910411604,45,5.4479418886198498,14,1.6949152542372901,826,100]
["N19",327,40.671641791044799,374,46.517412935323399,45,5.5970149253731298,38,4.7263681592039797,20,2.4875621890547301,804,100]
["N21",96,13.540197461212999,193,27.221438645980299,174,24.5416078984485,147,20.733427362482399,99,13.9633286318759,709,100]
["N22",95,13.157894736842101,195,27.008310249307499,177,24.515235457063699,176,24.376731301939099,79,10.9418282548476,722,100]
["N23",90,13.8036809815951,176,26.9938650306749,164,25.153374233128801,162,24.846625766871199,60,9.2024539877300597,652,100]
["N24",79,12.8874388254486,156,25.448613376835201,164,26.753670473083201,149,24.3066884176183,65,10.6035889070147,613,100]
["N25",73,10.944527736131899,177,26.5367316341829,172,25.787106446776601,172,25.787106446776601,73,10.944527736131899,667,100]
["N26",81,11.587982832618,189,27.038626609442101,173,24.749642346208901,173,24.749642346208901,83,11.8741058655222,699,100]
["N27",96,13.5785007072136,176,24.893917963224901,175,24.752475247524799,167,23.6209335219236,93,13.154172560113199,707,100]
["N28",112,14.678899082568799,177,23.197903014416799,196,25.688073394495401,198,25.950196592398399,80,10.484927916120601,763,100]
["N29",121,14.738124238733301,197,23.995127892813599,220,26.796589524969502,200,24.360535931790501,83,10.109622411693101,821,100]
["N31",58,8.4671532846715305,44,6.4233576642335803,140,20.437956204379599,385,56.204379562043798,58,8.4671532846715305,685,100]
["N32",78,11.538461538461499,53,7.8402366863905302,124,18.3431952662722,375,55.473372781065102,46,6.8047337278106497,676,100]
["N33",79,11.205673758865199,58,8.2269503546099294,122,17.304964539007099,395,56.028368794326198,51,7.2340425531914896,705,100]
["N34",82,10.110974106041899,68,8.3847102342786695,163,20.098643649814999,438,54.007398273736101,60,7.3982737361282398,811,100]
["N35",99,12.1621621621622,57,7.0024570024569996,160,19.656019656019701,448,55.036855036855002,50,6.1425061425061402,814,100]
["N36",113,14.0897755610973,42,5.2369077306733196,137,17.0822942643392,445,55.486284289276803,65,8.1047381546134698,802,100]
["N37",88,10.5642256902761,31,3.72148859543818,100,12.004801920768299,427,51.260504201680703,187,22.4489795918367,833,100]
["N38",88,10.1033295063146,42,4.8220436280137804,118,13.547646383467301,415,47.646383467279001,208,23.880597014925399,871,100]
["N39",140,14.9892933618844,63,6.7451820128479696,157,16.809421841541798,457,48.9293361884368,117,12.5267665952891,934,100]
["N41",468,21.636615811373101,599,27.693018955154901,349,16.1349976883957,567,26.213592233009699,180,8.3217753120665705,2163,100]
["N42",494,22.6086956521739,602,27.551487414187601,344,15.7437070938215,595,27.2311212814645,150,6.8649885583524002,2185,100]
["N43",513,23.794063079777398,564,26.159554730983299,337,15.6307977736549,607,28.153988868274599,135,6.2615955473098301,2156,100]
["N44",503,22.708803611738102,552,24.920993227991001,379,17.110609480812599,637,28.758465011286699,144,6.5011286681715603,2215,100]
["N45",514,22.5142356548401,580,25.405168637757299,375,16.425755584756899,682,29.8729741568112,132,5.78186596583443,2283,100]
["N46",533,23.063608827347501,592,25.616616183470398,354,15.318044136737299,671,29.035049762007802,161,6.9666810904370404,2311,100]
["N47",536,22.5589225589226,575,24.200336700336699,330,13.8888888888889,638,26.851851851851901,297,12.5,2376,100]
["N48",552,22.439024390243901,581,23.617886178861799,367,14.918699186991899,658,26.747967479674799,302,12.2764227642276,2460,100]
["N49",588,22.977725674091399,634,24.775302852676798,422,16.490816725283299,695,27.1590465025401,220,8.5971082454083607,2559,100]
["R11",5,33.3333333333333,7,46.6666666666667,1,6.6666666666666696,1,6.6666666666666696,1,6.6666666666666696,15,100]
["R12",20,42.553191489361701,22,46.808510638297903,1,2.12765957446809,"0","0.0%",4,8.5106382978723403,47,100]
["R13",18,38.297872340425499,23,48.936170212766001,2,4.2553191489361701,"0","0.0%",4,8.5106382978723403,47,100]
["R14",7,31.818181818181799,10,45.454545454545503,2,9.0909090909090899,"0","0.0%",3,13.636363636363599,22,100]
["R15",21,42,23,46,1,2,2,4,3,6,50,100]
["R16",17,32.692307692307701,28,53.846153846153904,1,1.92307692307692,2,3.8461538461538498,4,7.6923076923076898,52,100]
["R17",4,17.3913043478261,13,56.521739130434803,"0","0.0%",3,13.0434782608696,3,13.0434782608696,23,100]
["R18",17,45.945945945946001,17,45.945945945946001,1,2.7027027027027,2,5.4054054054054097,"0","0.0%",37,100]
["R19",16,45.714285714285701,17,48.571428571428598,1,2.8571428571428599,"0","0.0%",1,2.8571428571428599,35,100]
["R21",4,16.6666666666667,5,20.8333333333333,6,25,6,25,3,12.5,24,100]
["R22",3,14.285714285714301,6,28.571428571428601,3,14.285714285714301,4,19.047619047619101,5,23.8095238095238,21,100]
["R23",2,13.3333333333333,3,20,3,20,3,20,4,26.6666666666667,15,100]
["R24",2,13.3333333333333,3,20,4,26.6666666666667,3,20,3,20,15,100]
["R25",1,5.2631578947368398,4,21.052631578947398,5,26.315789473684202,3,15.789473684210501,6,31.578947368421101,19,100]
["R26",2,7.6923076923076898,6,23.076923076923102,5,19.230769230769202,6,23.076923076923102,7,26.923076923076898,26,100]
["R27",3,13.0434782608696,6,26.086956521739101,4,17.3913043478261,7,30.434782608695699,3,13.0434782608696,23,100]
["R28",4,16.6666666666667,8,33.3333333333333,6,25,5,20.8333333333333,1,4.1666666666666696,24,100]
["R29",5,15.625,13,40.625,4,12.5,5,15.625,5,15.625,32,100]
["R31",4,14.814814814814801,4,14.814814814814801,6,22.2222222222222,12,44.4444444444444,1,3.7037037037037002,27,100]
["R32",3,12.5,2,8.3333333333333304,6,25,11,45.8333333333333,2,8.3333333333333304,24,100]
["R33",3,13.636363636363599,2,9.0909090909090899,3,13.636363636363599,12,54.545454545454497,2,9.0909090909090899,22,100]
["R34",3,13.636363636363599,2,9.0909090909090899,2,9.0909090909090899,15,68.181818181818201,"0","0.0%",22,100]
["R35",3,13.0434782608696,"0","0.0%",5,21.739130434782599,13,56.521739130434803,2,8.6956521739130395,23,100]
["R36",3,15,"0","0.0%",3,15,9,45,5,25,20,100]
["R37",2,11.1111111111111,1,5.5555555555555598,3,16.6666666666667,7,38.8888888888889,5,27.7777777777778,18,100]
["R38",5,17.241379310344801,3,10.3448275862069,5,17.241379310344801,12,41.379310344827601,4,13.7931034482759,29,100]
["R39",7,19.4444444444444,4,11.1111111111111,7,19.4444444444444,16,44.4444444444444,2,5.5555555555555598,36,100]
["R41",13,19.696969696969699,16,24.2424242424242,13,19.696969696969699,19,28.7878787878788,5,7.5757575757575797,66,100]
["R42",26,28.260869565217401,30,32.6086956521739,10,10.869565217391299,15,16.304347826087,11,11.9565217391304,92,100]
["R43",23,27.380952380952401,28,33.3333333333333,8,9.5238095238095202,15,17.8571428571429,10,11.9047619047619,84,100]
["R44",12,20.338983050847499,15,25.4237288135593,8,13.559322033898299,18,30.508474576271201,6,10.1694915254237,59,100]
["R45",25,27.173913043478301,27,29.347826086956498,11,11.9565217391304,18,19.565217391304301,11,11.9565217391304,92,100]
["R46",22,22.4489795918367,34,34.6938775510204,9,9.1836734693877595,17,17.3469387755102,16,16.326530612244898,98,100]
["R47",9,14.0625,20,31.25,7,10.9375,17,26.5625,11,17.1875,64,100]
["R48",26,28.8888888888889,28,31.1111111111111,12,13.3333333333333,19,21.1111111111111,5,5.5555555555555598,90,100]
["R49",28,27.184466019417499,34,33.009708737864102,12,11.6504854368932,21,20.3883495145631,8,7.7669902912621396,103,100]
["S11",435,37.5,542,46.724137931034498,109,9.3965517241379306,55,4.7413793103448301,19,1.63793103448276,1160,100]
["S12",531,41.516810007818599,579,45.269741985926501,94,7.3494917904613004,61,4.7693510555121197,14,1.0946051602814699,1279,100]
["S13",534,41.4596273291925,568,44.099378881987597,98,7.6086956521739104,71,5.5124223602484497,17,1.31987577639752,1288,100]
["S14",531,41.778127458694001,558,43.902439024390198,102,8.02517702596381,67,5.2714398111723098,13,1.0228166797797,1271,100]
["S15",562,42.034405385190702,595,44.502617801047101,113,8.4517576664173504,60,4.4876589379207203,7,0.52356020942408399,1337,100]
["S16",530,40.769230769230802,585,45,108,8.3076923076923102,71,5.4615384615384599,6,0.46153846153846201,1300,100]
["S17",519,40.4836193447738,574,44.773790951638098,108,8.4243369734789404,68,5.3042121684867398,13,1.0140405616224699,1282,100]
["S18",548,39.825581395348799,637,46.293604651162802,110,7.9941860465116301,68,4.9418604651162799,13,0.94476744186046502,1376,100]
["S19",551,39.956490210297297,647,46.918056562726598,97,7.0340826686004299,78,5.6562726613488001,6,0.43509789702683099,1379,100]
["S21",155,14.6919431279621,277,26.255924170616101,252,23.886255924170602,278,26.350710900473899,93,8.8151658767772503,1055,100]
["S22",158,14.5354185832567,298,27.4149034038638,255,23.4590616375345,254,23.367065317387301,122,11.2235510579577,1087,100]
["S23",168,15.8640226628895,281,26.5344664778093,247,23.3238904627007,232,21.907459867799801,131,12.370160528800801,1059,100]
["S24",172,16.602316602316598,267,25.772200772200801,246,23.745173745173702,267,25.772200772200801,84,8.1081081081081106,1036,100]
["S25",170,16.585365853658502,269,26.243902439024399,251,24.487804878048799,251,24.487804878048799,84,8.1951219512195106,1025,100]
["S26",151,15.5349794238683,237,24.382716049382701,241,24.794238683127599,218,22.427983539094701,125,12.8600823045268,972,100]
["S27",146,15.482502651113499,234,24.8144220572641,222,23.541887592788999,213,22.587486744432699,128,13.5737009544009,943,100]
["S28",170,17.051153460381101,245,24.5737211634905,218,21.8655967903711,237,23.7713139418255,127,12.7382146439318,997,100]
["S29",187,17.608286252353999,253,23.8229755178908,251,23.634651600753301,255,24.011299435028299,116,10.922787193973599,1062,100]
["S31",215,16.056758775205399,122,9.1112770724421193,335,25.018670649738599,660,49.2905153099328,7,0.52277819268110504,1339,100]
["S32",240,17.712177121771202,128,9.4464944649446494,329,24.280442804427999,622,45.904059040590397,36,2.65682656826568,1355,100]
["S33",259,18.9051094890511,133,9.7080291970802897,305,22.262773722627699,630,45.985401459854003,43,3.1386861313868599,1370,100]
["S34",268,19.197707736389699,129,9.2406876790830896,300,21.489971346704898,652,46.704871060171897,47,3.36676217765043,1396,100]
["S35",270,20.270270270270299,116,8.7087087087087092,283,21.246246246246201,577,43.318318318318298,86,6.4564564564564604,1332,100]
["S36",263,21.023181454836099,112,8.9528377298161494,288,23.021582733812998,496,39.648281374900101,92,7.3541167066346897,1251,100]
["S37",277,21.9492868462758,106,8.3993660855784498,300,23.771790808240901,494,39.144215530903303,85,6.7353407290015896,1262,100]
["S38",304,22.771535580524301,98,7.3408239700374498,311,23.295880149812699,527,39.475655430711598,95,7.11610486891386,1335,100]
["S39",290,20.8483105679367,114,8.1955427749820302,331,23.7958303378864,559,40.186915887850503,97,6.9734004313443601,1391,100]
["S41",805,22.650534608891402,941,26.477208778840701,696,19.583567810917302,993,27.940348902644899,119,3.3483398987056798,3554,100]
["S42",929,24.966406879870998,1005,27.008868583714101,678,18.220908357968302,937,25.1814028486966,172,4.6224133297500698,3721,100]
["S43",961,25.854183481302101,982,26.419155232714601,650,17.487220877051399,933,25.100887812752202,191,5.1385525961797196,3717,100]
["S44",971,26.221982176613601,954,25.762894950040501,648,17.499324871725602,986,26.627059141236799,144,3.8887388603834698,3703,100]
["S45",1002,27.1250676773146,980,26.529507309149999,647,17.514889009204101,888,24.038982133188998,177,4.7915538711423897,3694,100]
["S46",944,26.7953448765257,934,26.5114958841896,637,18.0811808118081,785,22.282145898382101,223,6.3298325290945199,3523,100]
["S47",942,27.0146257527961,914,26.211643246343598,630,18.067106395182101,775,22.225408660739902,226,6.4812159449383397,3487,100]
["S48",1022,27.562028047464899,980,26.4293419633225,639,17.2330097087379,832,22.437971952535101,235,6.3376483279395899,3708,100]
["S49",1028,26.826722338204601,1014,26.461377870563702,679,17.719206680584598,892,23.277661795407099,219,5.71503131524008,3832,100]
["T11",255,36.480686695278997,257,36.766809728183098,55,7.8683834048640904,15,2.1459227467811202,117,16.7381974248927,699,100]
["T12",230,35.825545171339598,244,38.006230529595001,50,7.7881619937694699,11,1.7133956386292799,107,16.6666666666667,642,100]
["T13",216,33.644859813084103,270,42.056074766355103,83,12.9283489096573,16,2.4922118380062299,57,8.8785046728972006,642,100]
["T14",275,38.354253835425403,319,44.490934449093402,90,12.5523012552301,18,2.5104602510460299,15,2.0920502092050199,717,100]
["T15",271,40.874811463046797,304,45.852187028657603,66,9.9547511312217196,10,1.5082956259426801,12,1.80995475113122,663,100]
["T16",291,40.137931034482797,330,45.517241379310299,70,9.6551724137930997,19,2.6206896551724101,15,2.0689655172413799,725,100]
["T17",315,40.332906530089602,358,45.838668373879599,74,9.4750320102432806,19,2.4327784891165201,15,1.92061459667093,781,100]
["T18",289,41.285714285714299,323,46.142857142857103,56,8,11,1.5714285714285701,21,3,700,100]
["T19",249,38.485316846986102,285,44.049459041731097,43,6.6460587326120599,17,2.62751159196291,53,8.1916537867078798,647,100]
["T21",70,12.411347517730499,139,24.645390070922002,130,23.0496453900709,101,17.9078014184397,124,21.985815602836901,564,100]
["T22",82,14.909090909090899,128,23.272727272727298,139,25.272727272727298,86,15.636363636363599,115,20.909090909090899,550,100]
["T23",92,16.312056737588701,150,26.595744680851102,169,29.964539007092199,96,17.021276595744698,57,10.106382978723399,564,100]
["T24",86,15.061295971979,166,29.071803852889701,139,24.343257443082301,106,18.563922942206698,74,12.959719789842399,571,100]
["T25",70,11.965811965812,162,27.692307692307701,135,23.076923076923102,119,20.341880341880302,99,16.923076923076898,585,100]
["T26",81,13.2786885245902,159,26.065573770491799,129,21.1475409836066,142,23.278688524590201,99,16.229508196721302,610,100]
["T27",97,16.609589041095902,152,26.027397260274,120,20.5479452054795,142,24.315068493150701,73,12.5,584,100]
["T28",98,17.314487632508801,152,26.855123674911699,132,23.321554770317999,117,20.6713780918728,67,11.8374558303887,566,100]
["T29",105,18.421052631578899,146,25.614035087719301,144,25.2631578947368,107,18.771929824561401,68,11.9298245614035,570,100]
["T31",79,12.4409448818898,44,6.9291338582677202,168,26.456692913385801,311,48.976377952755897,33,5.1968503937007897,635,100]
["T32",98,15.2173913043478,45,6.9875776397515503,161,25,325,50.465838509316796,15,2.3291925465838501,644,100]
["T33",96,15.0234741784038,51,7.9812206572770004,171,26.760563380281699,313,48.982785602503903,8,1.25195618153365,639,100]
["T34",104,15.8054711246201,67,10.1823708206687,188,28.571428571428601,292,44.376899696048604,7,1.0638297872340401,658,100]
["T35",115,16.197183098591601,72,10.1408450704225,183,25.774647887323901,330,46.478873239436602,10,1.40845070422535,710,100]
["T36",97,14.900153609830999,56,8.6021505376344098,176,27.0353302611367,309,47.465437788018399,13,1.99692780337942,651,100]
["T37",87,14.146341463414601,56,9.1056910569105707,174,28.292682926829301,283,46.016260162601597,15,2.4390243902439002,615,100]
["T38",110,16.717325227963499,66,10.0303951367781,173,26.291793313069899,296,44.984802431610902,13,1.97568389057751,658,100]
["T39",121,17.925925925925899,57,8.44444444444445,175,25.925925925925899,315,46.6666666666667,7,1.0370370370370401,675,100]
["T41",404,21.285563751317198,440,23.182297154899899,353,18.598524762908301,427,22.4973656480506,274,14.436248682824001,1898,100]
["T42",410,22.3311546840959,417,22.712418300653599,350,19.063180827886701,422,22.984749455337699,237,12.9084967320261,1836,100]
["T43",404,21.897018970189698,471,25.528455284552901,423,22.9268292682927,425,23.0352303523035,122,6.6124661246612497,1845,100]
["T44",465,23.895169578622799,552,28.365878725590999,417,21.428571428571399,416,21.377183967112,96,4.9331963001027699,1946,100]
["T45",456,23.289070480081701,538,27.477017364657801,384,19.611848825332,459,23.4422880490296,121,6.1797752808988804,1958,100]
["T46",469,23.615307150050398,545,27.4420946626385,375,18.882175226586099,470,23.6656596173213,127,6.39476334340383,1986,100]
["T47",499,25.202020202020201,566,28.585858585858599,368,18.585858585858599,444,22.424242424242401,103,5.2020202020201998,1980,100]
["T48",497,25.831600831600799,541,28.118503118503099,361,18.762993762993801,424,22.037422037422001,101,5.2494802494802499,1924,100]
["T49",475,25.1057082452431,488,25.792811839323502,362,19.1331923890063,439,23.202959830866799,128,6.7653276955602504,1892,100]
["V11",209,42.479674796748,212,43.089430894308997,38,7.7235772357723604,32,6.5040650406504099,1,0.203252032520325,492,100]
["V12",183,39.869281045751599,206,44.880174291938999,43,9.3681917211329004,26,5.6644880174291901,1,0.21786492374727701,459,100]
["V13",208,40.704500978473597,235,45.988258317025398,40,7.8277886497064602,28,5.4794520547945202,"0","0.0%",511,100]
["V14",230,42.513863216266202,251,46.395563770794801,31,5.7301293900184804,28,5.1756007393715402,1,0.18484288354898301,541,100]
["V15",199,41.286307053941897,232,48.132780082987601,31,6.4315352697095403,19,3.9419087136929498,1,0.20746887966805,482,100]
["V16",184,43.294117647058798,192,45.176470588235297,35,8.2352941176470598,14,3.2941176470588198,"0","0.0%",425,100]
["V17",217,47.9028697571744,185,40.8388520971302,33,7.2847682119205297,18,3.9735099337748299,"0","0.0%",453,100]
["V18",207,43.396226415094297,212,44.4444444444444,33,6.9182389937106903,25,5.24109014675052,"0","0.0%",477,100]
["V19",172,35.537190082644599,213,44.008264462809898,32,6.61157024793388,19,3.9256198347107398,48,9.9173553719008307,484,100]
["V21",74,18.226600985221701,82,20.197044334975399,95,23.3990147783251,82,20.197044334975399,73,17.980295566502502,406,100]
["V22",70,16.5876777251185,92,21.8009478672986,93,22.037914691943101,107,25.355450236966799,60,14.218009478673,422,100]
["V23",59,15.2061855670103,88,22.680412371134,82,21.134020618556701,98,25.2577319587629,61,15.721649484536099,388,100]
["V24",62,17.415730337078699,85,23.876404494382001,83,23.314606741573002,80,22.471910112359499,46,12.9213483146067,356,100]
["V25",61,17.2316384180791,87,24.5762711864407,100,28.248587570621499,78,22.033898305084701,28,7.9096045197740104,354,100]
["V26",73,19.518716577540101,81,21.6577540106952,104,27.807486631016001,101,27.005347593582901,15,4.0106951871657799,374,100]
["V27",91,22.693266832917701,79,19.700748129675802,101,25.187032418952601,113,28.1795511221945,17,4.23940149625935,401,100]
["V28",95,23.2843137254902,74,18.137254901960802,102,25,103,25.245098039215701,34,8.3333333333333304,408,100]
["V29",92,23.057644110275699,69,17.293233082706799,102,25.563909774436102,93,23.308270676691698,43,10.7769423558897,399,100]
["V31",53,14.209115281501299,34,9.1152815013404798,80,21.4477211796247,173,46.380697050938302,33,8.8471849865951704,373,100]
["V32",52,13.2315521628499,45,11.450381679389301,72,18.320610687022899,201,51.1450381679389,23,5.8524173027989796,393,100]
["V33",69,16.083916083916101,42,9.79020979020979,86,20.046620046620099,213,49.650349650349703,19,4.4289044289044304,429,100]
["V34",82,17.596566523605201,45,9.6566523605150199,90,19.313304721030001,231,49.570815450643799,18,3.8626609442060098,466,100]
["V35",72,16.400911161731202,53,12.072892938496601,87,19.817767653758501,213,48.5193621867882,14,3.1890660592255098,439,100]
["V36",62,14.8325358851675,44,10.526315789473699,76,18.181818181818201,201,48.086124401913899,35,8.3732057416267907,418,100]
["V37",71,15.919282511210801,35,7.847533632287,86,19.282511210762301,213,47.757847533632301,41,9.1928251121076201,446,100]
["V38",69,15.0326797385621,28,6.1002178649237502,101,22.004357298474901,216,47.058823529411796,45,9.8039215686274499,459,100]
["V39",74,13.703703703703701,35,6.4814814814814801,105,19.4444444444444,259,47.962962962962997,67,12.407407407407399,540,100]
["V41",336,26.435877261998399,328,25.806451612903199,213,16.758457907159698,287,22.580645161290299,107,8.4185680566483096,1271,100]
["V42",305,23.940345368916802,343,26.923076923076898,208,16.326530612244898,334,26.216640502354799,84,6.5934065934065904,1274,100]
["V43",336,25.3012048192771,365,27.484939759036099,208,15.662650602409601,339,25.527108433734899,80,6.0240963855421699,1328,100]
["V44",374,27.439471753485002,381,27.953044754218599,204,14.96698459281,339,24.8716067498166,65,4.76889214966985,1363,100]
["V45",332,26.039215686274499,372,29.176470588235301,218,17.098039215686299,310,24.313725490196099,43,3.37254901960784,1275,100]
["V46",319,26.211996713229301,317,26.047658175842201,215,17.666392769104402,316,25.9654889071487,50,4.1084634346754303,1217,100]
["V47",379,29.153846153846199,299,23,220,16.923076923076898,344,26.461538461538499,58,4.4615384615384599,1300,100]
["V48",371,27.6041666666667,314,23.363095238095202,236,17.5595238095238,344,25.595238095238098,79,5.8779761904761898,1344,100]
["V49",338,23.752635277582598,317,22.2768798313422,239,16.795502459592399,371,26.071679550245999,158,11.1033028812368,1423,100]
["W11",23,40.350877192982502,27,47.368421052631597,6,10.526315789473699,1,1.7543859649122799,"0","0.0%",57,100]
["W12",26,44.067796610169502,28,47.457627118644098,3,5.0847457627118704,1,1.6949152542372901,1,1.6949152542372901,59,100]
["W13",13,33.3333333333333,19,48.717948717948701,5,12.8205128205128,1,2.5641025641025599,1,2.5641025641025599,39,100]
["W14",28,52.830188679245303,19,35.849056603773597,4,7.5471698113207601,"0","0.0%",2,3.7735849056603801,53,100]
["W15",24,48.979591836734699,18,36.734693877551003,2,4.0816326530612201,3,6.12244897959184,2,4.0816326530612201,49,100]
["W16",9,29.0322580645161,14,45.161290322580598,4,12.9032258064516,3,9.67741935483871,1,3.2258064516128999,31,100]
["W17",22,42.307692307692299,22,42.307692307692299,5,9.6153846153846203,2,3.8461538461538498,1,1.92307692307692,52,100]
["W18",20,39.2156862745098,23,45.098039215686299,3,5.8823529411764701,4,7.8431372549019596,1,1.9607843137254899,51,100]
["W19",9,33.3333333333333,12,44.4444444444444,2,7.4074074074074101,3,11.1111111111111,1,3.7037037037037002,27,100]
["W21",14,25.454545454545499,12,21.818181818181799,19,34.545454545454596,6,10.909090909090899,4,7.2727272727272698,55,100]
["W22",16,32,13,26,12,24,4,8,5,10,50,100]
["W23",12,25.531914893617,11,23.404255319148898,9,19.148936170212799,7,14.893617021276601,8,17.021276595744698,47,100]
["W24",7,16.2790697674419,10,23.255813953488399,7,16.2790697674419,11,25.581395348837201,8,18.604651162790699,43,100]
["W25",5,12.5,10,25,6,15,11,27.5,8,20,40,100]
["W26",4,10.2564102564103,7,17.948717948717999,8,20.5128205128205,11,28.205128205128201,9,23.076923076923102,39,100]
["W27",3,7.5,5,12.5,9,22.5,10,25,13,32.5,40,100]
["W28",6,15.789473684210501,8,21.052631578947398,6,15.789473684210501,8,21.052631578947398,10,26.315789473684202,38,100]
["W29",10,20.408163265306101,15,30.612244897959201,4,8.1632653061224492,11,22.4489795918367,9,18.367346938775501,49,100]
["W31",9,19.148936170212799,2,4.2553191489361701,10,21.2765957446809,23,48.936170212766001,3,6.3829787234042596,47,100]
["W32",9,21.428571428571399,2,4.7619047619047601,8,19.047619047619101,21,50,2,4.7619047619047601,42,100]
["W33",7,15.5555555555556,4,8.8888888888888893,11,24.4444444444444,21,46.6666666666667,2,4.4444444444444402,45,100]
["W34",6,12.244897959183699,4,8.1632653061224492,15,30.612244897959201,22,44.8979591836735,2,4.0816326530612201,49,100]
["W35",6,11.764705882352899,4,7.8431372549019596,11,21.568627450980401,27,52.941176470588204,3,5.8823529411764701,51,100]
["W36",5,10.6382978723404,4,8.5106382978723403,11,23.404255319148898,22,46.808510638297903,5,10.6382978723404,47,100]
["W37",4,8.8888888888888893,4,8.8888888888888893,11,24.4444444444444,18,40,8,17.7777777777778,45,100]
["W38",6,11.320754716981099,3,5.6603773584905701,15,28.301886792452802,23,43.396226415094297,6,11.320754716981099,53,100]
["W39",9,15.517241379310301,4,6.8965517241379297,16,27.586206896551701,25,43.1034482758621,4,6.8965517241379297,58,100]
["W41",46,28.930817610062899,41,25.7861635220126,35,22.012578616352201,30,18.867924528301899,7,4.4025157232704402,159,100]
["W42",51,33.774834437086099,43,28.476821192052999,23,15.231788079470199,26,17.218543046357599,8,5.2980132450331103,151,100]
["W43",32,24.4274809160305,34,25.9541984732824,25,19.083969465648899,29,22.137404580152701,11,8.3969465648855,131,100]
["W44",41,28.275862068965498,33,22.758620689655199,26,17.931034482758601,33,22.758620689655199,12,8.2758620689655196,145,100]
["W45",35,25,32,22.8571428571429,19,13.5714285714286,41,29.285714285714299,13,9.28571428571429,140,100]
["W46",18,15.384615384615399,25,21.367521367521402,23,19.658119658119698,36,30.769230769230798,15,12.8205128205128,117,100]
["W47",29,21.167883211678799,31,22.6277372262774,25,18.248175182481798,30,21.897810218978101,22,16.058394160583902,137,100]
["W48",32,22.5352112676056,34,23.943661971830998,24,16.901408450704199,35,24.647887323943699,17,11.971830985915499,142,100]
["W49",28,20.8955223880597,31,23.134328358209,22,16.417910447761201,39,29.1044776119403,14,10.4477611940299,134,100]
["Y11",111,40.6593406593407,102,37.3626373626374,13,4.7619047619047601,16,5.8608058608058604,31,11.3553113553114,273,100]
["Y12",117,40.206185567010301,106,36.426116838487999,17,5.8419243986254301,21,7.2164948453608204,30,10.3092783505155,291,100]
["Y13",90,36.144578313253,89,35.742971887550198,16,6.4257028112449799,18,7.2289156626505999,36,14.4578313253012,249,100]
["Y14",110,42.307692307692299,99,38.076923076923102,16,6.1538461538461497,8,3.0769230769230802,27,10.384615384615399,260,100]
["Y15",119,42.652329749103899,117,41.935483870967801,19,6.8100358422939102,11,3.9426523297490998,13,4.65949820788531,279,100]
["Y16",94,40.170940170940199,99,42.307692307692299,17,7.2649572649572702,15,6.4102564102564097,9,3.8461538461538498,234,100]
["Y17",124,50.819672131147499,92,37.7049180327869,15,6.14754098360656,12,4.9180327868852496,1,0.409836065573771,244,100]
["Y18",149,58.203125,87,33.984375,12,4.6875,7,2.734375,1,0.390625,256,100]
["Y19",137,56.378600823045304,85,34.9794238683128,8,3.2921810699588501,10,4.1152263374485596,3,1.2345679012345701,243,100]
["Y21",76,24.918032786885298,74,24.262295081967199,59,19.344262295082,53,17.377049180327901,43,14.0983606557377,305,100]
["Y22",54,20.1492537313433,74,27.611940298507498,55,20.522388059701498,56,20.8955223880597,29,10.820895522388099,268,100]
["Y23",55,22.540983606557401,62,25.409836065573799,46,18.8524590163934,56,22.9508196721311,25,10.2459016393443,244,100]
["Y24",54,24.5454545454546,56,25.454545454545499,41,18.636363636363601,52,23.636363636363601,17,7.7272727272727302,220,100]
["Y25",45,21.5311004784689,61,29.186602870813399,47,22.488038277512,40,19.138755980861198,16,7.6555023923445003,209,100]
["Y26",38,17.924528301886799,59,27.8301886792453,53,25,40,18.867924528301899,22,10.377358490565999,212,100]
["Y27",41,19.902912621359199,50,24.271844660194201,57,27.669902912621399,43,20.873786407767,15,7.2815533980582501,206,100]
["Y28",40,22.346368715083798,41,22.905027932960898,49,27.374301675977701,38,21.229050279329599,11,6.1452513966480398,179,100]
["Y29",43,24.157303370786501,37,20.7865168539326,44,24.7191011235955,39,21.910112359550599,15,8.4269662921348303,178,100]
["Y31",22,10.6796116504854,9,4.3689320388349504,41,19.902912621359199,85,41.262135922330103,49,23.786407766990301,206,100]
["Y32",20,9.1743119266054993,8,3.6697247706421998,52,23.853211009174299,111,50.917431192660601,27,12.3853211009174,218,100]
["Y33",15,6.7873303167420804,11,4.9773755656108598,54,24.434389140271499,124,56.108597285067901,17,7.6923076923076898,221,100]
["Y34",20,8.8495575221238898,15,6.6371681415929196,46,20.353982300885001,121,53.539823008849602,24,10.6194690265487,226,100]
["Y35",28,11.290322580645199,20,8.0645161290322598,47,18.951612903225801,132,53.225806451612897,21,8.4677419354838701,248,100]
["Y36",22,9.1286307053941904,18,7.46887966804979,52,21.576763485477201,125,51.867219917012498,24,9.9585062240663902,241,100]
["Y37",20,8.4388185654008403,13,5.4852320675105499,50,21.097046413502099,119,50.210970464135002,35,14.7679324894515,237,100]
["Y38",19,8.0508474576271194,11,4.6610169491525397,51,21.610169491525401,128,54.237288135593197,27,11.440677966101701,236,100]
["Y39",23,9.3495934959349594,13,5.2845528455284603,51,20.731707317073202,139,56.504065040650403,20,8.1300813008130106,246,100]
["Y41",209,26.658163265306101,185,23.5969387755102,113,14.413265306122501,154,19.6428571428571,123,15.688775510204101,784,100]
["Y42",191,24.5817245817246,188,24.195624195624202,124,15.958815958816,188,24.195624195624202,86,11.068211068211101,777,100]
["Y43",160,22.408963585434201,162,22.689075630252098,116,16.2464985994398,198,27.731092436974802,78,10.924369747899201,714,100]
["Y44",184,26.062322946175598,170,24.079320113314498,103,14.589235127478799,181,25.637393767705401,68,9.6317280453257794,706,100]
["Y45",192,26.086956521739101,198,26.902173913043502,113,15.353260869565201,183,24.864130434782599,50,6.7934782608695699,736,100]
["Y46",154,22.4163027656477,176,25.6186317321689,122,17.758369723435202,180,26.2008733624454,55,8.0058224163027703,687,100]
["Y47",185,26.928675400291102,155,22.561863173216899,122,17.758369723435202,174,25.327510917030601,51,7.4235807860262,687,100]
["Y48",208,30.9985096870343,139,20.715350223546899,112,16.6915052160954,173,25.782414307004501,39,5.8122205663189304,671,100]
["Y49",203,30.434782608695699,135,20.239880059970002,103,15.442278860569701,188,28.1859070464768,38,5.6971514242878598,667,100]
["Z11",7,19.4444444444444,23,63.8888888888889,1,2.7777777777777799,2,5.5555555555555598,3,8.3333333333333304,36,100]
["Z12",2,9.0909090909090899,12,54.545454545454497,3,13.636363636363599,2,9.0909090909090899,3,13.636363636363599,22,100]
["Z13",13,29.5454545454546,24,54.545454545454497,4,9.0909090909090899,2,4.5454545454545503,1,2.2727272727272698,44,100]
["Z14",15,30.612244897959201,26,53.061224489795897,5,10.2040816326531,2,4.0816326530612201,1,2.0408163265306101,49,100]
["Z15",7,28,11,44,3,12,3,12,1,4,25,100]
["Z16",21,41.176470588235297,20,39.2156862745098,3,5.8823529411764701,5,9.8039215686274499,2,3.9215686274509798,51,100]
["Z17",21,39.622641509433997,21,39.622641509433997,5,9.4339622641509404,4,7.5471698113207601,2,3.7735849056603801,53,100]
["Z18",6,30,11,55,2,10,1,5,"0","0.0%",20,100]
["Z19",12,37.5,17,53.125,1,3.125,1,3.125,1,3.125,32,100]
["Z21",11,26.829268292682901,10,24.390243902439,5,12.1951219512195,8,19.512195121951201,7,17.0731707317073,41,100]
["Z22",10,21.739130434782599,12,26.086956521739101,5,10.869565217391299,12,26.086956521739101,7,15.2173913043478,46,100]
["Z23",5,10.869565217391299,20,43.478260869565197,6,13.0434782608696,13,28.260869565217401,2,4.3478260869565197,46,100]
["Z24",5,10.869565217391299,20,43.478260869565197,8,17.3913043478261,11,23.913043478260899,2,4.3478260869565197,46,100]
["Z25",4,11.4285714285714,10,28.571428571428601,12,34.285714285714299,8,22.8571428571429,1,2.8571428571428599,35,100]
["Z26",8,25.806451612903199,6,19.354838709677399,9,29.0322580645161,8,25.806451612903199,"0","0.0%",31,100]
["Z27",9,29.0322580645161,6,19.354838709677399,7,22.580645161290299,9,29.0322580645161,"0","0.0%",31,100]
["Z28",2,6.6666666666666696,7,23.3333333333333,13,43.3333333333333,8,26.6666666666667,"0","0.0%",30,100]
["Z29",2,6.4516129032258096,9,29.0322580645161,12,38.709677419354797,7,22.580645161290299,1,3.2258064516128999,31,100]
["Z31",4,10.8108108108108,2,5.4054054054054097,11,29.729729729729701,17,45.945945945946001,3,8.1081081081081106,37,100]
["Z32",5,12.1951219512195,1,2.4390243902439002,11,26.829268292682901,20,48.780487804878099,4,9.7560975609756095,41,100]
["Z33",3,9.375,"0","0.0%",8,25,20,62.5,1,3.125,32,100]
["Z34",3,12,1,4,3,12,18,72,"0","0.0%",25,100]
["Z35",4,13.7931034482759,4,13.7931034482759,5,17.241379310344801,16,55.172413793103502,"0","0.0%",29,100]
["Z36",3,8.5714285714285694,3,8.5714285714285694,9,25.714285714285701,20,57.142857142857103,"0","0.0%",35,100]
["Z37",3,10,3,10,9,30,14,46.6666666666667,1,3.3333333333333299,30,100]
["Z38",5,17.8571428571429,3,10.714285714285699,7,25,12,42.857142857142897,1,3.5714285714285698,28,100]
["Z39",5,18.518518518518501,1,3.7037037037037002,8,29.629629629629601,12,44.4444444444444,1,3.7037037037037002,27,100]
["Z41",22,19.2982456140351,35,30.7017543859649,17,14.912280701754399,27,23.684210526315798,13,11.403508771929801,114,100]
["Z42",17,15.5963302752294,25,22.935779816513801,19,17.431192660550501,34,31.192660550458701,14,12.8440366972477,109,100]
["Z43",21,17.213114754098399,44,36.065573770491802,18,14.7540983606557,35,28.688524590163901,4,3.27868852459016,122,100]
["Z44",23,19.1666666666667,47,39.1666666666667,16,13.3333333333333,31,25.8333333333333,3,2.5,120,100]
["Z45",15,16.8539325842697,25,28.089887640449401,20,22.471910112359499,27,30.337078651685399,2,2.2471910112359601,89,100]
["Z46",32,27.350427350427399,29,24.786324786324801,21,17.948717948717999,33,28.205128205128201,2,1.70940170940171,117,100]
["Z47",33,28.947368421052602,30,26.315789473684202,21,18.421052631578899,27,23.684210526315798,3,2.6315789473684199,114,100]
["Z48",13,16.6666666666667,21,26.923076923076898,22,28.205128205128201,21,26.923076923076898,1,1.2820512820512799,78,100]
["Z49",19,21.1111111111111,27,30,21,23.3333333333333,20,22.2222222222222,3,3.3333333333333299,90,100]

{"sheet":"Data DCE2","index":10,"n_rows":438,"n_cols":19,"rows_kept":438,"cut":false,"hidden":true,"merged":[]}
["Lookup Code","Baseline (2010-2011)","%","Year 1  (2011-2012)","%","Year 2  (2012-2013)","%","Year 3  (2013-2014)","%","Year 4  (2014-2015)","%","Year 5  (2015-2016)","%","Year 6  (2016-2017)","%","Year 7  (2017-2018)","%","Year 8  (2018-2019)","%"]
["A11",264,39.759036144578303,255,40.540540540540498,250,39.184952978056401,267,41.331269349845201,267,41.203703703703702,282,42.469879518072297,313,44.842406876790797,282,42.152466367712996,185,33.213644524236997]
["A12",289,43.524096385542201,287,45.627980922098601,307,48.119122257053299,299,46.2848297213622,304,46.913580246913597,307,46.234939759036102,318,45.558739255014302,313,46.786248131539601,247,44.344703770197498]
["A13",49,7.3795180722891596,36,5.7233704292527801,43,6.7398119122257096,36,5.5727554179566603,26,4.0123456790123502,28,4.2168674698795199,34,4.8710601719197699,34,5.0822122571001502,33,5.9245960502693]
["A14",36,5.4216867469879499,40,6.3593004769475403,32,5.0156739811912203,38,5.8823529411764701,46,7.0987654320987703,41,6.1746987951807197,27,3.8681948424068802,33,4.9327354260089704,34,6.10412926391382]
["A15",26,3.9156626506024099,11,1.74880763116057,6,0.94043887147335403,6,0.92879256965944301,5,0.77160493827160503,6,0.90361445783132499,6,0.85959885386819501,7,1.0463378176382701,58,10.412926391382401]
["A16",664,100,629,100,638,100,646,100,648,100,664,100,698,100,669,100,557,100]
["A21",95,18.8118811881188,117,22.674418604651201,127,23.649906890130399,102,19.354838709677399,83,16.147859922178998,84,16.3106796116505,85,15.9774436090226,66,12.244897959183699,54,10.384615384615399]
["A22",116,22.970297029703001,131,25.3875968992248,143,26.6294227188082,146,27.703984819734298,140,27.237354085603101,148,28.737864077669901,155,29.1353383458647,143,26.530612244897998,132,25.384615384615401]
["A23",126,24.950495049505001,108,20.930232558139501,113,21.042830540037201,135,25.6166982922201,147,28.599221789883298,125,24.271844660194201,126,23.684210526315798,131,24.304267161409999,107,20.576923076923102]
["A24",109,21.5841584158416,119,23.062015503876001,114,21.229050279329599,103,19.544592030360501,102,19.844357976653701,116,22.524271844660198,128,24.060150375939902,134,24.860853432281999,118,22.692307692307701]
["A25",59,11.683168316831701,41,7.9457364341085297,40,7.4487895716945998,41,7.7798861480075896,42,8.1712062256809297,42,8.1553398058252409,38,7.1428571428571397,65,12.0593692022263,109,20.961538461538499]
["A26",505,100,516,100,537,100,527,100,514,100,515,100,532,100,539,100,520,100]
["A31",89,13.4848484848485,98,13.764044943820201,103,13.5348226018397,121,14.9567367119901,134,17.0700636942675,130,18.0555555555556,122,17.207334273624799,126,17.721518987341799,132,18.5654008438819]
["A32",36,5.4545454545454497,42,5.8988764044943798,67,8.8042049934296998,68,8.4054388133498108,67,8.5350318471337605,69,9.5833333333333304,68,9.5909732016925293,56,7.8762306610407897,39,5.4852320675105499]
["A33",144,21.818181818181799,165,23.174157303370801,195,25.6241787122208,196,24.227441285537701,178,22.675159235668801,152,21.1111111111111,159,22.425952045134,158,22.2222222222222,155,21.800281293952199]
["A34",323,48.939393939393902,320,44.943820224719097,340,44.678055190538799,384,47.466007416563698,348,44.331210191082803,309,42.9166666666667,316,44.569816643159399,335,47.116736990154699,340,47.819971870604803]
["A35",68,10.303030303030299,87,12.2191011235955,56,7.3587385019710903,40,4.9443757725587103,58,7.3885350318471303,60,8.3333333333333304,44,6.2059238363892799,36,5.0632911392405102,45,6.3291139240506302]
["A36",660,100,712,100,761,100,809,100,785,100,720,100,709,100,711,100,711,100]
["A41",448,24.4942591580098,470,25.3096392030156,480,24.793388429752099,490,24.7225025227043,484,24.8587570621469,496,26.119010005265899,520,26.817947395564701,474,24.7003647733194,371,20.749440715883701]
["A42",441,24.111536358665902,460,24.771136241249302,517,26.704545454545499,513,25.882946518668,511,26.245505906522901,524,27.593470247498701,541,27.900979886539499,512,26.6805627931214,418,23.378076062639799]
["A43",319,17.441224712957901,309,16.639741518578401,351,18.130165289256201,367,18.516649848637702,351,18.027734976887501,305,16.061084781463901,319,16.451779267663699,323,16.8316831683168,295,16.498881431767298]
["A44",468,25.587752870420999,479,25.794291868605299,486,25.103305785124,525,26.488395560040399,496,25.475089881869501,466,24.539231174302301,471,24.2908715832904,502,26.159458051068299,492,27.516778523489901]
["A45",153,8.3652268999453305,139,7.4851911685514301,102,5.2685950413223104,87,4.3895055499495497,105,5.3929121725731903,108,5.68720379146919,88,4.5384218669417198,108,5.6279312141740503,212,11.8568232662192]
["A46",1829,100,1857,100,1936,100,1982,100,1947,100,1899,100,1939,100,1919,100,1788,100]
["B11",93,41.150442477876098,82,36.936936936936902,52,30.0578034682081,96,43.835616438356197,89,43.414634146341498,67,38.505747126436802,94,41.592920353982301,89,39.732142857142897,66,37.288135593220296]
["B12",106,46.902654867256601,104,46.846846846846901,82,47.398843930635799,99,45.205479452054803,90,43.902439024390198,81,46.551724137930997,101,44.6902654867257,99,44.196428571428598,83,46.892655367231598]
["B13",19,8.4070796460176993,28,12.612612612612599,29,16.763005780346798,16,7.3059360730593603,16,7.8048780487804903,14,8.0459770114942497,15,6.6371681415929196,15,6.6964285714285703,16,9.0395480225988702]
["B14",8,3.5398230088495599,8,3.6036036036036001,9,5.2023121387283204,5,2.2831050228310499,5,2.4390243902439002,9,5.1724137931034502,14,6.19469026548673,16,7.1428571428571397,8,4.5197740112994396]
["B15","0","0.0%","0","0.0%",1,0.57803468208092501,3,1.3698630136986301,5,2.4390243902439002,3,1.72413793103448,2,0.88495575221238898,5,2.2321428571428599,4,2.2598870056497198]
["B16",226,100,222,100,173,100,219,100,205,100,174,100,226,100,224,100,177,100]
["B21",40,19.7044334975369,26,16.25,28,16.470588235294102,40,21.978021978021999,25,15.3374233128834,23,12.9213483146067,25,13.297872340425499,25,13.227513227513199,25,14.367816091953999]
["B22",53,26.108374384236502,46,28.75,51,30,46,25.274725274725299,44,26.9938650306749,44,24.7191011235955,49,26.063829787233999,56,29.629629629629601,47,27.0114942528736]
["B23",55,27.093596059113299,40,25,40,23.529411764705898,46,25.274725274725299,44,26.9938650306749,50,28.089887640449401,61,32.446808510638299,54,28.571428571428601,34,19.540229885057499]
["B24",33,16.256157635468,34,21.25,35,20.588235294117599,31,17.032967032967001,33,20.245398773006102,49,27.528089887640501,42,22.340425531914899,40,21.1640211640212,47,27.0114942528736]
["B25",22,10.837438423645301,14,8.75,16,9.4117647058823497,19,10.439560439560401,17,10.429447852760701,12,6.7415730337078701,11,5.8510638297872299,14,7.4074074074074101,21,12.0689655172414]
["B26",203,100,160,100,170,100,182,100,163,100,178,100,188,100,189,100,174,100]
["B31",24,14.0350877192982,22,13.1736526946108,23,14.4654088050314,28,16.184971098265901,25,15.3374233128834,25,16.5562913907285,28,14.5833333333333,27,12.4423963133641,36,18]
["B32",17,9.9415204678362592,15,8.9820359281437092,10,6.2893081761006302,15,8.6705202312138692,19,11.656441717791401,17,11.2582781456954,14,7.2916666666666696,14,6.4516129032258096,12,6]
["B33",44,25.730994152046801,50,29.940119760479,47,29.559748427673,52,30.0578034682081,46,28.220858895705501,37,24.503311258278099,53,27.6041666666667,59,27.1889400921659,41,20.5]
["B34",65,38.011695906432799,79,47.305389221556901,78,49.056603773584897,74,42.774566473988401,68,41.717791411042903,70,46.357615894039697,95,49.4791666666667,105,48.387096774193601,95,47.5]
["B35",21,12.280701754386,1,0.59880239520958101,1,0.62893081761006298,4,2.3121387283237,5,3.0674846625766898,2,1.32450331125828,2,1.0416666666666701,12,5.5299539170506904,16,8]
["B36",171,100,167,100,159,100,173,100,163,100,151,100,192,100,217,100,200,100]
["B41",157,26.1666666666667,130,23.6794171220401,103,20.517928286852602,164,28.571428571428601,139,26.1770244821092,115,22.862823061630198,147,24.257425742574299,141,22.380952380952401,127,23.049001814882001]
["B42",176,29.3333333333333,165,30.054644808743198,143,28.4860557768924,160,27.874564459930301,153,28.8135593220339,142,28.230616302186899,164,27.0627062706271,169,26.825396825396801,142,25.771324863883901]
["B43",118,19.6666666666667,118,21.4936247723133,116,23.1075697211155,114,19.860627177700302,106,19.962335216572502,101,20.079522862823101,129,21.287128712871301,128,20.317460317460299,91,16.515426497277701]
["B44",106,17.6666666666667,121,22.040072859744999,122,24.302788844621499,110,19.163763066202101,106,19.962335216572502,128,25.447316103379698,151,24.9174917491749,161,25.5555555555556,150,27.2232304900181]
["B45",43,7.1666666666666696,15,2.7322404371584699,18,3.58565737051793,26,4.5296167247386796,27,5.0847457627118704,17,3.3797216699801198,15,2.4752475247524801,31,4.92063492063492,41,7.4410163339382898]
["B46",600,100,549,100,502,100,574,100,531,100,503,100,606,100,630,100,551,100]
["C11",828,38.909774436090203,813,38.312912346842602,874,39.908675799086801,889,41.195551436515302,876,40.744186046511601,928,40.207972270364003,927,40.480349344978201,926,41.692931112111701,907,41.340018231540597]
["C12",917,43.092105263157897,914,43.072573044297798,922,42.100456621004597,935,43.327154772937902,978,45.488372093023301,1051,45.537261698440197,1022,44.628820960698697,1002,45.114813147230997,989,45.077484047402002]
["C13",146,6.8609022556391004,152,7.1630537229029203,190,8.6757990867579906,179,8.2947173308619107,147,6.8372093023255802,157,6.8024263431542504,178,7.7729257641921397,156,7.0238631247186003,126,5.7429352780309904]
["C14",82,3.8533834586466198,91,4.2884071630537202,104,4.7488584474885798,100,4.6339202965709001,109,5.0697674418604697,118,5.1126516464471399,109,4.7598253275109199,94,4.2323277802791504,79,3.6007292616226101]
["C15",155,7.2838345864661704,152,7.1630537229029203,100,4.5662100456620998,55,2.5486561631139901,40,1.86046511627907,54,2.3396880415944499,54,2.3580786026200902,43,1.93606483565961,93,4.2388331814038303]
["C16",2128,100,2122,100,2190,100,2158,100,2150,100,2308,100,2290,100,2221,100,2194,100]
["C21",292,15.9301691216585,290,15.9603742432581,269,15.415472779369599,236,14.1402037147993,213,12.074829931972801,242,12.9898013955985,267,14.7107438016529,277,15.054347826087,297,15.689381933439]
["C22",485,26.4593562465903,463,25.481563015960401,465,26.647564469913998,458,27.441581785500301,478,27.0975056689342,504,27.053140096618399,477,26.280991735537199,479,26.0326086956522,498,26.3074484944533]
["C23",448,24.440807419530799,441,24.270776004402901,466,26.7048710601719,420,25.164769322947901,440,24.943310657596399,442,23.725174449812101,415,22.8650137741047,459,24.945652173913,503,26.5715795034337]
["C24",325,17.730496453900699,358,19.7028068244359,358,20.515759312320899,355,21.2702216896345,398,22.562358276644002,426,22.866344605475,412,22.699724517906301,406,22.065217391304301,393,20.760697305863701]
["C25",283,15.439170758319699,265,14.5844799119428,187,10.7163323782235,200,11.983223487118,235,13.3219954648526,249,13.365539452496,244,13.443526170798901,219,11.9021739130435,202,10.6708927628104]
["C26",1833,100,1817,100,1745,100,1669,100,1764,100,1863,100,1815,100,1840,100,1893,100]
["C31",208,10.9358569926393,241,12.3653155464341,256,12.604628261939901,268,12.6534466477809,300,13.9470013947001,308,14.758025874461,266,12.9188926663429,301,13.8709677419355,367,16.2966252220249]
["C32",133,6.9926393270241798,137,7.0292457670600301,152,7.4839980305268297,181,8.5457979225684593,176,8.1822408182240807,145,6.9477719214183002,131,6.3623118018455598,150,6.9124423963133701,163,7.2380106571936098]
["C33",444,23.343848580441598,449,23.037455105182101,472,23.239783357951701,501,23.654390934844201,471,21.8967921896792,439,21.034978437949199,398,19.329771733851398,426,19.63133640553,464,20.6039076376554]
["C34",1003,52.733964248159801,1035,53.104155977424298,1064,52.387986213687903,1076,50.802644003777203,1118,51.975825197582502,1085,51.9885002395783,1019,49.490043710539098,1022,47.096774193548399,1080,47.957371225577297]
["C35",114,5.9936908517350203,87,4.46382760389944,87,4.2836041358936496,92,4.3437204910292699,86,3.9981403998140399,110,5.2707235265932004,245,11.8989800874211,271,12.488479262672801,178,7.9040852575488501]
["C36",1902,100,1949,100,2031,100,2118,100,2151,100,2087,100,2059,100,2170,100,2252,100]
["C41",1328,22.650520211495799,1344,22.826086956521699,1399,23.4495474354677,1393,23.431455004205201,1389,22.9018961253092,1478,23.6177692553531,1460,23.6859182349124,1504,24.1373776279891,1571,24.783088815270499]
["C42",1535,26.181135937233499,1514,25.713315217391301,1539,25.796178343948998,1574,26.476030277544201,1632,26.9084913437758,1700,27.165228507510399,1630,26.4438676184296,1631,26.175573744182302,1650,26.029342167534299]
["C43",1038,17.7042469725397,1042,17.697010869565201,1128,18.907140462621499,1100,18.502943650126198,1058,17.444352844188,1038,16.586768935762201,991,16.0772225827385,1041,16.706788637457901,1093,17.242467266130301]
["C44",1410,24.049121610097199,1484,25.2038043478261,1526,25.5782769024472,1531,25.752733389402898,1625,26.7930750206101,1629,26.030680728667299,1540,24.983776768332302,1522,24.426255817685799,1552,24.4833569963717]
["C45",552,9.4149752686338104,504,8.5597826086956506,374,6.2688568555145796,347,5.8368376787216203,361,5.9521846661170699,413,6.5995525727069397,543,8.8092147955872804,533,8.5540041726849605,473,7.4617447546931697]
["C46",5863,100,5888,100,5966,100,5945,100,6065,100,6258,100,6164,100,6231,100,6339,100]
["D11",882,39.463087248322203,970,40.602762662201798,928,40.225400953619399,987,42.269807280513902,1030,42.809642560265999,984,42.015371477369797,976,41.408570216376802,1019,41.271769947347103,1024,41.457489878542503]
["D12",1003,44.8769574944072,1053,44.0770196735036,999,43.302990897269197,1015,43.468950749464703,1049,43.599334995843698,1023,43.680614859094803,1043,44.251166737378,1117,45.240988254354001,1131,45.789473684210499]
["D13",185,8.2774049217002208,187,7.8275429049811596,191,8.2791504117901997,184,7.8800856531049304,194,8.0631753948462208,187,7.9846285226302296,196,8.3156554942723808,190,7.6954232482786598,164,6.6396761133603199]
["D14",104,4.6532438478747196,118,4.9393051485977404,122,5.2882531426094497,100,4.2826552462526797,98,4.0731504571903603,120,5.1238257899231403,118,5.0063640220619403,118,4.7792628594572699,127,5.1417004048582999]
["D15",61,2.7293064876957498,61,2.5533696107157802,67,2.9042045947117501,49,2.0985010706638101,35,1.4546965918537,28,1.1955593509820699,24,1.0182435299109001,25,1.01255569056298,24,0.97165991902834004]
["D16",2235,100,2389,100,2307,100,2335,100,2406,100,2342,100,2357,100,2469,100,2470,100]
["D21",350,17.249876786594399,324,16.446700507614199,339,17.4114021571649,356,18.416968442835,332,17.754010695187201,291,16.2297824874512,292,16.395283548568202,337,18.079399141630901,372,18.921668362156701]
["D22",524,25.825529817644199,532,27.005076142132001,526,27.015921931176202,512,26.487325400931201,514,27.4866310160428,463,25.822643614054702,428,24.0314430095452,443,23.766094420600901,474,24.1098677517803]
["D23",491,24.199112863479499,455,23.096446700507599,439,22.547508988187001,441,22.8142783238489,443,23.689839572192501,445,24.818739542665899,463,25.996631106120201,455,24.409871244635202,450,22.8891149542218]
["D24",447,22.030556924593402,434,22.0304568527919,408,20.9553158705701,440,22.762545266425199,411,21.978609625668501,400,22.308979364194101,407,22.852330151600199,434,23.283261802575101,461,23.4486266531027]
["D25",217,10.6949236076885,225,11.4213197969543,235,12.0698510529019,184,9.5188825659596503,170,9.0909090909090899,194,10.8198549916341,191,10.7243121841662,195,10.461373390557901,209,10.630722278738601]
["D26",2029,100,1970,100,1947,100,1933,100,1870,100,1793,100,1781,100,1864,100,1966,100]
["D31",325,13.912671232876701,376,15.5887230514096,408,16.915422885572099,432,17.5538399024787,469,19.276613234689702,452,19.474364498061199,443,18.527812630698499,476,18.933969769291998,476,18.4139264990329]
["D32",194,8.3047945205479508,205,8.4991708126036496,200,8.2918739635157603,207,8.4112149532710294,209,8.5902178380600098,197,8.4877208099956896,176,7.3609368465077401,169,6.7223548130469402,194,7.5048355899419699]
["D33",561,24.015410958904098,577,23.922056384743001,555,23.009950248756201,568,23.080048760666401,542,22.277024249897199,517,22.274881516587701,570,23.8393977415307,596,23.707239459029399,593,22.9400386847195]
["D34",1152,49.315068493150697,1167,48.383084577114403,1173,48.631840796019901,1176,47.785453067858597,1097,45.088368269626002,1033,44.5066781559673,1076,45.002091175240501,1135,45.147175815433599,1181,45.686653771760199]
["D35",104,4.4520547945205502,87,3.6069651741293498,76,3.1509121061359902,78,3.1694433157253199,116,4.7677764077270899,122,5.2563550193881898,126,5.2697616060225903,138,5.4892601431980896,141,5.4545454545454497]
["D36",2336,100,2412,100,2412,100,2461,100,2433,100,2321,100,2391,100,2514,100,2585,100]
["D41",1557,23.590909090909101,1670,24.664008270565699,1675,25.127512751275098,1775,26.378362312379299,1831,27.291697719481299,1727,26.750309789343198,1711,26.2061571450452,1832,26.756243610340299,1872,26.662868537245402]
["D42",1721,26.075757575757599,1790,26.436272337911699,1725,25.877587758775899,1734,25.769059295586299,1772,26.412282009241299,1683,26.068773234200702,1647,25.225915147802102,1729,25.251935154082101,1799,25.623130608175501]
["D43",1237,18.7424242424242,1219,18.003249150790101,1185,17.7767776777678,1193,17.7292316837569,1179,17.573408853778499,1149,17.797397769516699,1229,18.823709603308298,1241,18.124726157441199,1207,17.191283292978198]
["D44",1703,25.803030303030301,1719,25.387682764731899,1703,25.547554755475598,1716,25.501560410164998,1606,23.937993739752599,1553,24.055142503097901,1601,24.521366212283699,1687,24.638527822404001,1769,25.1958410482837]
["D45",382,5.7878787878787898,373,5.5087874760005899,378,5.6705670567056696,311,4.6217862981126503,321,4.7846176777463096,344,5.3283767038413901,341,5.2228518915607296,358,5.2285672557324396,374,5.32687651331719]
["D46",6600,100,6771,100,6666,100,6729,100,6709,100,6456,100,6529,100,6847,100,7021,100]
["E11",1474,38.2360570687419,1558,39.383215369059698,1576,38.875185002466701,1601,39.589515331355102,1632,40.426058954669301,1618,40.951657808149797,1599,40.718105423987801,1618,39.195736434108497,1568,37.520938023450597]
["E12",1699,44.072632944228303,1792,45.298281092012097,1835,45.263936852491398,1796,44.411473788328401,1808,44.785731979192498,1745,44.166033915464403,1739,44.283167812579599,1933,46.826550387596903,1956,46.805455850682002]
["E13",269,6.9779507133592702,271,6.8503538928210297,366,9.0281203749383305,374,9.2482690405539092,321,7.9514490958632704,312,7.8967350037965103,336,8.5561497326203195,315,7.6308139534883699,297,7.1069633883704197]
["E14",264,6.8482490272373502,269,6.7997977755308403,236,5.8214109521460298,245,6.0583580613254204,252,6.24225910329453,253,6.4034421665401204,229,5.8314234784823,240,5.81395348837209,234,5.5994256999282097]
["E15",149,3.8651102464332001,66,1.66835187057634,41,1.01134681795757,28,0.69238377843719101,24,0.59450086698043103,23,0.58213110604910101,24,0.611153552330023,22,0.53294573643410903,124,2.9672170375687998]
["E16",3855,100,3956,100,4054,100,4044,100,4037,100,3951,100,3927,100,4128,100,4179,100]
["E21",619,19.2774836499533,643,19.851806112997799,605,19.422150882825001,544,17.783589408303399,476,15.819209039547999,463,15.726902173913,484,16.0690571049137,499,16.4198749588681,526,17.100130039011699]
["E22",801,24.945499844285301,787,24.297622723062702,754,24.2054574638844,773,25.269695979078101,766,25.456962445995298,746,25.339673913043502,750,24.900398406374499,696,22.9022704837117,698,22.691807542262701]
["E23",744,23.170351915291199,741,22.877431305958599,711,22.825040128410901,780,25.498528931023198,819,27.218344965104698,776,26.3586956521739,789,26.195219123506,779,25.633432050016498,758,24.642392717815301]
["E24",500,15.5714730613516,653,20.1605433775857,720,23.113964686998401,722,23.602484472049699,723,24.0279162512463,726,24.660326086956498,762,25.298804780876502,767,25.238565317538701,713,23.179453836150799]
["E25",547,17.035191529118698,415,12.8125964803952,325,10.4333868378812,240,7.8457012095455996,225,7.4775672981056802,233,7.9144021739130404,227,7.5365205843293497,298,9.8058571898650904,381,12.3862158647594]
["E26",3211,100,3239,100,3115,100,3059,100,3009,100,2944,100,3012,100,3039,100,3076,100]
["E31",603,13.704545454545499,731,15.3668278326676,819,16.626065773446999,885,17.490118577075101,944,18.842315369261499,921,19.2476489028213,901,19.052653838020699,883,19.229094076655102,973,20.283510527413]
["E32",303,6.8863636363636402,354,7.4416649148623097,454,9.2164027608607402,463,9.1501976284584998,465,9.2814371257485,455,9.5088819226750303,423,8.9448086276168297,373,8.1228222996515704,367,7.6506149676881403]
["E33",994,22.590909090909101,1101,23.144839184359899,1115,22.6349979699553,1120,22.134387351778699,1128,22.514970059880199,1040,21.7345872518286,1013,21.421019242968899,984,21.428571428571399,1026,21.388367729831099]
["E34",2122,48.227272727272698,2260,47.508934202228303,2288,46.447421843280601,2354,46.521739130434803,2209,44.091816367265501,2086,43.594566353186998,2135,45.146965531824897,2091,45.535714285714299,2169,45.215759849906199]
["E35",378,8.5909090909090899,311,6.5377338658818598,250,5.07511165245635,238,4.7035573122529604,264,5.2694610778443103,283,5.9143155694879797,257,5.4345527595686196,261,5.6837979094076703,262,5.4617469251615596]
["E36",4400,100,4757,100,4926,100,5060,100,5010,100,4785,100,4729,100,4592,100,4797,100]
["E41",2696,23.512994941566401,2932,24.531459170013399,3000,24.803637866887101,3030,24.911617199704001,3052,25.315195753152,3002,25.7020547945205,2984,25.574220089132702,3000,25.512373501148101,3067,25.4480584135413]
["E42",2803,24.446188731903,2933,24.5398259705489,3043,25.159156676312499,3032,24.928060511386999,3039,25.207365627073699,2946,25.222602739726,2912,24.957147754542301,3002,25.529381750148801,3021,25.066379024228301]
["E43",2007,17.503924646781801,2113,17.679049531459199,2192,18.123191401405499,2274,18.696045383540199,2268,18.812209688122099,2128,18.219178082191799,2138,18.3236201576963,2078,17.671570711795201,2081,17.266843677397901]
["E44",2886,25.170068027210899,3182,26.623159303882201,3244,26.821000413394,3321,27.304119049576599,3184,26.410086264100901,3065,26.241438356164402,3126,26.791223860130302,3098,26.3457777021856,3116,25.854629936939901]
["E45",1074,9.3668236525379402,792,6.6265060240963898,616,5.0930136420008303,506,4.1601578557921597,513,4.2551426675514303,539,4.6147260273972597,508,4.3537881384984596,581,4.94089633472234,767,6.36408894789247]
["E46",11466,100,11952,100,12095,100,12163,100,12056,100,11680,100,11668,100,11759,100,12052,100]
["F11",243,42.1875,240,40.201005025125603,252,42.211055276381899,250,42.735042735042697,260,44.4444444444444,293,46.214511041009501,239,39.504132231405002,233,38.009787928221897,270,40.238450074515598]
["F12",253,43.9236111111111,264,44.221105527638201,260,43.551088777219398,259,44.273504273504301,247,42.2222222222222,258,40.6940063091483,276,45.619834710743802,294,47.960848287112597,316,47.093889716840501]
["F13",44,7.6388888888888902,48,8.0402010050251302,48,8.0402010050251302,50,8.5470085470085504,46,7.8632478632478602,48,7.5709779179810699,58,9.5867768595041305,53,8.6460032626427399,43,6.4083457526080503]
["F14",25,4.3402777777777803,28,4.6901172529313202,24,4.0201005025125598,20,3.41880341880342,22,3.7606837606837602,25,3.9432176656151401,24,3.9669421487603298,27,4.4045676998368704,31,4.6199701937406896]
["F15",11,1.9097222222222201,17,2.84757118927973,13,2.17755443886097,6,1.02564102564103,10,1.70940170940171,10,1.5772870662460601,8,1.32231404958678,6,0.97879282218597097,11,1.63934426229508]
["F16",576,100,597,100,597,100,585,100,585,100,634,100,605,100,613,100,671,100]
["F21",79,16.952789699570801,86,18.901098901098901,88,18.5654008438819,90,18.181818181818201,92,19.450317124735701,79,18.329466357308601,80,18.018018018018001,102,20.440881763527099,117,21.195652173913]
["F22",120,25.751072961373399,114,25.054945054945101,132,27.848101265822802,143,28.8888888888889,140,29.598308668076101,123,28.538283062645,95,21.396396396396401,101,20.240480961923801,137,24.818840579710098]
["F23",125,26.824034334764001,105,23.076923076923102,106,22.3628691983122,108,21.818181818181799,101,21.353065539112102,101,23.433874709976799,123,27.702702702702702,134,26.853707414829699,121,21.9202898550725]
["F24",83,17.811158798283302,90,19.780219780219799,85,17.932489451476801,90,18.181818181818201,87,18.393234672304398,93,21.577726218097499,109,24.5495495495495,119,23.847695390781599,120,21.739130434782599]
["F25",59,12.660944206008599,60,13.1868131868132,63,13.2911392405063,64,12.929292929292901,53,11.2050739957717,35,8.12064965197216,37,8.3333333333333304,43,8.6172344689378804,57,10.326086956521699]
["F26",466,100,455,100,474,100,495,100,473,100,431,100,444,100,499,100,552,100]
["F31",64,10.322580645161301,94,13.9880952380952,111,16.767371601208499,116,17.417417417417401,146,21.159420289855099,142,20.943952802359899,118,16.8571428571429,126,17.355371900826398,127,16.978609625668501]
["F32",46,7.4193548387096797,54,8.03571428571429,46,6.9486404833836897,48,7.20720720720721,54,7.8260869565217401,50,7.3746312684365796,43,6.1428571428571397,46,6.3360881542699703,55,7.3529411764705896]
["F33",141,22.741935483871,146,21.726190476190499,149,22.507552870090599,170,25.525525525525499,166,24.0579710144928,140,20.648967551622398,167,23.8571428571429,175,24.104683195592301,170,22.727272727272702]
["F34",342,55.161290322580697,355,52.827380952380999,341,51.510574018126903,329,49.3993993993994,320,46.376811594202898,342,50.442477876106203,368,52.571428571428598,375,51.652892561983499,388,51.871657754010698]
["F35",27,4.3548387096774199,23,3.4226190476190501,15,2.2658610271903301,3,0.45045045045045101,4,0.57971014492753603,4,0.58997050147492602,4,0.57142857142857095,4,0.55096418732782404,8,1.0695187165775399]
["F36",620,100,672,100,662,100,666,100,690,100,678,100,700,100,726,100,748,100]
["F41",386,23.2250300842359,420,24.3619489559165,451,26.0242354298904,456,26.116838487972501,498,28.489702517162499,514,29.489386115892099,437,24.9857061177816,461,25.081610446137098,514,26.078132927447999]
["F42",419,25.2105896510229,432,25.058004640371198,438,25.274091171379101,450,25.7731958762887,441,25.228832951945101,431,24.7274813539874,414,23.670668953687802,441,23.993471164309,508,25.773718924403902]
["F43",310,18.6522262334537,299,17.343387470997701,303,17.4841315637623,328,18.785796105383699,313,17.906178489702501,289,16.5806081468732,348,19.897084048027398,362,19.6953210010881,334,16.9457128361238]
["F44",450,27.0758122743682,473,27.436194895591701,450,25.966532025389501,439,25.143184421534901,429,24.542334096109801,460,26.391279403327601,501,28.6449399656947,521,28.346028291621302,539,27.346524606798599]
["F45",97,5.8363417569193698,100,5.8004640371229703,91,5.2510098095787701,73,4.1809851088201597,67,3.8329519450800902,49,2.8112449799196799,49,2.8016009148084602,53,2.8835690968444001,76,3.85591070522577]
["F46",1662,100,1724,100,1733,100,1746,100,1748,100,1743,100,1749,100,1838,100,1971,100]
["G11",674,36.6503534529636,744,38.629283489096601,777,39.642857142857103,708,38.3116883116883,732,39.376008606777802,713,40.214326001128001,613,37.355271176112097,681,37.274220032840702,739,37.589013224821997]
["G12",852,46.3295269168026,917,47.611630321910702,898,45.816326530612301,842,45.562770562770602,834,44.862829478214103,768,43.316412859560103,728,44.363193174893397,863,47.235905856595501,966,49.135300101729399]
["G13",120,6.5252854812398002,97,5.03634475597093,135,6.8877551020408196,161,8.7121212121212093,162,8.7143625605164097,155,8.7422447828539198,160,9.7501523461304096,151,8.2649151614668899,142,7.2227873855544296]
["G14",121,6.5796628602501404,120,6.2305295950155797,115,5.8673469387755102,117,6.3311688311688297,117,6.2937062937062898,125,7.0501974055273502,129,7.86106032906764,123,6.7323481116584603,106,5.3916581892166802]
["G15",72,3.9151712887438799,48,2.4922118380062299,35,1.78571428571429,20,1.08225108225108,14,0.75309306078536897,12,0.67681895093062605,11,0.67032297379646599,9,0.49261083743842399,13,0.66124109867751801]
["G16",1839,100,1926,100,1960,100,1848,100,1859,100,1773,100,1641,100,1827,100,1966,100]
["G21",307,19.7427652733119,317,20.1782304264799,288,19.341840161181999,260,17.783857729138202,217,15.6678700361011,206,15.594246782740299,211,15.7580283793876,229,16.887905604719801,262,18.6211798152097]
["G22",411,26.4308681672026,398,25.3341820496499,365,24.513096037609099,354,24.213406292749699,344,24.837545126353799,320,24.224072672218,321,23.973114264376399,325,23.967551622418899,348,24.733475479744101]
["G23",340,21.864951768488702,369,23.488224061107601,349,23.438549361987899,364,24.897400820793401,365,26.353790613718399,356,26.949280847842498,372,27.781926811053001,379,27.949852507374601,374,26.581378820184799]
["G24",156,10.032154340836,240,15.276893698281301,324,21.759570181329799,357,24.418604651162799,344,24.837545126353799,331,25.056775170325501,347,25.9148618371919,335,24.705014749262499,304,21.606254442075301]
["G25",341,21.9292604501608,247,15.7224697644812,163,10.9469442578912,127,8.6867305061559499,115,8.3032490974729303,108,8.1756245268735803,88,6.5720687079910398,88,6.4896755162241897,119,8.4577114427860707]
["G26",1555,100,1571,100,1489,100,1462,100,1385,100,1321,100,1339,100,1356,100,1407,100]
["G31",317,13.202832153269499,401,15.137787844469599,473,17.3961015079073,492,18.531073446327699,516,19.907407407407401,510,20.440881763527099,513,20.9901800327332,531,21.869851729818802,562,22.7622519238558]
["G32",147,6.12244897959184,172,6.4930162325405796,226,8.3118793674144893,218,8.2109227871939705,214,8.2561728395061706,223,8.9378757515030092,230,9.4108019639934497,229,9.4316309719934104,217,8.7889833940866708]
["G33",584,24.323198667222002,649,24.499811249528101,626,23.0231702831923,595,22.410546139359699,610,23.533950617283999,583,23.366733466933901,540,22.094926350245501,519,21.3756177924217,547,22.154718509517998]
["G34",1187,49.437734277384401,1276,48.1691204228011,1248,45.899227657226902,1203,45.310734463276802,1108,42.746913580246897,1039,41.643286573146298,1034,42.307692307692299,1024,42.174629324546999,1044,42.284325637910101]
["G35",166,6.9137859225322797,151,5.7002642506606298,146,5.3696211842589197,147,5.5367231638418097,144,5.5555555555555598,140,5.6112224448897798,127,5.1963993453355197,125,5.1482701812191101,99,4.0097205346294]
["G36",2401,100,2649,100,2719,100,2655,100,2592,100,2495,100,2444,100,2428,100,2469,100]
["G41",1298,22.3986194995686,1462,23.787829482590301,1538,24.935149156939001,1460,24.476110645431699,1465,25.1028101439342,1429,25.568080157452101,1337,24.649705014749301,1441,25.681696667260699,1563,26.754536117767898]
["G42",1410,24.3313201035375,1487,24.194598112593599,1489,24.140726329442298,1414,23.704945515507099,1392,23.851953392734799,1311,23.456790123456798,1279,23.580383480826001,1417,25.253965425057899,1531,26.206778500513501]
["G43",1044,18.015530629853298,1115,18.1418808981451,1110,17.9961089494163,1120,18.776194467728399,1137,19.482522275531199,1094,19.574163535516199,1072,19.76401179941,1049,18.695419711281399,1063,18.1958233481684]
["G44",1464,25.2631578947368,1636,26.618939147412998,1687,27.3508430609598,1677,28.1139983235541,1569,26.884852638793699,1495,26.748971193415599,1510,27.839233038348102,1482,26.412404206023901,1454,24.888736733995199]
["G45",579,9.9913718723037093,446,7.2567523592580496,344,5.5771725032425401,294,4.92875104777871,273,4.6778615490061703,260,4.6519949901592401,226,4.1666666666666696,222,3.9565139903760498,231,3.9541252995549501]
["G46",5795,100,6146,100,6168,100,5965,100,5836,100,5589,100,5424,100,5611,100,5842,100]
["H11",224,40.579710144927503,214,37.876106194690301,270,43.618739903069503,222,42.205323193916399,211,37.611408199643499,251,39.280125195618197,213,39.082568807339499,242,41.226575809199304,294,45.300462249614803]
["H12",241,43.659420289855099,254,44.955752212389399,256,41.3570274636511,233,44.296577946768103,276,49.197860962566899,298,46.635367762128297,240,44.0366972477064,266,45.315161839863698,284,43.759630200308202]
["H13",48,8.6956521739130395,52,9.2035398230088497,45,7.2697899838449098,26,4.9429657794676798,32,5.7040998217468797,35,5.4773082942097,39,7.1559633027522898,41,6.9846678023850099,34,5.2388289676425304]
["H14",28,5.0724637681159397,33,5.8407079646017701,35,5.6542810985460399,30,5.7034220532319404,29,5.1693404634581102,36,5.6338028169014098,37,6.78899082568807,31,5.2810902896081799,20,3.08166409861325]
["H15",11,1.99275362318841,12,2.1238938053097298,13,2.1001615508885298,15,2.8517110266159702,13,2.3172905525846699,19,2.9733959311424099,16,2.9357798165137599,7,1.19250425894378,17,2.6194144838212599]
["H16",552,100,565,100,619,100,526,100,561,100,639,100,545,100,587,100,649,100]
["H21",97,22.045454545454501,84,19.6261682242991,68,16.152019002375301,57,14.9606299212598,60,14.3540669856459,66,14.410480349345001,59,13.7209302325581,55,13.126491646778,54,13.846153846153801]
["H22",126,28.636363636363601,109,25.467289719626201,105,24.940617577197099,103,27.0341207349081,115,27.511961722488,137,29.9126637554585,132,30.697674418604699,127,30.310262529832901,118,30.256410256410302]
["H23",114,25.909090909090899,105,24.532710280373799,115,27.315914489311201,98,25.721784776902901,110,26.315789473684202,118,25.764192139738,100,23.255813953488399,106,25.298329355608601,119,30.5128205128205]
["H24",57,12.954545454545499,76,17.757009345794401,77,18.2897862232779,75,19.685039370078702,85,20.334928229665099,86,18.7772925764192,77,17.906976744186,70,16.706443914081099,63,16.153846153846199]
["H25",46,10.454545454545499,54,12.616822429906501,56,13.301662707838499,48,12.5984251968504,48,11.4832535885167,51,11.1353711790393,62,14.4186046511628,61,14.5584725536993,36,9.2307692307692299]
["H26",440,100,428,100,421,100,381,100,418,100,458,100,430,100,419,100,390,100]
["H31",54,11.4649681528662,48,9.1954022988505706,68,11.5646258503401,70,12.6582278481013,73,13.931297709923699,87,16.353383458646601,82,15.830115830115799,87,16.3841807909605,85,16.283524904214602]
["H32",37,7.8556263269639102,34,6.5134099616858201,37,6.2925170068027203,39,7.0524412296564201,39,7.4427480916030504,40,7.5187969924812004,36,6.9498069498069501,33,6.2146892655367196,34,6.5134099616858201]
["H33",109,23.142250530785599,139,26.628352490421499,157,26.700680272108901,130,23.5081374321881,107,20.419847328244298,103,19.3609022556391,101,19.498069498069501,108,20.338983050847499,101,19.348659003831401]
["H34",255,54.140127388534999,283,54.2145593869732,303,51.530612244898002,291,52.622061482821003,284,54.198473282442798,280,52.631578947368403,270,52.123552123552102,264,49.7175141242938,255,48.850574712643699]
["H35",16,3.3970276008492601,18,3.4482758620689702,23,3.9115646258503398,23,4.1591320072332696,21,4.0076335877862599,22,4.1353383458646604,29,5.5984555984556001,39,7.3446327683615804,47,9.0038314176245198]
["H36",471,100,522,100,588,100,553,100,524,100,532,100,518,100,531,100,522,100]
["H41",375,25.6322624743677,346,22.838283828382799,406,24.938574938574899,349,23.904109589041099,344,22.8875582168995,404,24.8004910988336,354,23.7106496985934,384,24.983734547820401,433,27.7386290839206]
["H42",404,27.614490772385501,397,26.204620462046201,398,24.447174447174501,375,25.684931506849299,430,28.609447771124401,475,29.158993247390999,408,27.327528466175501,426,27.7163305139883,436,27.9308135810378]
["H43",271,18.523581681476401,296,19.537953795379501,317,19.471744471744501,254,17.397260273972599,249,16.566866267465102,256,15.7151626764886,240,16.075016744809101,255,16.590761223162001,254,16.271620755925699]
["H44",340,23.239917976760101,392,25.8745874587459,415,25.491400491400501,396,27.123287671232902,398,26.480372588157,402,24.677716390423601,384,25.7200267916946,365,23.7475601821731,338,21.652786675208201]
["H45",73,4.9897470950102498,84,5.5445544554455504,92,5.6511056511056497,86,5.89041095890411,82,5.4557551563539599,92,5.6476365868631104,107,7.1667782987273903,107,6.9616135328562097,100,6.4061499039077496]
["H46",1463,100,1515,100,1628,100,1460,100,1503,100,1629,100,1493,100,1537,100,1561,100]
["L11",327,38.023255813953497,376,39.915074309978799,341,36.084656084656103,396,39.246778989098097,434,41.412213740458,439,40.312213039485798,456,40.1762114537445,448,38.787878787878803,472,40.273037542662102]
["L12",346,40.232558139534902,382,40.552016985138003,395,41.798941798941797,404,40.039643211100099,438,41.793893129771,478,43.8934802571166,508,44.757709251101303,545,47.186147186147203,530,45.221843003412999]
["L13",62,7.2093023255814002,95,10.084925690021199,148,15.6613756613757,146,14.4697720515362,102,9.7328244274809208,94,8.6317722681359008,109,9.6035242290748908,97,8.3982683982683994,90,7.6791808873720102]
["L14",75,8.7209302325581408,83,8.8110403397027603,61,6.4550264550264602,62,6.1446977205153601,70,6.6793893129770998,73,6.7033976124885202,55,4.8458149779735704,59,5.1082251082251098,75,6.3993174061433402]
["L15",50,5.81395348837209,6,0.63694267515923597,"0","0.0%",1,9.9108027750247796E-2,4,0.38167938931297701,5,0.45913682277318602,7,0.616740088105727,6,0.51948051948051899,5,0.426621160409556]
["L16",860,100,942,100,945,100,1009,100,1048,100,1089,100,1135,100,1155,100,1172,100]
["L21",143,19.194630872483199,139,19.041095890411,131,18.687589158345201,120,16.806722689075599,115,15.2116402116402,100,13.6239782016349,97,13.1081081081081,109,14.8097826086957,118,15.733333333333301]
["L22",192,25.7718120805369,166,22.7397260273973,158,22.539229671897299,188,26.330532212885199,195,25.793650793650801,197,26.8392370572207,195,26.351351351351301,154,20.923913043478301,149,19.866666666666699]
["L23",183,24.5637583892617,171,23.424657534246599,167,23.823109843081301,198,27.731092436974802,207,27.380952380952401,191,26.021798365122599,190,25.675675675675699,167,22.690217391304301,175,23.3333333333333]
["L24",153,20.5369127516779,187,25.616438356164402,184,26.248216833095601,182,25.490196078431399,199,26.322751322751301,178,24.250681198910101,174,23.513513513513502,195,26.494565217391301,198,26.4]
["L25",74,9.9328859060402692,67,9.1780821917808204,61,8.7018544935805995,26,3.6414565826330501,40,5.2910052910052903,68,9.2643051771117193,84,11.351351351351401,111,15.0815217391304,110,14.6666666666667]
["L26",745,100,730,100,701,100,714,100,756,100,734,100,740,100,736,100,750,100]
["L31",144,14.906832298136599,180,17.9461615154536,174,17.109144542772899,190,16.814159292035399,222,18.5929648241206,219,19.0104166666667,195,17.256637168141602,157,15.794768611669999,205,19.034354688950799]
["L32",86,8.9026915113871592,95,9.4715852442671995,119,11.701081612586,132,11.681415929203499,131,10.971524288107201,119,10.3298611111111,90,7.9646017699114999,60,6.0362173038229399,76,7.0566388115134604]
["L33",186,19.254658385093201,215,21.435692921236299,208,20.452310717797399,239,21.150442477876101,253,21.189279731993299,229,19.8784722222222,228,20.1769911504425,206,20.724346076458801,219,20.334261838440099]
["L34",439,45.445134575569398,463,46.161515453639097,487,47.885939036381501,536,47.433628318584098,540,45.226130653266303,537,46.6145833333333,572,50.6194690265487,516,51.911468812877303,526,48.839368616527402]
["L35",111,11.490683229813699,50,4.9850448654037898,29,2.8515240904621399,33,2.9203539823008899,48,4.0201005025125598,48,4.1666666666666696,45,3.98230088495575,55,5.5331991951710302,51,4.73537604456825]
["L36",966,100,1003,100,1017,100,1130,100,1194,100,1152,100,1130,100,994,100,1077,100]
["L41",614,23.881758070789601,695,25.981308411215,646,24.2583552384529,706,24.7458815282159,771,25.717144763175501,758,25.4789915966387,748,24.891846921797001,714,24.748700173310201,795,26.508836278759599]
["L42",624,24.2707117852976,643,24.037383177570099,672,25.234697709350399,724,25.376796354714301,764,25.4836557705137,794,26.689075630252098,793,26.389351081530801,759,26.3084922010399,755,25.175058352784301]
["L43",431,16.763905095293701,481,17.981308411215,523,19.639504318437901,583,20.434630213809999,562,18.745830553702501,514,17.2773109243698,527,17.5374376039933,470,16.291161178509501,484,16.1387129043014]
["L44",667,25.943212757681799,733,27.401869158878501,732,27.487795719113802,780,27.3396424815983,809,26.984656437625102,788,26.487394957983199,801,26.655574043261201,770,26.689774696707101,799,26.642214071357099]
["L45",235,9.1404122909373804,123,4.5981308411214998,90,3.3796470146451401,60,2.1030494216614102,92,3.0687124749833199,121,4.0672268907562996,136,4.5257903494176404,172,5.9618717504332803,166,5.5351783927975999]
["L46",2571,100,2675,100,2663,100,2853,100,2998,100,2975,100,3005,100,2885,100,2999,100]
["M11",3184,38.744220004867401,3341,39.459076414314403,3378,39.504151561220901,3477,40.728593182616898,3538,41.1730478296288,3530,41.0417393326357,3502,40.844413342663898,3563,40.405987752324798,3499,39.568019902747899]
["M12",3619,44.037478705281103,3759,44.395889925593501,3756,43.924687171091101,3746,43.8795829916833,3835,44.6293494704992,3819,44.401813742588097,3804,44.366689993002097,4052,45.951462916761201,4076,46.092954879565802]
["M13",600,7.3010464833292801,610,7.2044407700484197,747,8.7358203718863301,737,8.6330092538362404,662,7.7039450715698798,656,7.6270201139402403,710,8.2808490786097497,661,7.4960308459968203,587,6.6380187719099899]
["M14",450,5.4757848624969601,478,5.6454470296445001,462,5.4028768565080103,445,5.2126039592362696,459,5.3415570813452797,491,5.7086385304034399,456,5.3184044786564,452,5.1258788841007004,440,4.9756869840551898]
["M15",365,4.44146994402531,279,3.2951458603992001,208,2.4324640392936501,132,1.54621061262739,99,1.15210054695683,105,1.2207882804325101,102,1.1896431070678799,90,1.02063960081651,241,2.7253194617211398]
["M16",8218,100,8467,100,8551,100,8537,100,8593,100,8601,100,8574,100,8818,100,8843,100]
["M21",1261,17.828361374240099,1257,17.890691716481602,1213,17.819891288379601,1136,17.0544963218736,1021,15.369561944904399,996,15.090909090909101,1043,15.783898305084699,1113,16.506006228681599,1195,17.231434751261698]
["M22",1810,25.5902728686555,1782,25.362937660119599,1745,25.635375348905502,1743,26.167242155832501,1758,26.463947011892198,1713,25.954545454545499,1655,25.045399515738499,1618,23.995254337831799,1670,24.080749819754899]
["M23",1683,23.7947122861586,1637,23.299174494733801,1616,23.740267371823101,1641,24.635940549467101,1702,25.620954388077699,1663,25.196969696969699,1667,25.226997578692501,1693,25.107518908497699,1711,24.671953857245899]
["M24",1272,17.983882369574399,1445,20.566467406774802,1486,21.830468635228399,1517,22.774358204473799,1532,23.061869637212101,1552,23.515151515151501,1581,23.925544794188902,1607,23.8321222008008,1567,22.595529920692101]
["M25",1047,14.8027711013714,905,12.880728721890099,747,10.9739973556633,624,9.3679627683531006,630,9.4836670179135893,676,10.2424242424242,662,10.018159806295399,712,10.559098324188,792,11.4203316510454]
["M26",7073,100,7026,100,6807,100,6661,100,6643,100,6600,100,6608,100,6743,100,6935,100]
["M31",1136,13.1511924056495,1348,14.7839438473349,1483,15.8287970968086,1585,16.443614482830199,1713,17.854909318324001,1681,18.2856521266181,1610,17.540037041072001,1660,17.895644674428599,1816,18.8499065808595]
["M32",630,7.2933549432739104,696,7.6332529063391101,806,8.6028391503895794,851,8.8287166718539307,850,8.8597039816551995,797,8.6696399434352198,730,7.9529360496786099,692,7.4601121172919402,724,7.5150508615320799]
["M33",1999,23.141931002546901,2127,23.327484097389799,2142,22.862632084534098,2189,22.709824670608999,2141,22.316030852616201,1996,21.7121723050147,1981,21.5818716635799,2006,21.625700733074599,2083,21.621341083661999]
["M34",4277,49.513776337115097,4462,48.936170212766001,4525,48.297577116020904,4606,47.785039941902703,4424,46.112153429226602,4204,45.730447079299502,4230,46.083451356356903,4248,45.7956015523933,4430,45.982976956611999]
["M35",596,6.8997453114146801,485,5.31914893617021,413,4.4081545522467698,408,4.2328042328042299,466,4.85720241817803,515,5.60208854563255,628,6.8417038893125603,670,7.22294092281156,581,6.0307245173344404]
["M36",8638,100,9118,100,9369,100,9639,100,9594,100,9193,100,9179,100,9276,100,9634,100]
["M41",5581,23.3231643612353,5946,24.159928487261801,6074,24.564241517369702,6198,24.9547046744776,6272,25.2597664115989,6207,25.4447815036484,6155,25.2657936866303,6336,25.510327334219099,6510,25.617818353533799]
["M42",6059,25.320740524050301,6237,25.342326601926001,6307,25.506531322036601,6340,25.5264323388493,6443,25.9484494563029,6329,25.944904484709401,6189,25.405361027872399,6362,25.615009864315301,6470,25.460412403588901]
["M43",4282,17.894604872748602,4374,17.7725407338182,4505,18.218950944311899,4567,18.3878890365181,4505,18.143374949657701,4315,17.688775928506999,4358,17.8892492098026,4360,17.554455046905801,4381,17.239886667716]
["M44",5999,25.069998746291098,6385,25.943683718662399,6473,26.177862255833698,6568,26.444417602770098,6415,25.835682641965398,6247,25.608756251537301,6267,25.7255449283691,6307,25.3935660506502,6437,25.330552494884301]
["M45",2008,8.3914914956747104,1669,6.7815204583316397,1368,5.53241396044809,1164,4.6865563473849496,1195,4.8127265404752304,1296,5.3127818315979303,1392,5.7140511473256401,1472,5.9266417039094899,1614,6.3513300802770303]
["M46",23929,100,24611,100,24727,100,24837,100,24830,100,24394,100,24361,100,24837,100,25412,100]
["N11",314,40.832249674902499,321,40.787801778907202,344,43.053817271589502,342,43.236409608091002,342,42.643391521197003,339,41.851851851851897,352,42.105263157894697,352,42.615012106537499,327,40.671641791044799]
["N12",362,47.074122236671002,354,44.980940279542601,330,41.301627033792201,328,41.466498103666197,346,43.142144638403998,361,44.567901234567898,368,44.019138755980897,362,43.825665859564197,374,46.517412935323399]
["N13",35,4.5513654096228899,43,5.4637865311308804,51,6.3829787234042596,52,6.5739570164348899,43,5.3615960099750604,44,5.4320987654320998,55,6.5789473684210504,53,6.4164648910411604,45,5.5970149253731298]
["N14",35,4.5513654096228899,44,5.5908513341804298,50,6.2578222778473096,50,6.3211125158027803,62,7.7306733167082298,53,6.5432098765432096,44,5.2631578947368398,45,5.4479418886198498,38,4.7263681592039797]
["N15",23,2.9908972691807501,25,3.1766200762388799,24,3.0037546933667101,19,2.40202275600506,9,1.1221945137157101,13,1.6049382716049401,17,2.0334928229665099,14,1.6949152542372901,20,2.4875621890547301]
["N16",769,100,787,100,799,100,791,100,802,100,810,100,836,100,826,100,804,100]
["N21",96,13.540197461212999,95,13.157894736842101,90,13.8036809815951,79,12.8874388254486,73,10.944527736131899,81,11.587982832618,96,13.5785007072136,112,14.678899082568799,121,14.738124238733301]
["N22",193,27.221438645980299,195,27.008310249307499,176,26.9938650306749,156,25.448613376835201,177,26.5367316341829,189,27.038626609442101,176,24.893917963224901,177,23.197903014416799,197,23.995127892813599]
["N23",174,24.5416078984485,177,24.515235457063699,164,25.153374233128801,164,26.753670473083201,172,25.787106446776601,173,24.749642346208901,175,24.752475247524799,196,25.688073394495401,220,26.796589524969502]
["N24",147,20.733427362482399,176,24.376731301939099,162,24.846625766871199,149,24.3066884176183,172,25.787106446776601,173,24.749642346208901,167,23.6209335219236,198,25.950196592398399,200,24.360535931790501]
["N25",99,13.9633286318759,79,10.9418282548476,60,9.2024539877300597,65,10.6035889070147,73,10.944527736131899,83,11.8741058655222,93,13.154172560113199,80,10.484927916120601,83,10.109622411693101]
["N26",709,100,722,100,652,100,613,100,667,100,699,100,707,100,763,100,821,100]
["N31",58,8.4671532846715305,78,11.538461538461499,79,11.205673758865199,82,10.110974106041899,99,12.1621621621622,113,14.0897755610973,88,10.5642256902761,88,10.1033295063146,140,14.9892933618844]
["N32",44,6.4233576642335803,53,7.8402366863905302,58,8.2269503546099294,68,8.3847102342786695,57,7.0024570024569996,42,5.2369077306733196,31,3.72148859543818,42,4.8220436280137804,63,6.7451820128479696]
["N33",140,20.437956204379599,124,18.3431952662722,122,17.304964539007099,163,20.098643649814999,160,19.656019656019701,137,17.0822942643392,100,12.004801920768299,118,13.547646383467301,157,16.809421841541798]
["N34",385,56.204379562043798,375,55.473372781065102,395,56.028368794326198,438,54.007398273736101,448,55.036855036855002,445,55.486284289276803,427,51.260504201680703,415,47.646383467279001,457,48.9293361884368]
["N35",58,8.4671532846715305,46,6.8047337278106497,51,7.2340425531914896,60,7.3982737361282398,50,6.1425061425061402,65,8.1047381546134698,187,22.4489795918367,208,23.880597014925399,117,12.5267665952891]
["N36",685,100,676,100,705,100,811,100,814,100,802,100,833,100,871,100,934,100]
["N41",468,21.636615811373101,494,22.6086956521739,513,23.794063079777398,503,22.708803611738102,514,22.5142356548401,533,23.063608827347501,536,22.5589225589226,552,22.439024390243901,588,22.977725674091399]
["N42",599,27.693018955154901,602,27.551487414187601,564,26.159554730983299,552,24.920993227991001,580,25.405168637757299,592,25.616616183470398,575,24.200336700336699,581,23.617886178861799,634,24.775302852676798]
["N43",349,16.1349976883957,344,15.7437070938215,337,15.6307977736549,379,17.110609480812599,375,16.425755584756899,354,15.318044136737299,330,13.8888888888889,367,14.918699186991899,422,16.490816725283299]
["N44",567,26.213592233009699,595,27.2311212814645,607,28.153988868274599,637,28.758465011286699,682,29.8729741568112,671,29.035049762007802,638,26.851851851851901,658,26.747967479674799,695,27.1590465025401]
["N45",180,8.3217753120665705,150,6.8649885583524002,135,6.2615955473098301,144,6.5011286681715603,132,5.78186596583443,161,6.9666810904370404,297,12.5,302,12.2764227642276,220,8.5971082454083607]
["N46",2163,100,2185,100,2156,100,2215,100,2283,100,2311,100,2376,100,2460,100,2559,100]
["R11",5,33.3333333333333,20,42.553191489361701,18,38.297872340425499,7,31.818181818181799,21,42,17,32.692307692307701,4,17.3913043478261,17,45.945945945946001,16,45.714285714285701]
["R12",7,46.6666666666667,22,46.808510638297903,23,48.936170212766001,10,45.454545454545503,23,46,28,53.846153846153904,13,56.521739130434803,17,45.945945945946001,17,48.571428571428598]
["R13",1,6.6666666666666696,1,2.12765957446809,2,4.2553191489361701,2,9.0909090909090899,1,2,1,1.92307692307692,"0","0.0%",1,2.7027027027027,1,2.8571428571428599]
["R14",1,6.6666666666666696,"0","0.0%","0","0.0%","0","0.0%",2,4,2,3.8461538461538498,3,13.0434782608696,2,5.4054054054054097,"0","0.0%"]
["R15",1,6.6666666666666696,4,8.5106382978723403,4,8.5106382978723403,3,13.636363636363599,3,6,4,7.6923076923076898,3,13.0434782608696,"0","0.0%",1,2.8571428571428599]
["R16",15,100,47,100,47,100,22,100,50,100,52,100,23,100,37,100,35,100]
["R21",4,16.6666666666667,3,14.285714285714301,2,13.3333333333333,2,13.3333333333333,1,5.2631578947368398,2,7.6923076923076898,3,13.0434782608696,4,16.6666666666667,5,15.625]
["R22",5,20.8333333333333,6,28.571428571428601,3,20,3,20,4,21.052631578947398,6,23.076923076923102,6,26.086956521739101,8,33.3333333333333,13,40.625]
["R23",6,25,3,14.285714285714301,3,20,4,26.6666666666667,5,26.315789473684202,5,19.230769230769202,4,17.3913043478261,6,25,4,12.5]
["R24",6,25,4,19.047619047619101,3,20,3,20,3,15.789473684210501,6,23.076923076923102,7,30.434782608695699,5,20.8333333333333,5,15.625]
["R25",3,12.5,5,23.8095238095238,4,26.6666666666667,3,20,6,31.578947368421101,7,26.923076923076898,3,13.0434782608696,1,4.1666666666666696,5,15.625]
["R26",24,100,21,100,15,100,15,100,19,100,26,100,23,100,24,100,32,100]
["R31",4,14.814814814814801,3,12.5,3,13.636363636363599,3,13.636363636363599,3,13.0434782608696,3,15,2,11.1111111111111,5,17.241379310344801,7,19.4444444444444]
["R32",4,14.814814814814801,2,8.3333333333333304,2,9.0909090909090899,2,9.0909090909090899,"0","0.0%","0","0.0%",1,5.5555555555555598,3,10.3448275862069,4,11.1111111111111]
["R33",6,22.2222222222222,6,25,3,13.636363636363599,2,9.0909090909090899,5,21.739130434782599,3,15,3,16.6666666666667,5,17.241379310344801,7,19.4444444444444]
["R34",12,44.4444444444444,11,45.8333333333333,12,54.545454545454497,15,68.181818181818201,13,56.521739130434803,9,45,7,38.8888888888889,12,41.379310344827601,16,44.4444444444444]
["R35",1,3.7037037037037002,2,8.3333333333333304,2,9.0909090909090899,"0","0.0%",2,8.6956521739130395,5,25,5,27.7777777777778,4,13.7931034482759,2,5.5555555555555598]
["R36",27,100,24,100,22,100,22,100,23,100,20,100,18,100,29,100,36,100]
["R41",13,19.696969696969699,26,28.260869565217401,23,27.380952380952401,12,20.338983050847499,25,27.173913043478301,22,22.4489795918367,9,14.0625,26,28.8888888888889,28,27.184466019417499]
["R42",16,24.2424242424242,30,32.6086956521739,28,33.3333333333333,15,25.4237288135593,27,29.347826086956498,34,34.6938775510204,20,31.25,28,31.1111111111111,34,33.009708737864102]
["R43",13,19.696969696969699,10,10.869565217391299,8,9.5238095238095202,8,13.559322033898299,11,11.9565217391304,9,9.1836734693877595,7,10.9375,12,13.3333333333333,12,11.6504854368932]
["R44",19,28.7878787878788,15,16.304347826087,15,17.8571428571429,18,30.508474576271201,18,19.565217391304301,17,17.3469387755102,17,26.5625,19,21.1111111111111,21,20.3883495145631]
["R45",5,7.5757575757575797,11,11.9565217391304,10,11.9047619047619,6,10.1694915254237,11,11.9565217391304,16,16.326530612244898,11,17.1875,5,5.5555555555555598,8,7.7669902912621396]
["R46",66,100,92,100,84,100,59,100,92,100,98,100,64,100,90,100,103,100]
["S11",435,37.5,531,41.516810007818599,534,41.4596273291925,531,41.778127458694001,562,42.034405385190702,530,40.769230769230802,519,40.4836193447738,548,39.825581395348799,551,39.956490210297297]
["S12",542,46.724137931034498,579,45.269741985926501,568,44.099378881987597,558,43.902439024390198,595,44.502617801047101,585,45,574,44.773790951638098,637,46.293604651162802,647,46.918056562726598]
["S13",109,9.3965517241379306,94,7.3494917904613004,98,7.6086956521739104,102,8.02517702596381,113,8.4517576664173504,108,8.3076923076923102,108,8.4243369734789404,110,7.9941860465116301,97,7.0340826686004299]
["S14",55,4.7413793103448301,61,4.7693510555121197,71,5.5124223602484497,67,5.2714398111723098,60,4.4876589379207203,71,5.4615384615384599,68,5.3042121684867398,68,4.9418604651162799,78,5.6562726613488001]
["S15",19,1.63793103448276,14,1.0946051602814699,17,1.31987577639752,13,1.0228166797797,7,0.52356020942408399,6,0.46153846153846201,13,1.0140405616224699,13,0.94476744186046502,6,0.43509789702683099]
["S16",1160,100,1279,100,1288,100,1271,100,1337,100,1300,100,1282,100,1376,100,1379,100]
["S21",155,14.6919431279621,158,14.5354185832567,168,15.8640226628895,172,16.602316602316598,170,16.585365853658502,151,15.5349794238683,146,15.482502651113499,170,17.051153460381101,187,17.608286252353999]
["S22",277,26.255924170616101,298,27.4149034038638,281,26.5344664778093,267,25.772200772200801,269,26.243902439024399,237,24.382716049382701,234,24.8144220572641,245,24.5737211634905,253,23.8229755178908]
["S23",252,23.886255924170602,255,23.4590616375345,247,23.3238904627007,246,23.745173745173702,251,24.487804878048799,241,24.794238683127599,222,23.541887592788999,218,21.8655967903711,251,23.634651600753301]
["S24",278,26.350710900473899,254,23.367065317387301,232,21.907459867799801,267,25.772200772200801,251,24.487804878048799,218,22.427983539094701,213,22.587486744432699,237,23.7713139418255,255,24.011299435028299]
["S25",93,8.8151658767772503,122,11.2235510579577,131,12.370160528800801,84,8.1081081081081106,84,8.1951219512195106,125,12.8600823045268,128,13.5737009544009,127,12.7382146439318,116,10.922787193973599]
["S26",1055,100,1087,100,1059,100,1036,100,1025,100,972,100,943,100,997,100,1062,100]
["S31",215,16.056758775205399,240,17.712177121771202,259,18.9051094890511,268,19.197707736389699,270,20.270270270270299,263,21.023181454836099,277,21.9492868462758,304,22.771535580524301,290,20.8483105679367]
["S32",122,9.1112770724421193,128,9.4464944649446494,133,9.7080291970802897,129,9.2406876790830896,116,8.7087087087087092,112,8.9528377298161494,106,8.3993660855784498,98,7.3408239700374498,114,8.1955427749820302]
["S33",335,25.018670649738599,329,24.280442804427999,305,22.262773722627699,300,21.489971346704898,283,21.246246246246201,288,23.021582733812998,300,23.771790808240901,311,23.295880149812699,331,23.7958303378864]
["S34",660,49.2905153099328,622,45.904059040590397,630,45.985401459854003,652,46.704871060171897,577,43.318318318318298,496,39.648281374900101,494,39.144215530903303,527,39.475655430711598,559,40.186915887850503]
["S35",7,0.52277819268110504,36,2.65682656826568,43,3.1386861313868599,47,3.36676217765043,86,6.4564564564564604,92,7.3541167066346897,85,6.7353407290015896,95,7.11610486891386,97,6.9734004313443601]
["S36",1339,100,1355,100,1370,100,1396,100,1332,100,1251,100,1262,100,1335,100,1391,100]
["S41",805,22.650534608891402,929,24.966406879870998,961,25.854183481302101,971,26.221982176613601,1002,27.1250676773146,944,26.7953448765257,942,27.0146257527961,1022,27.562028047464899,1028,26.826722338204601]
["S42",941,26.477208778840701,1005,27.008868583714101,982,26.419155232714601,954,25.762894950040501,980,26.529507309149999,934,26.5114958841896,914,26.211643246343598,980,26.4293419633225,1014,26.461377870563702]
["S43",696,19.583567810917302,678,18.220908357968302,650,17.487220877051399,648,17.499324871725602,647,17.514889009204101,637,18.0811808118081,630,18.067106395182101,639,17.2330097087379,679,17.719206680584598]
["S44",993,27.940348902644899,937,25.1814028486966,933,25.100887812752202,986,26.627059141236799,888,24.038982133188998,785,22.282145898382101,775,22.225408660739902,832,22.437971952535101,892,23.277661795407099]
["S45",119,3.3483398987056798,172,4.6224133297500698,191,5.1385525961797196,144,3.8887388603834698,177,4.7915538711423897,223,6.3298325290945199,226,6.4812159449383397,235,6.3376483279395899,219,5.71503131524008]
["S46",3554,100,3721,100,3717,100,3703,100,3694,100,3523,100,3487,100,3708,100,3832,100]
["T11",255,36.480686695278997,230,35.825545171339598,216,33.644859813084103,275,38.354253835425403,271,40.874811463046797,291,40.137931034482797,315,40.332906530089602,289,41.285714285714299,249,38.485316846986102]
["T12",257,36.766809728183098,244,38.006230529595001,270,42.056074766355103,319,44.490934449093402,304,45.852187028657603,330,45.517241379310299,358,45.838668373879599,323,46.142857142857103,285,44.049459041731097]
["T13",55,7.8683834048640904,50,7.7881619937694699,83,12.9283489096573,90,12.5523012552301,66,9.9547511312217196,70,9.6551724137930997,74,9.4750320102432806,56,8,43,6.6460587326120599]
["T14",15,2.1459227467811202,11,1.7133956386292799,16,2.4922118380062299,18,2.5104602510460299,10,1.5082956259426801,19,2.6206896551724101,19,2.4327784891165201,11,1.5714285714285701,17,2.62751159196291]
["T15",117,16.7381974248927,107,16.6666666666667,57,8.8785046728972006,15,2.0920502092050199,12,1.80995475113122,15,2.0689655172413799,15,1.92061459667093,21,3,53,8.1916537867078798]
["T16",699,100,642,100,642,100,717,100,663,100,725,100,781,100,700,100,647,100]
["T21",70,12.411347517730499,82,14.909090909090899,92,16.312056737588701,86,15.061295971979,70,11.965811965812,81,13.2786885245902,97,16.609589041095902,98,17.314487632508801,105,18.421052631578899]
["T22",139,24.645390070922002,128,23.272727272727298,150,26.595744680851102,166,29.071803852889701,162,27.692307692307701,159,26.065573770491799,152,26.027397260274,152,26.855123674911699,146,25.614035087719301]
["T23",130,23.0496453900709,139,25.272727272727298,169,29.964539007092199,139,24.343257443082301,135,23.076923076923102,129,21.1475409836066,120,20.5479452054795,132,23.321554770317999,144,25.2631578947368]
["T24",101,17.9078014184397,86,15.636363636363599,96,17.021276595744698,106,18.563922942206698,119,20.341880341880302,142,23.278688524590201,142,24.315068493150701,117,20.6713780918728,107,18.771929824561401]
["T25",124,21.985815602836901,115,20.909090909090899,57,10.106382978723399,74,12.959719789842399,99,16.923076923076898,99,16.229508196721302,73,12.5,67,11.8374558303887,68,11.9298245614035]
["T26",564,100,550,100,564,100,571,100,585,100,610,100,584,100,566,100,570,100]
["T31",79,12.4409448818898,98,15.2173913043478,96,15.0234741784038,104,15.8054711246201,115,16.197183098591601,97,14.900153609830999,87,14.146341463414601,110,16.717325227963499,121,17.925925925925899]
["T32",44,6.9291338582677202,45,6.9875776397515503,51,7.9812206572770004,67,10.1823708206687,72,10.1408450704225,56,8.6021505376344098,56,9.1056910569105707,66,10.0303951367781,57,8.44444444444445]
["T33",168,26.456692913385801,161,25,171,26.760563380281699,188,28.571428571428601,183,25.774647887323901,176,27.0353302611367,174,28.292682926829301,173,26.291793313069899,175,25.925925925925899]
["T34",311,48.976377952755897,325,50.465838509316796,313,48.982785602503903,292,44.376899696048604,330,46.478873239436602,309,47.465437788018399,283,46.016260162601597,296,44.984802431610902,315,46.6666666666667]
["T35",33,5.1968503937007897,15,2.3291925465838501,8,1.25195618153365,7,1.0638297872340401,10,1.40845070422535,13,1.99692780337942,15,2.4390243902439002,13,1.97568389057751,7,1.0370370370370401]
["T36",635,100,644,100,639,100,658,100,710,100,651,100,615,100,658,100,675,100]
["T41",404,21.285563751317198,410,22.3311546840959,404,21.897018970189698,465,23.895169578622799,456,23.289070480081701,469,23.615307150050398,499,25.202020202020201,497,25.831600831600799,475,25.1057082452431]
["T42",440,23.182297154899899,417,22.712418300653599,471,25.528455284552901,552,28.365878725590999,538,27.477017364657801,545,27.4420946626385,566,28.585858585858599,541,28.118503118503099,488,25.792811839323502]
["T43",353,18.598524762908301,350,19.063180827886701,423,22.9268292682927,417,21.428571428571399,384,19.611848825332,375,18.882175226586099,368,18.585858585858599,361,18.762993762993801,362,19.1331923890063]
["T44",427,22.4973656480506,422,22.984749455337699,425,23.0352303523035,416,21.377183967112,459,23.4422880490296,470,23.6656596173213,444,22.424242424242401,424,22.037422037422001,439,23.202959830866799]
["T45",274,14.436248682824001,237,12.9084967320261,122,6.6124661246612497,96,4.9331963001027699,121,6.1797752808988804,127,6.39476334340383,103,5.2020202020201998,101,5.2494802494802499,128,6.7653276955602504]
["T46",1898,100,1836,100,1845,100,1946,100,1958,100,1986,100,1980,100,1924,100,1892,100]
["V11",209,42.479674796748,183,39.869281045751599,208,40.704500978473597,230,42.513863216266202,199,41.286307053941897,184,43.294117647058798,217,47.9028697571744,207,43.396226415094297,172,35.537190082644599]
["V12",212,43.089430894308997,206,44.880174291938999,235,45.988258317025398,251,46.395563770794801,232,48.132780082987601,192,45.176470588235297,185,40.8388520971302,212,44.4444444444444,213,44.008264462809898]
["V13",38,7.7235772357723604,43,9.3681917211329004,40,7.8277886497064602,31,5.7301293900184804,31,6.4315352697095403,35,8.2352941176470598,33,7.2847682119205297,33,6.9182389937106903,32,6.61157024793388]
["V14",32,6.5040650406504099,26,5.6644880174291901,28,5.4794520547945202,28,5.1756007393715402,19,3.9419087136929498,14,3.2941176470588198,18,3.9735099337748299,25,5.24109014675052,19,3.9256198347107398]
["V15",1,0.203252032520325,1,0.21786492374727701,"0","0.0%",1,0.18484288354898301,1,0.20746887966805,"0","0.0%","0","0.0%","0","0.0%",48,9.9173553719008307]
["V16",492,100,459,100,511,100,541,100,482,100,425,100,453,100,477,100,484,100]
["V21",74,18.226600985221701,70,16.5876777251185,59,15.2061855670103,62,17.415730337078699,61,17.2316384180791,73,19.518716577540101,91,22.693266832917701,95,23.2843137254902,92,23.057644110275699]
["V22",82,20.197044334975399,92,21.8009478672986,88,22.680412371134,85,23.876404494382001,87,24.5762711864407,81,21.6577540106952,79,19.700748129675802,74,18.137254901960802,69,17.293233082706799]
["V23",95,23.3990147783251,93,22.037914691943101,82,21.134020618556701,83,23.314606741573002,100,28.248587570621499,104,27.807486631016001,101,25.187032418952601,102,25,102,25.563909774436102]
["V24",82,20.197044334975399,107,25.355450236966799,98,25.2577319587629,80,22.471910112359499,78,22.033898305084701,101,27.005347593582901,113,28.1795511221945,103,25.245098039215701,93,23.308270676691698]
["V25",73,17.980295566502502,60,14.218009478673,61,15.721649484536099,46,12.9213483146067,28,7.9096045197740104,15,4.0106951871657799,17,4.23940149625935,34,8.3333333333333304,43,10.7769423558897]
["V26",406,100,422,100,388,100,356,100,354,100,374,100,401,100,408,100,399,100]
["V31",53,14.209115281501299,52,13.2315521628499,69,16.083916083916101,82,17.596566523605201,72,16.400911161731202,62,14.8325358851675,71,15.919282511210801,69,15.0326797385621,74,13.703703703703701]
["V32",34,9.1152815013404798,45,11.450381679389301,42,9.79020979020979,45,9.6566523605150199,53,12.072892938496601,44,10.526315789473699,35,7.847533632287,28,6.1002178649237502,35,6.4814814814814801]
["V33",80,21.4477211796247,72,18.320610687022899,86,20.046620046620099,90,19.313304721030001,87,19.817767653758501,76,18.181818181818201,86,19.282511210762301,101,22.004357298474901,105,19.4444444444444]
["V34",173,46.380697050938302,201,51.1450381679389,213,49.650349650349703,231,49.570815450643799,213,48.5193621867882,201,48.086124401913899,213,47.757847533632301,216,47.058823529411796,259,47.962962962962997]
["V35",33,8.8471849865951704,23,5.8524173027989796,19,4.4289044289044304,18,3.8626609442060098,14,3.1890660592255098,35,8.3732057416267907,41,9.1928251121076201,45,9.8039215686274499,67,12.407407407407399]
["V36",373,100,393,100,429,100,466,100,439,100,418,100,446,100,459,100,540,100]
["V41",336,26.435877261998399,305,23.940345368916802,336,25.3012048192771,374,27.439471753485002,332,26.039215686274499,319,26.211996713229301,379,29.153846153846199,371,27.6041666666667,338,23.752635277582598]
["V42",328,25.806451612903199,343,26.923076923076898,365,27.484939759036099,381,27.953044754218599,372,29.176470588235301,317,26.047658175842201,299,23,314,23.363095238095202,317,22.2768798313422]
["V43",213,16.758457907159698,208,16.326530612244898,208,15.662650602409601,204,14.96698459281,218,17.098039215686299,215,17.666392769104402,220,16.923076923076898,236,17.5595238095238,239,16.795502459592399]
["V44",287,22.580645161290299,334,26.216640502354799,339,25.527108433734899,339,24.8716067498166,310,24.313725490196099,316,25.9654889071487,344,26.461538461538499,344,25.595238095238098,371,26.071679550245999]
["V45",107,8.4185680566483096,84,6.5934065934065904,80,6.0240963855421699,65,4.76889214966985,43,3.37254901960784,50,4.1084634346754303,58,4.4615384615384599,79,5.8779761904761898,158,11.1033028812368]
["V46",1271,100,1274,100,1328,100,1363,100,1275,100,1217,100,1300,100,1344,100,1423,100]
["W11",23,40.350877192982502,26,44.067796610169502,13,33.3333333333333,28,52.830188679245303,24,48.979591836734699,9,29.0322580645161,22,42.307692307692299,20,39.2156862745098,9,33.3333333333333]
["W12",27,47.368421052631597,28,47.457627118644098,19,48.717948717948701,19,35.849056603773597,18,36.734693877551003,14,45.161290322580598,22,42.307692307692299,23,45.098039215686299,12,44.4444444444444]
["W13",6,10.526315789473699,3,5.0847457627118704,5,12.8205128205128,4,7.5471698113207601,2,4.0816326530612201,4,12.9032258064516,5,9.6153846153846203,3,5.8823529411764701,2,7.4074074074074101]
["W14",1,1.7543859649122799,1,1.6949152542372901,1,2.5641025641025599,"0","0.0%",3,6.12244897959184,3,9.67741935483871,2,3.8461538461538498,4,7.8431372549019596,3,11.1111111111111]
["W15","0","0.0%",1,1.6949152542372901,1,2.5641025641025599,2,3.7735849056603801,2,4.0816326530612201,1,3.2258064516128999,1,1.92307692307692,1,1.9607843137254899,1,3.7037037037037002]
["W16",57,100,59,100,39,100,53,100,49,100,31,100,52,100,51,100,27,100]
["W21",14,25.454545454545499,16,32,12,25.531914893617,7,16.2790697674419,5,12.5,4,10.2564102564103,3,7.5,6,15.789473684210501,10,20.408163265306101]
["W22",12,21.818181818181799,13,26,11,23.404255319148898,10,23.255813953488399,10,25,7,17.948717948717999,5,12.5,8,21.052631578947398,15,30.612244897959201]
["W23",19,34.545454545454596,12,24,9,19.148936170212799,7,16.2790697674419,6,15,8,20.5128205128205,9,22.5,6,15.789473684210501,4,8.1632653061224492]
["W24",6,10.909090909090899,4,8,7,14.893617021276601,11,25.581395348837201,11,27.5,11,28.205128205128201,10,25,8,21.052631578947398,11,22.4489795918367]
["W25",4,7.2727272727272698,5,10,8,17.021276595744698,8,18.604651162790699,8,20,9,23.076923076923102,13,32.5,10,26.315789473684202,9,18.367346938775501]
["W26",55,100,50,100,47,100,43,100,40,100,39,100,40,100,38,100,49,100]
["W31",9,19.148936170212799,9,21.428571428571399,7,15.5555555555556,6,12.244897959183699,6,11.764705882352899,5,10.6382978723404,4,8.8888888888888893,6,11.320754716981099,9,15.517241379310301]
["W32",2,4.2553191489361701,2,4.7619047619047601,4,8.8888888888888893,4,8.1632653061224492,4,7.8431372549019596,4,8.5106382978723403,4,8.8888888888888893,3,5.6603773584905701,4,6.8965517241379297]
["W33",10,21.2765957446809,8,19.047619047619101,11,24.4444444444444,15,30.612244897959201,11,21.568627450980401,11,23.404255319148898,11,24.4444444444444,15,28.301886792452802,16,27.586206896551701]
["W34",23,48.936170212766001,21,50,21,46.6666666666667,22,44.8979591836735,27,52.941176470588204,22,46.808510638297903,18,40,23,43.396226415094297,25,43.1034482758621]
["W35",3,6.3829787234042596,2,4.7619047619047601,2,4.4444444444444402,2,4.0816326530612201,3,5.8823529411764701,5,10.6382978723404,8,17.7777777777778,6,11.320754716981099,4,6.8965517241379297]
["W36",47,100,42,100,45,100,49,100,51,100,47,100,45,100,53,100,58,100]
["W41",46,28.930817610062899,51,33.774834437086099,32,24.4274809160305,41,28.275862068965498,35,25,18,15.384615384615399,29,21.167883211678799,32,22.5352112676056,28,20.8955223880597]
["W42",41,25.7861635220126,43,28.476821192052999,34,25.9541984732824,33,22.758620689655199,32,22.8571428571429,25,21.367521367521402,31,22.6277372262774,34,23.943661971830998,31,23.134328358209]
["W43",35,22.012578616352201,23,15.231788079470199,25,19.083969465648899,26,17.931034482758601,19,13.5714285714286,23,19.658119658119698,25,18.248175182481798,24,16.901408450704199,22,16.417910447761201]
["W44",30,18.867924528301899,26,17.218543046357599,29,22.137404580152701,33,22.758620689655199,41,29.285714285714299,36,30.769230769230798,30,21.897810218978101,35,24.647887323943699,39,29.1044776119403]
["W45",7,4.4025157232704402,8,5.2980132450331103,11,8.3969465648855,12,8.2758620689655196,13,9.28571428571429,15,12.8205128205128,22,16.058394160583902,17,11.971830985915499,14,10.4477611940299]
["W46",159,100,151,100,131,100,145,100,140,100,117,100,137,100,142,100,134,100]
["Y11",111,40.6593406593407,117,40.206185567010301,90,36.144578313253,110,42.307692307692299,119,42.652329749103899,94,40.170940170940199,124,50.819672131147499,149,58.203125,137,56.378600823045304]
["Y12",102,37.3626373626374,106,36.426116838487999,89,35.742971887550198,99,38.076923076923102,117,41.935483870967801,99,42.307692307692299,92,37.7049180327869,87,33.984375,85,34.9794238683128]
["Y13",13,4.7619047619047601,17,5.8419243986254301,16,6.4257028112449799,16,6.1538461538461497,19,6.8100358422939102,17,7.2649572649572702,15,6.14754098360656,12,4.6875,8,3.2921810699588501]
["Y14",16,5.8608058608058604,21,7.2164948453608204,18,7.2289156626505999,8,3.0769230769230802,11,3.9426523297490998,15,6.4102564102564097,12,4.9180327868852496,7,2.734375,10,4.1152263374485596]
["Y15",31,11.3553113553114,30,10.3092783505155,36,14.4578313253012,27,10.384615384615399,13,4.65949820788531,9,3.8461538461538498,1,0.409836065573771,1,0.390625,3,1.2345679012345701]
["Y16",273,100,291,100,249,100,260,100,279,100,234,100,244,100,256,100,243,100]
["Y21",76,24.918032786885298,54,20.1492537313433,55,22.540983606557401,54,24.5454545454546,45,21.5311004784689,38,17.924528301886799,41,19.902912621359199,40,22.346368715083798,43,24.157303370786501]
["Y22",74,24.262295081967199,74,27.611940298507498,62,25.409836065573799,56,25.454545454545499,61,29.186602870813399,59,27.8301886792453,50,24.271844660194201,41,22.905027932960898,37,20.7865168539326]
["Y23",59,19.344262295082,55,20.522388059701498,46,18.8524590163934,41,18.636363636363601,47,22.488038277512,53,25,57,27.669902912621399,49,27.374301675977701,44,24.7191011235955]
["Y24",53,17.377049180327901,56,20.8955223880597,56,22.9508196721311,52,23.636363636363601,40,19.138755980861198,40,18.867924528301899,43,20.873786407767,38,21.229050279329599,39,21.910112359550599]
["Y25",43,14.0983606557377,29,10.820895522388099,25,10.2459016393443,17,7.7272727272727302,16,7.6555023923445003,22,10.377358490565999,15,7.2815533980582501,11,6.1452513966480398,15,8.4269662921348303]
["Y26",305,100,268,100,244,100,220,100,209,100,212,100,206,100,179,100,178,100]
["Y31",22,10.6796116504854,20,9.1743119266054993,15,6.7873303167420804,20,8.8495575221238898,28,11.290322580645199,22,9.1286307053941904,20,8.4388185654008403,19,8.0508474576271194,23,9.3495934959349594]
["Y32",9,4.3689320388349504,8,3.6697247706421998,11,4.9773755656108598,15,6.6371681415929196,20,8.0645161290322598,18,7.46887966804979,13,5.4852320675105499,11,4.6610169491525397,13,5.2845528455284603]
["Y33",41,19.902912621359199,52,23.853211009174299,54,24.434389140271499,46,20.353982300885001,47,18.951612903225801,52,21.576763485477201,50,21.097046413502099,51,21.610169491525401,51,20.731707317073202]
["Y34",85,41.262135922330103,111,50.917431192660601,124,56.108597285067901,121,53.539823008849602,132,53.225806451612897,125,51.867219917012498,119,50.210970464135002,128,54.237288135593197,139,56.504065040650403]
["Y35",49,23.786407766990301,27,12.3853211009174,17,7.6923076923076898,24,10.6194690265487,21,8.4677419354838701,24,9.9585062240663902,35,14.7679324894515,27,11.440677966101701,20,8.1300813008130106]
["Y36",206,100,218,100,221,100,226,100,248,100,241,100,237,100,236,100,246,100]
["Y41",209,26.658163265306101,191,24.5817245817246,160,22.408963585434201,184,26.062322946175598,192,26.086956521739101,154,22.4163027656477,185,26.928675400291102,208,30.9985096870343,203,30.434782608695699]
["Y42",185,23.5969387755102,188,24.195624195624202,162,22.689075630252098,170,24.079320113314498,198,26.902173913043502,176,25.6186317321689,155,22.561863173216899,139,20.715350223546899,135,20.239880059970002]
["Y43",113,14.413265306122501,124,15.958815958816,116,16.2464985994398,103,14.589235127478799,113,15.353260869565201,122,17.758369723435202,122,17.758369723435202,112,16.6915052160954,103,15.442278860569701]
["Y44",154,19.6428571428571,188,24.195624195624202,198,27.731092436974802,181,25.637393767705401,183,24.864130434782599,180,26.2008733624454,174,25.327510917030601,173,25.782414307004501,188,28.1859070464768]
["Y45",123,15.688775510204101,86,11.068211068211101,78,10.924369747899201,68,9.6317280453257794,50,6.7934782608695699,55,8.0058224163027703,51,7.4235807860262,39,5.8122205663189304,38,5.6971514242878598]
["Y46",784,100,777,100,714,100,706,100,736,100,687,100,687,100,671,100,667,100]
["Z11",7,19.4444444444444,2,9.0909090909090899,13,29.5454545454546,15,30.612244897959201,7,28,21,41.176470588235297,21,39.622641509433997,6,30,12,37.5]
["Z12",23,63.8888888888889,12,54.545454545454497,24,54.545454545454497,26,53.061224489795897,11,44,20,39.2156862745098,21,39.622641509433997,11,55,17,53.125]
["Z13",1,2.7777777777777799,3,13.636363636363599,4,9.0909090909090899,5,10.2040816326531,3,12,3,5.8823529411764701,5,9.4339622641509404,2,10,1,3.125]
["Z14",2,5.5555555555555598,2,9.0909090909090899,2,4.5454545454545503,2,4.0816326530612201,3,12,5,9.8039215686274499,4,7.5471698113207601,1,5,1,3.125]
["Z15",3,8.3333333333333304,3,13.636363636363599,1,2.2727272727272698,1,2.0408163265306101,1,4,2,3.9215686274509798,2,3.7735849056603801,"0","0.0%",1,3.125]
["Z16",36,100,22,100,44,100,49,100,25,100,51,100,53,100,20,100,32,100]
["Z21",11,26.829268292682901,10,21.739130434782599,5,10.869565217391299,5,10.869565217391299,4,11.4285714285714,8,25.806451612903199,9,29.0322580645161,2,6.6666666666666696,2,6.4516129032258096]
["Z22",10,24.390243902439,12,26.086956521739101,20,43.478260869565197,20,43.478260869565197,10,28.571428571428601,6,19.354838709677399,6,19.354838709677399,7,23.3333333333333,9,29.0322580645161]
["Z23",5,12.1951219512195,5,10.869565217391299,6,13.0434782608696,8,17.3913043478261,12,34.285714285714299,9,29.0322580645161,7,22.580645161290299,13,43.3333333333333,12,38.709677419354797]
["Z24",8,19.512195121951201,12,26.086956521739101,13,28.260869565217401,11,23.913043478260899,8,22.8571428571429,8,25.806451612903199,9,29.0322580645161,8,26.6666666666667,7,22.580645161290299]
["Z25",7,17.0731707317073,7,15.2173913043478,2,4.3478260869565197,2,4.3478260869565197,1,2.8571428571428599,"0","0.0%","0","0.0%","0","0.0%",1,3.2258064516128999]
["Z26",41,100,46,100,46,100,46,100,35,100,31,100,31,100,30,100,31,100]
["Z31",4,10.8108108108108,5,12.1951219512195,3,9.375,3,12,4,13.7931034482759,3,8.5714285714285694,3,10,5,17.8571428571429,5,18.518518518518501]
["Z32",2,5.4054054054054097,1,2.4390243902439002,"0","0.0%",1,4,4,13.7931034482759,3,8.5714285714285694,3,10,3,10.714285714285699,1,3.7037037037037002]
["Z33",11,29.729729729729701,11,26.829268292682901,8,25,3,12,5,17.241379310344801,9,25.714285714285701,9,30,7,25,8,29.629629629629601]
["Z34",17,45.945945945946001,20,48.780487804878099,20,62.5,18,72,16,55.172413793103502,20,57.142857142857103,14,46.6666666666667,12,42.857142857142897,12,44.4444444444444]
["Z35",3,8.1081081081081106,4,9.7560975609756095,1,3.125,"0","0.0%","0","0.0%","0","0.0%",1,3.3333333333333299,1,3.5714285714285698,1,3.7037037037037002]
["Z36",37,100,41,100,32,100,25,100,29,100,35,100,30,100,28,100,27,100]
["Z41",22,19.2982456140351,17,15.5963302752294,21,17.213114754098399,23,19.1666666666667,15,16.8539325842697,32,27.350427350427399,33,28.947368421052602,13,16.6666666666667,19,21.1111111111111]
["Z42",35,30.7017543859649,25,22.935779816513801,44,36.065573770491802,47,39.1666666666667,25,28.089887640449401,29,24.786324786324801,30,26.315789473684202,21,26.923076923076898,27,30]
["Z43",17,14.912280701754399,19,17.431192660550501,18,14.7540983606557,16,13.3333333333333,20,22.471910112359499,21,17.948717948717999,21,18.421052631578899,22,28.205128205128201,21,23.3333333333333]
["Z44",27,23.684210526315798,34,31.192660550458701,35,28.688524590163901,31,25.8333333333333,27,30.337078651685399,33,28.205128205128201,27,23.684210526315798,21,26.923076923076898,20,22.2222222222222]
["Z45",13,11.403508771929801,14,12.8440366972477,4,3.27868852459016,3,2.5,2,2.2471910112359601,2,1.70940170940171,3,2.6315789473684199,1,1.2820512820512799,3,3.3333333333333299]
["Z46",114,100,109,100,122,100,120,100,89,100,117,100,114,100,78,100,90,100]
[""]
[""]
[""]
[""]
[""]