{"text_format":"1","workbook":"xlsx","n_sheets":14,"sheets":["Welcome","1. Completed Waits Summary","comp1","percentage comp","2. Ongoing Waits Summary","ongoing1","percentage ongoing","3. Compliance","List","Sheet1","Sheet2","Sheet3","Sheet4","Sheet5"],"not_rendered":{"charts":0,"images":5,"macros":1,"external_links":0,"defined_names":22,"comments":0,"pivot_tables":0},"unopened":[],"bounds":{"document_bytes":16777216,"sheet_cells":100000,"rows_first":2000,"rows_last":500,"rows_between":2000,"halvings":0,"cell_chars":16384,"cell_head_chars":4096},"cells_cut":0,"cells_raw":0,"read":"whole","date_system":"1900"}

{"sheet":"Welcome","index":0,"n_rows":54,"n_cols":6,"rows_kept":54,"cut":false,"hidden":false,"merged":[[16,0,16,4],[80,0,80,7],[14,0,14,3],[15,0,15,4]]}
["Drug and Alcohol Treatment Waiting Times - Prisons"]
["January-March 2020"]
["Published 30th June 2020"]
[]
[]
[]
["LDP standard details "]
[]
[]
[]
[]
["Workbook details"]
["Information available within this workbook:"]
[]
["Table 1: Completed Waits Summary",null,null,null,null," - Table containing summary of completed waits data"]
["Table 2: Ongoing Waits summary",null,null,null,null," - Table showing summary of ongoing waits data"]
["Table 3: Compliance by ADP",null,null,null,null," - Table showing the numbers of services who submitted by ADP"]
[]
[]
[]
[]
[]
[]
[]
[]
[]
[]
[]
[]
[]
[]
[]
[]
[]
["Notes - "]
[]
[]
[]
[]
[]
[]
[]
[]
[]
[]
[]
[]
[]
[]
[]
[]
[]
[]
["Details of compliance"]

{"sheet":"1. Completed Waits Summary","index":1,"n_rows":50,"n_cols":18,"rows_kept":50,"cut":false,"hidden":false,"merged":[[1,2,1,7],[60,2,60,10],[7,4,7,14],[6,16,7,17],[58,2,58,3],[47,2,47,3],[44,16,44,23],[38,2,39,16],[44,24,44,31],[44,32,44,39],[44,40,44,47],[44,48,44,55],[44,56,44,63],[44,64,44,71],[44,72,44,79],[44,80,44,87],[44,88,44,95],[44,96,44,103],[44,104,44,111],[44,112,44,119],[44,200,44,207],[44,208,44,215],[44,120,44,127],[44,128,44,135],[44,136,44,143],[44,144,44,151],[44,152,44,159],[44,160,44,167],[44,168,44,175],[44,176,44,183],[44,184,44,191],[44,192,44,199],[44,216,44,223],[44,224,44,231],[44,232,44,239],[44,240,44,247],[44,248,44,255]]}
[null,null,{"$f":"\"Table 1 - Waiting Times for Referral to Treatment, \" &A6 & \", quarter ending \"&A4","v":"Table 1 - Waiting Times for Referral to Treatment, Alcohol and Drugs, quarter ending 31st March 2020"}]
[null,null,"Waiting times for clients who have started first treatment"]
["Scotland"]
["31st March 2020",{"$f":"VLOOKUP(A4,quarter,2,FALSE)","v":12},"Quarter ending"]
[]
["Alcohol and Drugs",{"$f":"VLOOKUP(A6,ClientType,2,FALSE)","v":"B"},"Client type"]
[null,null,null,null,null,null,null,null,null,null,null,null,null,null,null,null,"Performance against standard"]
["Source",null,null,null,"Distribution of completed wait"]
[null,null,"Area","Number of Completed Waits","Up to 1 week (%)","2 weeks (%)","3 weeks (%)","4 weeks (%)","5 weeks (%)","6 weeks (%)","7-8 weeks (%)","9-12 weeks (%)","13-16 weeks (%)","17-20 weeks (%)","21+ weeks (%)",null,"% seen within 3 weeks","% seen within 6 weeks"]
[999,{"$f":"CONCATENATE(A10,B$6,B$4)","v":"999B12"},"Scottish Prison Service",{"$f":"IF(ISERROR(VLOOKUP($B10,comp1!$A$1:$X$994,D$41,FALSE)),\"-\",VLOOKUP($B10,comp1!$A$1:$X$994,D$41,FALSE))","v":811},{"$f":"IF(ISERROR(VLOOKUP($B10,comp1!$A$1:$X$994,E$41,FALSE)),\"-\",VLOOKUP($B10,comp1!$A$1:$X$994,E$41,FALSE))","v":71.023427866831071},{"$f":"IF(ISERROR(VLOOKUP($B10,comp1!$A$1:$X$994,F$41,FALSE)),\"-\",VLOOKUP($B10,comp1!$A$1:$X$994,F$41,FALSE))","v":14.056720098643648},{"$f":"IF(ISERROR(VLOOKUP($B10,comp1!$A$1:$X$994,G$41,FALSE)),\"-\",VLOOKUP($B10,comp1!$A$1:$X$994,G$41,FALSE))","v":8.6313193588162758},{"$f":"IF(ISERROR(VLOOKUP($B10,comp1!$A$1:$X$994,H$41,FALSE)),\"-\",VLOOKUP($B10,comp1!$A$1:$X$994,H$41,FALSE))","v":2.342786683107275},{"$f":"IF(ISERROR(VLOOKUP($B10,comp1!$A$1:$X$994,I$41,FALSE)),\"-\",VLOOKUP($B10,comp1!$A$1:$X$994,I$41,FALSE))","v":1.4796547472256474},{"$f":"IF(ISERROR(VLOOKUP($B10,comp1!$A$1:$X$994,J$41,FALSE)),\"-\",VLOOKUP($B10,comp1!$A$1:$X$994,J$41,FALSE))","v":1.2330456226880395},{"$f":"IF(ISERROR(VLOOKUP($B10,comp1!$A$1:$X$994,K$41,FALSE)),\"-\",VLOOKUP($B10,comp1!$A$1:$X$994,K$41,FALSE))","v":0.61652281134401976},{"$f":"IF(ISERROR(VLOOKUP($B10,comp1!$A$1:$X$994,L$41,FALSE)),\"-\",VLOOKUP($B10,comp1!$A$1:$X$994,L$41,FALSE))","v":0.61652281134401976},{"$f":"IF(ISERROR(VLOOKUP($B10,comp1!$A$1:$X$994,M$41,FALSE)),\"-\",VLOOKUP($B10,comp1!$A$1:$X$994,M$41,FALSE))","v":0},{"$f":"IF(ISERROR(VLOOKUP($B10,comp1!$A$1:$X$994,N$41,FALSE)),\"-\",VLOOKUP($B10,comp1!$A$1:$X$994,N$41,FALSE))","v":0},{"$f":"IF(ISERROR(VLOOKUP($B10,comp1!$A$1:$X$994,O$41,FALSE)),\"-\",VLOOKUP($B10,comp1!$A$1:$X$994,O$41,FALSE))","v":0},null,{"$f":"IF(ISERROR(VLOOKUP($B10,'percentage comp'!$A$1:$P$994,15,FALSE)),\"-\",VLOOKUP($B10,'percentage comp'!$A$1:$P$994,15,FALSE))","v":93.711467324290993},{"$f":"IF(ISERROR(VLOOKUP($B10,'percentage comp'!$A$1:$P$994,16,FALSE)),\"-\",VLOOKUP($B10,'percentage comp'!$A$1:$P$994,16,FALSE))","v":98.766954377311961}]
[null,null,null,null,null,null,null,null,null,null,null,null,null,null,null,null,{"$f":"IF(ISERROR(VLOOKUP($B11,'percentage comp'!$A$1:$P$345,15,FALSE)),\"-\",VLOOKUP($B11,'percentage comp'!$A$1:$P$345,15,FALSE))","v":"-"},{"$f":"IF(ISERROR(VLOOKUP($B11,'percentage comp'!$A$1:$P$345,16,FALSE)),\"-\",VLOOKUP($B11,'percentage comp'!$A$1:$P$345,16,FALSE))","v":"-"}]
[202,{"$f":"CONCATENATE(A12,B$6,B$4)","v":"202B12"},"Ayrshire & Arran NHS",{"$f":"IF(ISERROR(VLOOKUP($B12,comp1!$A$1:$X$994,D$41,FALSE)),\"-\",VLOOKUP($B12,comp1!$A$1:$X$994,D$41,FALSE))","v":118},{"$f":"IF(ISERROR(VLOOKUP($B12,comp1!$A$1:$X$994,E$41,FALSE)),\"-\",VLOOKUP($B12,comp1!$A$1:$X$994,E$41,FALSE))","v":88.983050847457619},{"$f":"IF(ISERROR(VLOOKUP($B12,comp1!$A$1:$X$994,F$41,FALSE)),\"-\",VLOOKUP($B12,comp1!$A$1:$X$994,F$41,FALSE))","v":7.6271186440677967},{"$f":"IF(ISERROR(VLOOKUP($B12,comp1!$A$1:$X$994,G$41,FALSE)),\"-\",VLOOKUP($B12,comp1!$A$1:$X$994,G$41,FALSE))","v":3.3898305084745761},{"$f":"IF(ISERROR(VLOOKUP($B12,comp1!$A$1:$X$994,H$41,FALSE)),\"-\",VLOOKUP($B12,comp1!$A$1:$X$994,H$41,FALSE))","v":0},{"$f":"IF(ISERROR(VLOOKUP($B12,comp1!$A$1:$X$994,I$41,FALSE)),\"-\",VLOOKUP($B12,comp1!$A$1:$X$994,I$41,FALSE))","v":0},{"$f":"IF(ISERROR(VLOOKUP($B12,comp1!$A$1:$X$994,J$41,FALSE)),\"-\",VLOOKUP($B12,comp1!$A$1:$X$994,J$41,FALSE))","v":0},{"$f":"IF(ISERROR(VLOOKUP($B12,comp1!$A$1:$X$994,K$41,FALSE)),\"-\",VLOOKUP($B12,comp1!$A$1:$X$994,K$41,FALSE))","v":0},{"$f":"IF(ISERROR(VLOOKUP($B12,comp1!$A$1:$X$994,L$41,FALSE)),\"-\",VLOOKUP($B12,comp1!$A$1:$X$994,L$41,FALSE))","v":0},{"$f":"IF(ISERROR(VLOOKUP($B12,comp1!$A$1:$X$994,M$41,FALSE)),\"-\",VLOOKUP($B12,comp1!$A$1:$X$994,M$41,FALSE))","v":0},{"$f":"IF(ISERROR(VLOOKUP($B12,comp1!$A$1:$X$994,N$41,FALSE)),\"-\",VLOOKUP($B12,comp1!$A$1:$X$994,N$41,FALSE))","v":0},{"$f":"IF(ISERROR(VLOOKUP($B12,comp1!$A$1:$X$994,O$41,FALSE)),\"-\",VLOOKUP($B12,comp1!$A$1:$X$994,O$41,FALSE))","v":0},null,{"$f":"IF(ISERROR(VLOOKUP($B12,'percentage comp'!$A$1:$P$994,15,FALSE)),\"-\",VLOOKUP($B12,'percentage comp'!$A$1:$P$994,15,FALSE))","v":99.999999999999986},{"$f":"IF(ISERROR(VLOOKUP($B12,'percentage comp'!$A$1:$P$994,16,FALSE)),\"-\",VLOOKUP($B12,'percentage comp'!$A$1:$P$994,16,FALSE))","v":99.999999999999986}]
["A202P",{"$f":"CONCATENATE(A13,B$6,B$4)","v":"A202PB12"},"   East Ayrshire ADP: HMP Kilmarnock",{"$f":"IF(ISERROR(VLOOKUP($B13,comp1!$A$1:$X$994,D$41,FALSE)),\"-\",VLOOKUP($B13,comp1!$A$1:$X$994,D$41,FALSE))","v":118},{"$f":"IF(ISERROR(VLOOKUP($B13,comp1!$A$1:$X$994,E$41,FALSE)),\"-\",VLOOKUP($B13,comp1!$A$1:$X$994,E$41,FALSE))","v":88.983050847457619},{"$f":"IF(ISERROR(VLOOKUP($B13,comp1!$A$1:$X$994,F$41,FALSE)),\"-\",VLOOKUP($B13,comp1!$A$1:$X$994,F$41,FALSE))","v":7.6271186440677967},{"$f":"IF(ISERROR(VLOOKUP($B13,comp1!$A$1:$X$994,G$41,FALSE)),\"-\",VLOOKUP($B13,comp1!$A$1:$X$994,G$41,FALSE))","v":3.3898305084745761},{"$f":"IF(ISERROR(VLOOKUP($B13,comp1!$A$1:$X$994,H$41,FALSE)),\"-\",VLOOKUP($B13,comp1!$A$1:$X$994,H$41,FALSE))","v":0},{"$f":"IF(ISERROR(VLOOKUP($B13,comp1!$A$1:$X$994,I$41,FALSE)),\"-\",VLOOKUP($B13,comp1!$A$1:$X$994,I$41,FALSE))","v":0},{"$f":"IF(ISERROR(VLOOKUP($B13,comp1!$A$1:$X$994,J$41,FALSE)),\"-\",VLOOKUP($B13,comp1!$A$1:$X$994,J$41,FALSE))","v":0},{"$f":"IF(ISERROR(VLOOKUP($B13,comp1!$A$1:$X$994,K$41,FALSE)),\"-\",VLOOKUP($B13,comp1!$A$1:$X$994,K$41,FALSE))","v":0},{"$f":"IF(ISERROR(VLOOKUP($B13,comp1!$A$1:$X$994,L$41,FALSE)),\"-\",VLOOKUP($B13,comp1!$A$1:$X$994,L$41,FALSE))","v":0},{"$f":"IF(ISERROR(VLOOKUP($B13,comp1!$A$1:$X$994,M$41,FALSE)),\"-\",VLOOKUP($B13,comp1!$A$1:$X$994,M$41,FALSE))","v":0},{"$f":"IF(ISERROR(VLOOKUP($B13,comp1!$A$1:$X$994,N$41,FALSE)),\"-\",VLOOKUP($B13,comp1!$A$1:$X$994,N$41,FALSE))","v":0},{"$f":"IF(ISERROR(VLOOKUP($B13,comp1!$A$1:$X$994,O$41,FALSE)),\"-\",VLOOKUP($B13,comp1!$A$1:$X$994,O$41,FALSE))","v":0},null,{"$f":"IF(ISERROR(VLOOKUP($B13,'percentage comp'!$A$1:$P$994,15,FALSE)),\"-\",VLOOKUP($B13,'percentage comp'!$A$1:$P$994,15,FALSE))","v":99.999999999999986},{"$f":"IF(ISERROR(VLOOKUP($B13,'percentage comp'!$A$1:$P$994,16,FALSE)),\"-\",VLOOKUP($B13,'percentage comp'!$A$1:$P$994,16,FALSE))","v":99.999999999999986}]
[204,"204B12","Dumfries & Galloway NHS/ADP",{"$f":"IF(ISERROR(VLOOKUP($B14,comp1!$A$1:$X$994,D$41,FALSE)),\"-\",VLOOKUP($B14,comp1!$A$1:$X$994,D$41,FALSE))","v":23},{"$f":"IF(ISERROR(VLOOKUP($B14,comp1!$A$1:$X$994,E$41,FALSE)),\"-\",VLOOKUP($B14,comp1!$A$1:$X$994,E$41,FALSE))","v":100},{"$f":"IF(ISERROR(VLOOKUP($B14,comp1!$A$1:$X$994,F$41,FALSE)),\"-\",VLOOKUP($B14,comp1!$A$1:$X$994,F$41,FALSE))","v":0},{"$f":"IF(ISERROR(VLOOKUP($B14,comp1!$A$1:$X$994,G$41,FALSE)),\"-\",VLOOKUP($B14,comp1!$A$1:$X$994,G$41,FALSE))","v":0},{"$f":"IF(ISERROR(VLOOKUP($B14,comp1!$A$1:$X$994,H$41,FALSE)),\"-\",VLOOKUP($B14,comp1!$A$1:$X$994,H$41,FALSE))","v":0},{"$f":"IF(ISERROR(VLOOKUP($B14,comp1!$A$1:$X$994,I$41,FALSE)),\"-\",VLOOKUP($B14,comp1!$A$1:$X$994,I$41,FALSE))","v":0},{"$f":"IF(ISERROR(VLOOKUP($B14,comp1!$A$1:$X$994,J$41,FALSE)),\"-\",VLOOKUP($B14,comp1!$A$1:$X$994,J$41,FALSE))","v":0},{"$f":"IF(ISERROR(VLOOKUP($B14,comp1!$A$1:$X$994,K$41,FALSE)),\"-\",VLOOKUP($B14,comp1!$A$1:$X$994,K$41,FALSE))","v":0},{"$f":"IF(ISERROR(VLOOKUP($B14,comp1!$A$1:$X$994,L$41,FALSE)),\"-\",VLOOKUP($B14,comp1!$A$1:$X$994,L$41,FALSE))","v":0},{"$f":"IF(ISERROR(VLOOKUP($B14,comp1!$A$1:$X$994,M$41,FALSE)),\"-\",VLOOKUP($B14,comp1!$A$1:$X$994,M$41,FALSE))","v":0},{"$f":"IF(ISERROR(VLOOKUP($B14,comp1!$A$1:$X$994,N$41,FALSE)),\"-\",VLOOKUP($B14,comp1!$A$1:$X$994,N$41,FALSE))","v":0},{"$f":"IF(ISERROR(VLOOKUP($B14,comp1!$A$1:$X$994,O$41,FALSE)),\"-\",VLOOKUP($B14,comp1!$A$1:$X$994,O$41,FALSE))","v":0},null,{"$f":"IF(ISERROR(VLOOKUP($B14,'percentage comp'!$A$1:$P$994,15,FALSE)),\"-\",VLOOKUP($B14,'percentage comp'!$A$1:$P$994,15,FALSE))","v":100},{"$f":"IF(ISERROR(VLOOKUP($B14,'percentage comp'!$A$1:$P$994,16,FALSE)),\"-\",VLOOKUP($B14,'percentage comp'!$A$1:$P$994,16,FALSE))","v":100}]
["Y101P","Y101PB12","   HMP Dumfries ",{"$f":"IF(ISERROR(VLOOKUP($B15,comp1!$A$1:$X$994,D$41,FALSE)),\"-\",VLOOKUP($B15,comp1!$A$1:$X$994,D$41,FALSE))","v":23},{"$f":"IF(ISERROR(VLOOKUP($B15,comp1!$A$1:$X$994,E$41,FALSE)),\"-\",VLOOKUP($B15,comp1!$A$1:$X$994,E$41,FALSE))","v":100},{"$f":"IF(ISERROR(VLOOKUP($B15,comp1!$A$1:$X$994,F$41,FALSE)),\"-\",VLOOKUP($B15,comp1!$A$1:$X$994,F$41,FALSE))","v":0},{"$f":"IF(ISERROR(VLOOKUP($B15,comp1!$A$1:$X$994,G$41,FALSE)),\"-\",VLOOKUP($B15,comp1!$A$1:$X$994,G$41,FALSE))","v":0},{"$f":"IF(ISERROR(VLOOKUP($B15,comp1!$A$1:$X$994,H$41,FALSE)),\"-\",VLOOKUP($B15,comp1!$A$1:$X$994,H$41,FALSE))","v":0},{"$f":"IF(ISERROR(VLOOKUP($B15,comp1!$A$1:$X$994,I$41,FALSE)),\"-\",VLOOKUP($B15,comp1!$A$1:$X$994,I$41,FALSE))","v":0},{"$f":"IF(ISERROR(VLOOKUP($B15,comp1!$A$1:$X$994,J$41,FALSE)),\"-\",VLOOKUP($B15,comp1!$A$1:$X$994,J$41,FALSE))","v":0},{"$f":"IF(ISERROR(VLOOKUP($B15,comp1!$A$1:$X$994,K$41,FALSE)),\"-\",VLOOKUP($B15,comp1!$A$1:$X$994,K$41,FALSE))","v":0},{"$f":"IF(ISERROR(VLOOKUP($B15,comp1!$A$1:$X$994,L$41,FALSE)),\"-\",VLOOKUP($B15,comp1!$A$1:$X$994,L$41,FALSE))","v":0},{"$f":"IF(ISERROR(VLOOKUP($B15,comp1!$A$1:$X$994,M$41,FALSE)),\"-\",VLOOKUP($B15,comp1!$A$1:$X$994,M$41,FALSE))","v":0},{"$f":"IF(ISERROR(VLOOKUP($B15,comp1!$A$1:$X$994,N$41,FALSE)),\"-\",VLOOKUP($B15,comp1!$A$1:$X$994,N$41,FALSE))","v":0},{"$f":"IF(ISERROR(VLOOKUP($B15,comp1!$A$1:$X$994,O$41,FALSE)),\"-\",VLOOKUP($B15,comp1!$A$1:$X$994,O$41,FALSE))","v":0},null,{"$f":"IF(ISERROR(VLOOKUP($B15,'percentage comp'!$A$1:$P$994,15,FALSE)),\"-\",VLOOKUP($B15,'percentage comp'!$A$1:$P$994,15,FALSE))","v":100},{"$f":"IF(ISERROR(VLOOKUP($B15,'percentage comp'!$A$1:$P$994,16,FALSE)),\"-\",VLOOKUP($B15,'percentage comp'!$A$1:$P$994,16,FALSE))","v":100}]
["206","206B12","Forth Valley NHS",{"$f":"IF(ISERROR(VLOOKUP($B16,comp1!$A$1:$X$994,D$41,FALSE)),\"-\",VLOOKUP($B16,comp1!$A$1:$X$994,D$41,FALSE))","v":123},{"$f":"IF(ISERROR(VLOOKUP($B16,comp1!$A$1:$X$994,E$41,FALSE)),\"-\",VLOOKUP($B16,comp1!$A$1:$X$994,E$41,FALSE))","v":66.666666666666657},{"$f":"IF(ISERROR(VLOOKUP($B16,comp1!$A$1:$X$994,F$41,FALSE)),\"-\",VLOOKUP($B16,comp1!$A$1:$X$994,F$41,FALSE))","v":13.008130081300814},{"$f":"IF(ISERROR(VLOOKUP($B16,comp1!$A$1:$X$994,G$41,FALSE)),\"-\",VLOOKUP($B16,comp1!$A$1:$X$994,G$41,FALSE))","v":8.1300813008130071},{"$f":"IF(ISERROR(VLOOKUP($B16,comp1!$A$1:$X$994,H$41,FALSE)),\"-\",VLOOKUP($B16,comp1!$A$1:$X$994,H$41,FALSE))","v":4.8780487804878048},{"$f":"IF(ISERROR(VLOOKUP($B16,comp1!$A$1:$X$994,I$41,FALSE)),\"-\",VLOOKUP($B16,comp1!$A$1:$X$994,I$41,FALSE))","v":4.0650406504065035},{"$f":"IF(ISERROR(VLOOKUP($B16,comp1!$A$1:$X$994,J$41,FALSE)),\"-\",VLOOKUP($B16,comp1!$A$1:$X$994,J$41,FALSE))","v":1.6260162601626018},{"$f":"IF(ISERROR(VLOOKUP($B16,comp1!$A$1:$X$994,K$41,FALSE)),\"-\",VLOOKUP($B16,comp1!$A$1:$X$994,K$41,FALSE))","v":1.6260162601626018},{"$f":"IF(ISERROR(VLOOKUP($B16,comp1!$A$1:$X$994,L$41,FALSE)),\"-\",VLOOKUP($B16,comp1!$A$1:$X$994,L$41,FALSE))","v":0},{"$f":"IF(ISERROR(VLOOKUP($B16,comp1!$A$1:$X$994,M$41,FALSE)),\"-\",VLOOKUP($B16,comp1!$A$1:$X$994,M$41,FALSE))","v":0},{"$f":"IF(ISERROR(VLOOKUP($B16,comp1!$A$1:$X$994,N$41,FALSE)),\"-\",VLOOKUP($B16,comp1!$A$1:$X$994,N$41,FALSE))","v":0},{"$f":"IF(ISERROR(VLOOKUP($B16,comp1!$A$1:$X$994,O$41,FALSE)),\"-\",VLOOKUP($B16,comp1!$A$1:$X$994,O$41,FALSE))","v":0},null,{"$f":"IF(ISERROR(VLOOKUP($B16,'percentage comp'!$A$1:$P$994,15,FALSE)),\"-\",VLOOKUP($B16,'percentage comp'!$A$1:$P$994,15,FALSE))","v":87.804878048780481},{"$f":"IF(ISERROR(VLOOKUP($B16,'percentage comp'!$A$1:$P$994,16,FALSE)),\"-\",VLOOKUP($B16,'percentage comp'!$A$1:$P$994,16,FALSE))","v":98.373983739837385}]
["V203P","V203PB12","   Clackmannanshire ADP: HMP Glenochil ",{"$f":"IF(ISERROR(VLOOKUP($B17,comp1!$A$1:$X$994,D$41,FALSE)),\"-\",VLOOKUP($B17,comp1!$A$1:$X$994,D$41,FALSE))","v":50},{"$f":"IF(ISERROR(VLOOKUP($B17,comp1!$A$1:$X$994,E$41,FALSE)),\"-\",VLOOKUP($B17,comp1!$A$1:$X$994,E$41,FALSE))","v":70},{"$f":"IF(ISERROR(VLOOKUP($B17,comp1!$A$1:$X$994,F$41,FALSE)),\"-\",VLOOKUP($B17,comp1!$A$1:$X$994,F$41,FALSE))","v":24},{"$f":"IF(ISERROR(VLOOKUP($B17,comp1!$A$1:$X$994,G$41,FALSE)),\"-\",VLOOKUP($B17,comp1!$A$1:$X$994,G$41,FALSE))","v":6},{"$f":"IF(ISERROR(VLOOKUP($B17,comp1!$A$1:$X$994,H$41,FALSE)),\"-\",VLOOKUP($B17,comp1!$A$1:$X$994,H$41,FALSE))","v":0},{"$f":"IF(ISERROR(VLOOKUP($B17,comp1!$A$1:$X$994,I$41,FALSE)),\"-\",VLOOKUP($B17,comp1!$A$1:$X$994,I$41,FALSE))","v":0},{"$f":"IF(ISERROR(VLOOKUP($B17,comp1!$A$1:$X$994,J$41,FALSE)),\"-\",VLOOKUP($B17,comp1!$A$1:$X$994,J$41,FALSE))","v":0},{"$f":"IF(ISERROR(VLOOKUP($B17,comp1!$A$1:$X$994,K$41,FALSE)),\"-\",VLOOKUP($B17,comp1!$A$1:$X$994,K$41,FALSE))","v":0},{"$f":"IF(ISERROR(VLOOKUP($B17,comp1!$A$1:$X$994,L$41,FALSE)),\"-\",VLOOKUP($B17,comp1!$A$1:$X$994,L$41,FALSE))","v":0},{"$f":"IF(ISERROR(VLOOKUP($B17,comp1!$A$1:$X$994,M$41,FALSE)),\"-\",VLOOKUP($B17,comp1!$A$1:$X$994,M$41,FALSE))","v":0},{"$f":"IF(ISERROR(VLOOKUP($B17,comp1!$A$1:$X$994,N$41,FALSE)),\"-\",VLOOKUP($B17,comp1!$A$1:$X$994,N$41,FALSE))","v":0},{"$f":"IF(ISERROR(VLOOKUP($B17,comp1!$A$1:$X$994,O$41,FALSE)),\"-\",VLOOKUP($B17,comp1!$A$1:$X$994,O$41,FALSE))","v":0},null,{"$f":"IF(ISERROR(VLOOKUP($B17,'percentage comp'!$A$1:$P$994,15,FALSE)),\"-\",VLOOKUP($B17,'percentage comp'!$A$1:$P$994,15,FALSE))","v":100},{"$f":"IF(ISERROR(VLOOKUP($B17,'percentage comp'!$A$1:$P$994,16,FALSE)),\"-\",VLOOKUP($B17,'percentage comp'!$A$1:$P$994,16,FALSE))","v":100}]
["V101P","V101PB12","   Falkirk ADP: HMP  Young Offenders Institution Polmont",{"$f":"IF(ISERROR(VLOOKUP($B18,comp1!$A$1:$X$994,D$41,FALSE)),\"-\",VLOOKUP($B18,comp1!$A$1:$X$994,D$41,FALSE))","v":40},{"$f":"IF(ISERROR(VLOOKUP($B18,comp1!$A$1:$X$994,E$41,FALSE)),\"-\",VLOOKUP($B18,comp1!$A$1:$X$994,E$41,FALSE))","v":47.5},{"$f":"IF(ISERROR(VLOOKUP($B18,comp1!$A$1:$X$994,F$41,FALSE)),\"-\",VLOOKUP($B18,comp1!$A$1:$X$994,F$41,FALSE))","v":7.5},{"$f":"IF(ISERROR(VLOOKUP($B18,comp1!$A$1:$X$994,G$41,FALSE)),\"-\",VLOOKUP($B18,comp1!$A$1:$X$994,G$41,FALSE))","v":7.5},{"$f":"IF(ISERROR(VLOOKUP($B18,comp1!$A$1:$X$994,H$41,FALSE)),\"-\",VLOOKUP($B18,comp1!$A$1:$X$994,H$41,FALSE))","v":15},{"$f":"IF(ISERROR(VLOOKUP($B18,comp1!$A$1:$X$994,I$41,FALSE)),\"-\",VLOOKUP($B18,comp1!$A$1:$X$994,I$41,FALSE))","v":12.5},{"$f":"IF(ISERROR(VLOOKUP($B18,comp1!$A$1:$X$994,J$41,FALSE)),\"-\",VLOOKUP($B18,comp1!$A$1:$X$994,J$41,FALSE))","v":5},{"$f":"IF(ISERROR(VLOOKUP($B18,comp1!$A$1:$X$994,K$41,FALSE)),\"-\",VLOOKUP($B18,comp1!$A$1:$X$994,K$41,FALSE))","v":5},{"$f":"IF(ISERROR(VLOOKUP($B18,comp1!$A$1:$X$994,L$41,FALSE)),\"-\",VLOOKUP($B18,comp1!$A$1:$X$994,L$41,FALSE))","v":0},{"$f":"IF(ISERROR(VLOOKUP($B18,comp1!$A$1:$X$994,M$41,FALSE)),\"-\",VLOOKUP($B18,comp1!$A$1:$X$994,M$41,FALSE))","v":0},{"$f":"IF(ISERROR(VLOOKUP($B18,comp1!$A$1:$X$994,N$41,FALSE)),\"-\",VLOOKUP($B18,comp1!$A$1:$X$994,N$41,FALSE))","v":0},{"$f":"IF(ISERROR(VLOOKUP($B18,comp1!$A$1:$X$994,O$41,FALSE)),\"-\",VLOOKUP($B18,comp1!$A$1:$X$994,O$41,FALSE))","v":0},null,{"$f":"IF(ISERROR(VLOOKUP($B18,'percentage comp'!$A$1:$P$994,15,FALSE)),\"-\",VLOOKUP($B18,'percentage comp'!$A$1:$P$994,15,FALSE))","v":62.5},{"$f":"IF(ISERROR(VLOOKUP($B18,'percentage comp'!$A$1:$P$994,16,FALSE)),\"-\",VLOOKUP($B18,'percentage comp'!$A$1:$P$994,16,FALSE))","v":95}]
["V202P","V202PB12","   Stirling ADP: HMP & YOI Cornton Vale ",{"$f":"IF(ISERROR(VLOOKUP($B19,comp1!$A$1:$X$994,D$41,FALSE)),\"-\",VLOOKUP($B19,comp1!$A$1:$X$994,D$41,FALSE))","v":33},{"$f":"IF(ISERROR(VLOOKUP($B19,comp1!$A$1:$X$994,E$41,FALSE)),\"-\",VLOOKUP($B19,comp1!$A$1:$X$994,E$41,FALSE))","v":84.848484848484844},{"$f":"IF(ISERROR(VLOOKUP($B19,comp1!$A$1:$X$994,F$41,FALSE)),\"-\",VLOOKUP($B19,comp1!$A$1:$X$994,F$41,FALSE))","v":3.0303030303030303},{"$f":"IF(ISERROR(VLOOKUP($B19,comp1!$A$1:$X$994,G$41,FALSE)),\"-\",VLOOKUP($B19,comp1!$A$1:$X$994,G$41,FALSE))","v":12.121212121212121},{"$f":"IF(ISERROR(VLOOKUP($B19,comp1!$A$1:$X$994,H$41,FALSE)),\"-\",VLOOKUP($B19,comp1!$A$1:$X$994,H$41,FALSE))","v":0},{"$f":"IF(ISERROR(VLOOKUP($B19,comp1!$A$1:$X$994,I$41,FALSE)),\"-\",VLOOKUP($B19,comp1!$A$1:$X$994,I$41,FALSE))","v":0},{"$f":"IF(ISERROR(VLOOKUP($B19,comp1!$A$1:$X$994,J$41,FALSE)),\"-\",VLOOKUP($B19,comp1!$A$1:$X$994,J$41,FALSE))","v":0},{"$f":"IF(ISERROR(VLOOKUP($B19,comp1!$A$1:$X$994,K$41,FALSE)),\"-\",VLOOKUP($B19,comp1!$A$1:$X$994,K$41,FALSE))","v":0},{"$f":"IF(ISERROR(VLOOKUP($B19,comp1!$A$1:$X$994,L$41,FALSE)),\"-\",VLOOKUP($B19,comp1!$A$1:$X$994,L$41,FALSE))","v":0},{"$f":"IF(ISERROR(VLOOKUP($B19,comp1!$A$1:$X$994,M$41,FALSE)),\"-\",VLOOKUP($B19,comp1!$A$1:$X$994,M$41,FALSE))","v":0},{"$f":"IF(ISERROR(VLOOKUP($B19,comp1!$A$1:$X$994,N$41,FALSE)),\"-\",VLOOKUP($B19,comp1!$A$1:$X$994,N$41,FALSE))","v":0},{"$f":"IF(ISERROR(VLOOKUP($B19,comp1!$A$1:$X$994,O$41,FALSE)),\"-\",VLOOKUP($B19,comp1!$A$1:$X$994,O$41,FALSE))","v":0},null,{"$f":"IF(ISERROR(VLOOKUP($B19,'percentage comp'!$A$1:$P$994,15,FALSE)),\"-\",VLOOKUP($B19,'percentage comp'!$A$1:$P$994,15,FALSE))","v":100},{"$f":"IF(ISERROR(VLOOKUP($B19,'percentage comp'!$A$1:$P$994,16,FALSE)),\"-\",VLOOKUP($B19,'percentage comp'!$A$1:$P$994,16,FALSE))","v":100}]
["207","207B12","Grampian NHS",{"$f":"IF(ISERROR(VLOOKUP($B20,comp1!$A$1:$X$994,D$41,FALSE)),\"-\",VLOOKUP($B20,comp1!$A$1:$X$994,D$41,FALSE))","v":38},{"$f":"IF(ISERROR(VLOOKUP($B20,comp1!$A$1:$X$994,E$41,FALSE)),\"-\",VLOOKUP($B20,comp1!$A$1:$X$994,E$41,FALSE))","v":100},{"$f":"IF(ISERROR(VLOOKUP($B20,comp1!$A$1:$X$994,F$41,FALSE)),\"-\",VLOOKUP($B20,comp1!$A$1:$X$994,F$41,FALSE))","v":0},{"$f":"IF(ISERROR(VLOOKUP($B20,comp1!$A$1:$X$994,G$41,FALSE)),\"-\",VLOOKUP($B20,comp1!$A$1:$X$994,G$41,FALSE))","v":0},{"$f":"IF(ISERROR(VLOOKUP($B20,comp1!$A$1:$X$994,H$41,FALSE)),\"-\",VLOOKUP($B20,comp1!$A$1:$X$994,H$41,FALSE))","v":0},{"$f":"IF(ISERROR(VLOOKUP($B20,comp1!$A$1:$X$994,I$41,FALSE)),\"-\",VLOOKUP($B20,comp1!$A$1:$X$994,I$41,FALSE))","v":0},{"$f":"IF(ISERROR(VLOOKUP($B20,comp1!$A$1:$X$994,J$41,FALSE)),\"-\",VLOOKUP($B20,comp1!$A$1:$X$994,J$41,FALSE))","v":0},{"$f":"IF(ISERROR(VLOOKUP($B20,comp1!$A$1:$X$994,K$41,FALSE)),\"-\",VLOOKUP($B20,comp1!$A$1:$X$994,K$41,FALSE))","v":0},{"$f":"IF(ISERROR(VLOOKUP($B20,comp1!$A$1:$X$994,L$41,FALSE)),\"-\",VLOOKUP($B20,comp1!$A$1:$X$994,L$41,FALSE))","v":0},{"$f":"IF(ISERROR(VLOOKUP($B20,comp1!$A$1:$X$994,M$41,FALSE)),\"-\",VLOOKUP($B20,comp1!$A$1:$X$994,M$41,FALSE))","v":0},{"$f":"IF(ISERROR(VLOOKUP($B20,comp1!$A$1:$X$994,N$41,FALSE)),\"-\",VLOOKUP($B20,comp1!$A$1:$X$994,N$41,FALSE))","v":0},{"$f":"IF(ISERROR(VLOOKUP($B20,comp1!$A$1:$X$994,O$41,FALSE)),\"-\",VLOOKUP($B20,comp1!$A$1:$X$994,O$41,FALSE))","v":0},null,{"$f":"IF(ISERROR(VLOOKUP($B20,'percentage comp'!$A$1:$P$994,15,FALSE)),\"-\",VLOOKUP($B20,'percentage comp'!$A$1:$P$994,15,FALSE))","v":100},{"$f":"IF(ISERROR(VLOOKUP($B20,'percentage comp'!$A$1:$P$994,16,FALSE)),\"-\",VLOOKUP($B20,'percentage comp'!$A$1:$P$994,16,FALSE))","v":100}]
["N401P","N401PB12","   Aberdeenshire ADP: HMP Grampian and YOI",{"$f":"IF(ISERROR(VLOOKUP($B21,comp1!$A$1:$X$994,D$41,FALSE)),\"-\",VLOOKUP($B21,comp1!$A$1:$X$994,D$41,FALSE))","v":38},{"$f":"IF(ISERROR(VLOOKUP($B21,comp1!$A$1:$X$994,E$41,FALSE)),\"-\",VLOOKUP($B21,comp1!$A$1:$X$994,E$41,FALSE))","v":100},{"$f":"IF(ISERROR(VLOOKUP($B21,comp1!$A$1:$X$994,F$41,FALSE)),\"-\",VLOOKUP($B21,comp1!$A$1:$X$994,F$41,FALSE))","v":0},{"$f":"IF(ISERROR(VLOOKUP($B21,comp1!$A$1:$X$994,G$41,FALSE)),\"-\",VLOOKUP($B21,comp1!$A$1:$X$994,G$41,FALSE))","v":0},{"$f":"IF(ISERROR(VLOOKUP($B21,comp1!$A$1:$X$994,H$41,FALSE)),\"-\",VLOOKUP($B21,comp1!$A$1:$X$994,H$41,FALSE))","v":0},{"$f":"IF(ISERROR(VLOOKUP($B21,comp1!$A$1:$X$994,I$41,FALSE)),\"-\",VLOOKUP($B21,comp1!$A$1:$X$994,I$41,FALSE))","v":0},{"$f":"IF(ISERROR(VLOOKUP($B21,comp1!$A$1:$X$994,J$41,FALSE)),\"-\",VLOOKUP($B21,comp1!$A$1:$X$994,J$41,FALSE))","v":0},{"$f":"IF(ISERROR(VLOOKUP($B21,comp1!$A$1:$X$994,K$41,FALSE)),\"-\",VLOOKUP($B21,comp1!$A$1:$X$994,K$41,FALSE))","v":0},{"$f":"IF(ISERROR(VLOOKUP($B21,comp1!$A$1:$X$994,L$41,FALSE)),\"-\",VLOOKUP($B21,comp1!$A$1:$X$994,L$41,FALSE))","v":0},{"$f":"IF(ISERROR(VLOOKUP($B21,comp1!$A$1:$X$994,M$41,FALSE)),\"-\",VLOOKUP($B21,comp1!$A$1:$X$994,M$41,FALSE))","v":0},{"$f":"IF(ISERROR(VLOOKUP($B21,comp1!$A$1:$X$994,N$41,FALSE)),\"-\",VLOOKUP($B21,comp1!$A$1:$X$994,N$41,FALSE))","v":0},{"$f":"IF(ISERROR(VLOOKUP($B21,comp1!$A$1:$X$994,O$41,FALSE)),\"-\",VLOOKUP($B21,comp1!$A$1:$X$994,O$41,FALSE))","v":0},null,{"$f":"IF(ISERROR(VLOOKUP($B21,'percentage comp'!$A$1:$P$994,15,FALSE)),\"-\",VLOOKUP($B21,'percentage comp'!$A$1:$P$994,15,FALSE))","v":100},{"$f":"IF(ISERROR(VLOOKUP($B21,'percentage comp'!$A$1:$P$994,16,FALSE)),\"-\",VLOOKUP($B21,'percentage comp'!$A$1:$P$994,16,FALSE))","v":100}]
["218","218B12","Greater Glasgow & Clyde NHS",{"$f":"IF(ISERROR(VLOOKUP($B22,comp1!$A$1:$X$994,D$41,FALSE)),\"-\",VLOOKUP($B22,comp1!$A$1:$X$994,D$41,FALSE))","v":233},{"$f":"IF(ISERROR(VLOOKUP($B22,comp1!$A$1:$X$994,E$41,FALSE)),\"-\",VLOOKUP($B22,comp1!$A$1:$X$994,E$41,FALSE))","v":96.137339055793987},{"$f":"IF(ISERROR(VLOOKUP($B22,comp1!$A$1:$X$994,F$41,FALSE)),\"-\",VLOOKUP($B22,comp1!$A$1:$X$994,F$41,FALSE))","v":2.5751072961373391},{"$f":"IF(ISERROR(VLOOKUP($B22,comp1!$A$1:$X$994,G$41,FALSE)),\"-\",VLOOKUP($B22,comp1!$A$1:$X$994,G$41,FALSE))","v":0.85836909871244638},{"$f":"IF(ISERROR(VLOOKUP($B22,comp1!$A$1:$X$994,H$41,FALSE)),\"-\",VLOOKUP($B22,comp1!$A$1:$X$994,H$41,FALSE))","v":0},{"$f":"IF(ISERROR(VLOOKUP($B22,comp1!$A$1:$X$994,I$41,FALSE)),\"-\",VLOOKUP($B22,comp1!$A$1:$X$994,I$41,FALSE))","v":0},{"$f":"IF(ISERROR(VLOOKUP($B22,comp1!$A$1:$X$994,J$41,FALSE)),\"-\",VLOOKUP($B22,comp1!$A$1:$X$994,J$41,FALSE))","v":0.42918454935622319},{"$f":"IF(ISERROR(VLOOKUP($B22,comp1!$A$1:$X$994,K$41,FALSE)),\"-\",VLOOKUP($B22,comp1!$A$1:$X$994,K$41,FALSE))","v":0},{"$f":"IF(ISERROR(VLOOKUP($B22,comp1!$A$1:$X$994,L$41,FALSE)),\"-\",VLOOKUP($B22,comp1!$A$1:$X$994,L$41,FALSE))","v":0},{"$f":"IF(ISERROR(VLOOKUP($B22,comp1!$A$1:$X$994,M$41,FALSE)),\"-\",VLOOKUP($B22,comp1!$A$1:$X$994,M$41,FALSE))","v":0},{"$f":"IF(ISERROR(VLOOKUP($B22,comp1!$A$1:$X$994,N$41,FALSE)),\"-\",VLOOKUP($B22,comp1!$A$1:$X$994,N$41,FALSE))","v":0},{"$f":"IF(ISERROR(VLOOKUP($B22,comp1!$A$1:$X$994,O$41,FALSE)),\"-\",VLOOKUP($B22,comp1!$A$1:$X$994,O$41,FALSE))","v":0},null,{"$f":"IF(ISERROR(VLOOKUP($B22,'percentage comp'!$A$1:$P$994,15,FALSE)),\"-\",VLOOKUP($B22,'percentage comp'!$A$1:$P$994,15,FALSE))","v":99.570815450643764},{"$f":"IF(ISERROR(VLOOKUP($B22,'percentage comp'!$A$1:$P$994,16,FALSE)),\"-\",VLOOKUP($B22,'percentage comp'!$A$1:$P$994,16,FALSE))","v":99.999999999999986}]
["G763P","G763PB12","   East Dunbartonshire ADP: HMP Low Moss",{"$f":"IF(ISERROR(VLOOKUP($B23,comp1!$A$1:$X$994,D$41,FALSE)),\"-\",VLOOKUP($B23,comp1!$A$1:$X$994,D$41,FALSE))","v":53},{"$f":"IF(ISERROR(VLOOKUP($B23,comp1!$A$1:$X$994,E$41,FALSE)),\"-\",VLOOKUP($B23,comp1!$A$1:$X$994,E$41,FALSE))","v":100},{"$f":"IF(ISERROR(VLOOKUP($B23,comp1!$A$1:$X$994,F$41,FALSE)),\"-\",VLOOKUP($B23,comp1!$A$1:$X$994,F$41,FALSE))","v":0},{"$f":"IF(ISERROR(VLOOKUP($B23,comp1!$A$1:$X$994,G$41,FALSE)),\"-\",VLOOKUP($B23,comp1!$A$1:$X$994,G$41,FALSE))","v":0},{"$f":"IF(ISERROR(VLOOKUP($B23,comp1!$A$1:$X$994,H$41,FALSE)),\"-\",VLOOKUP($B23,comp1!$A$1:$X$994,H$41,FALSE))","v":0},{"$f":"IF(ISERROR(VLOOKUP($B23,comp1!$A$1:$X$994,I$41,FALSE)),\"-\",VLOOKUP($B23,comp1!$A$1:$X$994,I$41,FALSE))","v":0},{"$f":"IF(ISERROR(VLOOKUP($B23,comp1!$A$1:$X$994,J$41,FALSE)),\"-\",VLOOKUP($B23,comp1!$A$1:$X$994,J$41,FALSE))","v":0},{"$f":"IF(ISERROR(VLOOKUP($B23,comp1!$A$1:$X$994,K$41,FALSE)),\"-\",VLOOKUP($B23,comp1!$A$1:$X$994,K$41,FALSE))","v":0},{"$f":"IF(ISERROR(VLOOKUP($B23,comp1!$A$1:$X$994,L$41,FALSE)),\"-\",VLOOKUP($B23,comp1!$A$1:$X$994,L$41,FALSE))","v":0},{"$f":"IF(ISERROR(VLOOKUP($B23,comp1!$A$1:$X$994,M$41,FALSE)),\"-\",VLOOKUP($B23,comp1!$A$1:$X$994,M$41,FALSE))","v":0},{"$f":"IF(ISERROR(VLOOKUP($B23,comp1!$A$1:$X$994,N$41,FALSE)),\"-\",VLOOKUP($B23,comp1!$A$1:$X$994,N$41,FALSE))","v":0},{"$f":"IF(ISERROR(VLOOKUP($B23,comp1!$A$1:$X$994,O$41,FALSE)),\"-\",VLOOKUP($B23,comp1!$A$1:$X$994,O$41,FALSE))","v":0},null,{"$f":"IF(ISERROR(VLOOKUP($B23,'percentage comp'!$A$1:$P$994,15,FALSE)),\"-\",VLOOKUP($B23,'percentage comp'!$A$1:$P$994,15,FALSE))","v":100},{"$f":"IF(ISERROR(VLOOKUP($B23,'percentage comp'!$A$1:$P$994,16,FALSE)),\"-\",VLOOKUP($B23,'percentage comp'!$A$1:$P$994,16,FALSE))","v":100}]
["G101P","G101PB12","   Glasgow City ADP: HMP Barlinnie Prison",{"$f":"IF(ISERROR(VLOOKUP($B24,comp1!$A$1:$X$994,D$41,FALSE)),\"-\",VLOOKUP($B24,comp1!$A$1:$X$994,D$41,FALSE))","v":138},{"$f":"IF(ISERROR(VLOOKUP($B24,comp1!$A$1:$X$994,E$41,FALSE)),\"-\",VLOOKUP($B24,comp1!$A$1:$X$994,E$41,FALSE))","v":100},{"$f":"IF(ISERROR(VLOOKUP($B24,comp1!$A$1:$X$994,F$41,FALSE)),\"-\",VLOOKUP($B24,comp1!$A$1:$X$994,F$41,FALSE))","v":0},{"$f":"IF(ISERROR(VLOOKUP($B24,comp1!$A$1:$X$994,G$41,FALSE)),\"-\",VLOOKUP($B24,comp1!$A$1:$X$994,G$41,FALSE))","v":0},{"$f":"IF(ISERROR(VLOOKUP($B24,comp1!$A$1:$X$994,H$41,FALSE)),\"-\",VLOOKUP($B24,comp1!$A$1:$X$994,H$41,FALSE))","v":0},{"$f":"IF(ISERROR(VLOOKUP($B24,comp1!$A$1:$X$994,I$41,FALSE)),\"-\",VLOOKUP($B24,comp1!$A$1:$X$994,I$41,FALSE))","v":0},{"$f":"IF(ISERROR(VLOOKUP($B24,comp1!$A$1:$X$994,J$41,FALSE)),\"-\",VLOOKUP($B24,comp1!$A$1:$X$994,J$41,FALSE))","v":0},{"$f":"IF(ISERROR(VLOOKUP($B24,comp1!$A$1:$X$994,K$41,FALSE)),\"-\",VLOOKUP($B24,comp1!$A$1:$X$994,K$41,FALSE))","v":0},{"$f":"IF(ISERROR(VLOOKUP($B24,comp1!$A$1:$X$994,L$41,FALSE)),\"-\",VLOOKUP($B24,comp1!$A$1:$X$994,L$41,FALSE))","v":0},{"$f":"IF(ISERROR(VLOOKUP($B24,comp1!$A$1:$X$994,M$41,FALSE)),\"-\",VLOOKUP($B24,comp1!$A$1:$X$994,M$41,FALSE))","v":0},{"$f":"IF(ISERROR(VLOOKUP($B24,comp1!$A$1:$X$994,N$41,FALSE)),\"-\",VLOOKUP($B24,comp1!$A$1:$X$994,N$41,FALSE))","v":0},{"$f":"IF(ISERROR(VLOOKUP($B24,comp1!$A$1:$X$994,O$41,FALSE)),\"-\",VLOOKUP($B24,comp1!$A$1:$X$994,O$41,FALSE))","v":0},null,{"$f":"IF(ISERROR(VLOOKUP($B24,'percentage comp'!$A$1:$P$994,15,FALSE)),\"-\",VLOOKUP($B24,'percentage comp'!$A$1:$P$994,15,FALSE))","v":100},{"$f":"IF(ISERROR(VLOOKUP($B24,'percentage comp'!$A$1:$P$994,16,FALSE)),\"-\",VLOOKUP($B24,'percentage comp'!$A$1:$P$994,16,FALSE))","v":100}]
["C203P","C203PB12","   Inverclyde ADP: HMP Greenock",{"$f":"IF(ISERROR(VLOOKUP($B25,comp1!$A$1:$X$994,D$41,FALSE)),\"-\",VLOOKUP($B25,comp1!$A$1:$X$994,D$41,FALSE))","v":42},{"$f":"IF(ISERROR(VLOOKUP($B25,comp1!$A$1:$X$994,E$41,FALSE)),\"-\",VLOOKUP($B25,comp1!$A$1:$X$994,E$41,FALSE))","v":78.571428571428569},{"$f":"IF(ISERROR(VLOOKUP($B25,comp1!$A$1:$X$994,F$41,FALSE)),\"-\",VLOOKUP($B25,comp1!$A$1:$X$994,F$41,FALSE))","v":14.285714285714285},{"$f":"IF(ISERROR(VLOOKUP($B25,comp1!$A$1:$X$994,G$41,FALSE)),\"-\",VLOOKUP($B25,comp1!$A$1:$X$994,G$41,FALSE))","v":4.7619047619047619},{"$f":"IF(ISERROR(VLOOKUP($B25,comp1!$A$1:$X$994,H$41,FALSE)),\"-\",VLOOKUP($B25,comp1!$A$1:$X$994,H$41,FALSE))","v":0},{"$f":"IF(ISERROR(VLOOKUP($B25,comp1!$A$1:$X$994,I$41,FALSE)),\"-\",VLOOKUP($B25,comp1!$A$1:$X$994,I$41,FALSE))","v":0},{"$f":"IF(ISERROR(VLOOKUP($B25,comp1!$A$1:$X$994,J$41,FALSE)),\"-\",VLOOKUP($B25,comp1!$A$1:$X$994,J$41,FALSE))","v":2.3809523809523809},{"$f":"IF(ISERROR(VLOOKUP($B25,comp1!$A$1:$X$994,K$41,FALSE)),\"-\",VLOOKUP($B25,comp1!$A$1:$X$994,K$41,FALSE))","v":0},{"$f":"IF(ISERROR(VLOOKUP($B25,comp1!$A$1:$X$994,L$41,FALSE)),\"-\",VLOOKUP($B25,comp1!$A$1:$X$994,L$41,FALSE))","v":0},{"$f":"IF(ISERROR(VLOOKUP($B25,comp1!$A$1:$X$994,M$41,FALSE)),\"-\",VLOOKUP($B25,comp1!$A$1:$X$994,M$41,FALSE))","v":0},{"$f":"IF(ISERROR(VLOOKUP($B25,comp1!$A$1:$X$994,N$41,FALSE)),\"-\",VLOOKUP($B25,comp1!$A$1:$X$994,N$41,FALSE))","v":0},{"$f":"IF(ISERROR(VLOOKUP($B25,comp1!$A$1:$X$994,O$41,FALSE)),\"-\",VLOOKUP($B25,comp1!$A$1:$X$994,O$41,FALSE))","v":0},null,{"$f":"IF(ISERROR(VLOOKUP($B25,'percentage comp'!$A$1:$P$994,15,FALSE)),\"-\",VLOOKUP($B25,'percentage comp'!$A$1:$P$994,15,FALSE))","v":97.61904761904762},{"$f":"IF(ISERROR(VLOOKUP($B25,'percentage comp'!$A$1:$P$994,16,FALSE)),\"-\",VLOOKUP($B25,'percentage comp'!$A$1:$P$994,16,FALSE))","v":100}]
["209",{"$f":"CONCATENATE(A26,B$6,B$4)","v":"209B12"},"Highland NHS",{"$f":"IF(ISERROR(VLOOKUP($B26,comp1!$A$1:$X$994,D$41,FALSE)),\"-\",VLOOKUP($B26,comp1!$A$1:$X$994,D$41,FALSE))","v":72},{"$f":"IF(ISERROR(VLOOKUP($B26,comp1!$A$1:$X$994,E$41,FALSE)),\"-\",VLOOKUP($B26,comp1!$A$1:$X$994,E$41,FALSE))","v":79.166666666666657},{"$f":"IF(ISERROR(VLOOKUP($B26,comp1!$A$1:$X$994,F$41,FALSE)),\"-\",VLOOKUP($B26,comp1!$A$1:$X$994,F$41,FALSE))","v":11.111111111111111},{"$f":"IF(ISERROR(VLOOKUP($B26,comp1!$A$1:$X$994,G$41,FALSE)),\"-\",VLOOKUP($B26,comp1!$A$1:$X$994,G$41,FALSE))","v":6.9444444444444446},{"$f":"IF(ISERROR(VLOOKUP($B26,comp1!$A$1:$X$994,H$41,FALSE)),\"-\",VLOOKUP($B26,comp1!$A$1:$X$994,H$41,FALSE))","v":2.7777777777777777},{"$f":"IF(ISERROR(VLOOKUP($B26,comp1!$A$1:$X$994,I$41,FALSE)),\"-\",VLOOKUP($B26,comp1!$A$1:$X$994,I$41,FALSE))","v":0},{"$f":"IF(ISERROR(VLOOKUP($B26,comp1!$A$1:$X$994,J$41,FALSE)),\"-\",VLOOKUP($B26,comp1!$A$1:$X$994,J$41,FALSE))","v":0},{"$f":"IF(ISERROR(VLOOKUP($B26,comp1!$A$1:$X$994,K$41,FALSE)),\"-\",VLOOKUP($B26,comp1!$A$1:$X$994,K$41,FALSE))","v":0},{"$f":"IF(ISERROR(VLOOKUP($B26,comp1!$A$1:$X$994,L$41,FALSE)),\"-\",VLOOKUP($B26,comp1!$A$1:$X$994,L$41,FALSE))","v":0},{"$f":"IF(ISERROR(VLOOKUP($B26,comp1!$A$1:$X$994,M$41,FALSE)),\"-\",VLOOKUP($B26,comp1!$A$1:$X$994,M$41,FALSE))","v":0},{"$f":"IF(ISERROR(VLOOKUP($B26,comp1!$A$1:$X$994,N$41,FALSE)),\"-\",VLOOKUP($B26,comp1!$A$1:$X$994,N$41,FALSE))","v":0},{"$f":"IF(ISERROR(VLOOKUP($B26,comp1!$A$1:$X$994,O$41,FALSE)),\"-\",VLOOKUP($B26,comp1!$A$1:$X$994,O$41,FALSE))","v":0},null,{"$f":"IF(ISERROR(VLOOKUP($B26,'percentage comp'!$A$1:$P$994,15,FALSE)),\"-\",VLOOKUP($B26,'percentage comp'!$A$1:$P$994,15,FALSE))","v":97.222222222222214},{"$f":"IF(ISERROR(VLOOKUP($B26,'percentage comp'!$A$1:$P$994,16,FALSE)),\"-\",VLOOKUP($B26,'percentage comp'!$A$1:$P$994,16,FALSE))","v":99.999999999999986}]
["H202P","H202PB12","   Highland ADP: HMP Inverness",{"$f":"IF(ISERROR(VLOOKUP($B27,comp1!$A$1:$X$994,D$41,FALSE)),\"-\",VLOOKUP($B27,comp1!$A$1:$X$994,D$41,FALSE))","v":72},{"$f":"IF(ISERROR(VLOOKUP($B27,comp1!$A$1:$X$994,E$41,FALSE)),\"-\",VLOOKUP($B27,comp1!$A$1:$X$994,E$41,FALSE))","v":79.166666666666657},{"$f":"IF(ISERROR(VLOOKUP($B27,comp1!$A$1:$X$994,F$41,FALSE)),\"-\",VLOOKUP($B27,comp1!$A$1:$X$994,F$41,FALSE))","v":11.111111111111111},{"$f":"IF(ISERROR(VLOOKUP($B27,comp1!$A$1:$X$994,G$41,FALSE)),\"-\",VLOOKUP($B27,comp1!$A$1:$X$994,G$41,FALSE))","v":6.9444444444444446},{"$f":"IF(ISERROR(VLOOKUP($B27,comp1!$A$1:$X$994,H$41,FALSE)),\"-\",VLOOKUP($B27,comp1!$A$1:$X$994,H$41,FALSE))","v":2.7777777777777777},{"$f":"IF(ISERROR(VLOOKUP($B27,comp1!$A$1:$X$994,I$41,FALSE)),\"-\",VLOOKUP($B27,comp1!$A$1:$X$994,I$41,FALSE))","v":0},{"$f":"IF(ISERROR(VLOOKUP($B27,comp1!$A$1:$X$994,J$41,FALSE)),\"-\",VLOOKUP($B27,comp1!$A$1:$X$994,J$41,FALSE))","v":0},{"$f":"IF(ISERROR(VLOOKUP($B27,comp1!$A$1:$X$994,K$41,FALSE)),\"-\",VLOOKUP($B27,comp1!$A$1:$X$994,K$41,FALSE))","v":0},{"$f":"IF(ISERROR(VLOOKUP($B27,comp1!$A$1:$X$994,L$41,FALSE)),\"-\",VLOOKUP($B27,comp1!$A$1:$X$994,L$41,FALSE))","v":0},{"$f":"IF(ISERROR(VLOOKUP($B27,comp1!$A$1:$X$994,M$41,FALSE)),\"-\",VLOOKUP($B27,comp1!$A$1:$X$994,M$41,FALSE))","v":0},{"$f":"IF(ISERROR(VLOOKUP($B27,comp1!$A$1:$X$994,N$41,FALSE)),\"-\",VLOOKUP($B27,comp1!$A$1:$X$994,N$41,FALSE))","v":0},{"$f":"IF(ISERROR(VLOOKUP($B27,comp1!$A$1:$X$994,O$41,FALSE)),\"-\",VLOOKUP($B27,comp1!$A$1:$X$994,O$41,FALSE))","v":0},null,{"$f":"IF(ISERROR(VLOOKUP($B27,'percentage comp'!$A$1:$P$994,15,FALSE)),\"-\",VLOOKUP($B27,'percentage comp'!$A$1:$P$994,15,FALSE))","v":97.222222222222214},{"$f":"IF(ISERROR(VLOOKUP($B27,'percentage comp'!$A$1:$P$994,16,FALSE)),\"-\",VLOOKUP($B27,'percentage comp'!$A$1:$P$994,16,FALSE))","v":99.999999999999986}]
["210","210B12","Lanarkshire NHS/ADP",{"$f":"IF(ISERROR(VLOOKUP($B28,comp1!$A$1:$X$994,D$41,FALSE)),\"-\",VLOOKUP($B28,comp1!$A$1:$X$994,D$41,FALSE))","v":5},{"$f":"IF(ISERROR(VLOOKUP($B28,comp1!$A$1:$X$994,E$41,FALSE)),\"-\",VLOOKUP($B28,comp1!$A$1:$X$994,E$41,FALSE))","v":100},{"$f":"IF(ISERROR(VLOOKUP($B28,comp1!$A$1:$X$994,F$41,FALSE)),\"-\",VLOOKUP($B28,comp1!$A$1:$X$994,F$41,FALSE))","v":0},{"$f":"IF(ISERROR(VLOOKUP($B28,comp1!$A$1:$X$994,G$41,FALSE)),\"-\",VLOOKUP($B28,comp1!$A$1:$X$994,G$41,FALSE))","v":0},{"$f":"IF(ISERROR(VLOOKUP($B28,comp1!$A$1:$X$994,H$41,FALSE)),\"-\",VLOOKUP($B28,comp1!$A$1:$X$994,H$41,FALSE))","v":0},{"$f":"IF(ISERROR(VLOOKUP($B28,comp1!$A$1:$X$994,I$41,FALSE)),\"-\",VLOOKUP($B28,comp1!$A$1:$X$994,I$41,FALSE))","v":0},{"$f":"IF(ISERROR(VLOOKUP($B28,comp1!$A$1:$X$994,J$41,FALSE)),\"-\",VLOOKUP($B28,comp1!$A$1:$X$994,J$41,FALSE))","v":0},{"$f":"IF(ISERROR(VLOOKUP($B28,comp1!$A$1:$X$994,K$41,FALSE)),\"-\",VLOOKUP($B28,comp1!$A$1:$X$994,K$41,FALSE))","v":0},{"$f":"IF(ISERROR(VLOOKUP($B28,comp1!$A$1:$X$994,L$41,FALSE)),\"-\",VLOOKUP($B28,comp1!$A$1:$X$994,L$41,FALSE))","v":0},{"$f":"IF(ISERROR(VLOOKUP($B28,comp1!$A$1:$X$994,M$41,FALSE)),\"-\",VLOOKUP($B28,comp1!$A$1:$X$994,M$41,FALSE))","v":0},{"$f":"IF(ISERROR(VLOOKUP($B28,comp1!$A$1:$X$994,N$41,FALSE)),\"-\",VLOOKUP($B28,comp1!$A$1:$X$994,N$41,FALSE))","v":0},{"$f":"IF(ISERROR(VLOOKUP($B28,comp1!$A$1:$X$994,O$41,FALSE)),\"-\",VLOOKUP($B28,comp1!$A$1:$X$994,O$41,FALSE))","v":0},null,{"$f":"IF(ISERROR(VLOOKUP($B28,'percentage comp'!$A$1:$P$994,15,FALSE)),\"-\",VLOOKUP($B28,'percentage comp'!$A$1:$P$994,15,FALSE))","v":100},{"$f":"IF(ISERROR(VLOOKUP($B28,'percentage comp'!$A$1:$P$994,16,FALSE)),\"-\",VLOOKUP($B28,'percentage comp'!$A$1:$P$994,16,FALSE))","v":100}]
["L202P","L202PB12","   HMP Shotts ",{"$f":"IF(ISERROR(VLOOKUP($B29,comp1!$A$1:$X$994,D$41,FALSE)),\"-\",VLOOKUP($B29,comp1!$A$1:$X$994,D$41,FALSE))","v":5},{"$f":"IF(ISERROR(VLOOKUP($B29,comp1!$A$1:$X$994,E$41,FALSE)),\"-\",VLOOKUP($B29,comp1!$A$1:$X$994,E$41,FALSE))","v":100},{"$f":"IF(ISERROR(VLOOKUP($B29,comp1!$A$1:$X$994,F$41,FALSE)),\"-\",VLOOKUP($B29,comp1!$A$1:$X$994,F$41,FALSE))","v":0},{"$f":"IF(ISERROR(VLOOKUP($B29,comp1!$A$1:$X$994,G$41,FALSE)),\"-\",VLOOKUP($B29,comp1!$A$1:$X$994,G$41,FALSE))","v":0},{"$f":"IF(ISERROR(VLOOKUP($B29,comp1!$A$1:$X$994,H$41,FALSE)),\"-\",VLOOKUP($B29,comp1!$A$1:$X$994,H$41,FALSE))","v":0},{"$f":"IF(ISERROR(VLOOKUP($B29,comp1!$A$1:$X$994,I$41,FALSE)),\"-\",VLOOKUP($B29,comp1!$A$1:$X$994,I$41,FALSE))","v":0},{"$f":"IF(ISERROR(VLOOKUP($B29,comp1!$A$1:$X$994,J$41,FALSE)),\"-\",VLOOKUP($B29,comp1!$A$1:$X$994,J$41,FALSE))","v":0},{"$f":"IF(ISERROR(VLOOKUP($B29,comp1!$A$1:$X$994,K$41,FALSE)),\"-\",VLOOKUP($B29,comp1!$A$1:$X$994,K$41,FALSE))","v":0},{"$f":"IF(ISERROR(VLOOKUP($B29,comp1!$A$1:$X$994,L$41,FALSE)),\"-\",VLOOKUP($B29,comp1!$A$1:$X$994,L$41,FALSE))","v":0},{"$f":"IF(ISERROR(VLOOKUP($B29,comp1!$A$1:$X$994,M$41,FALSE)),\"-\",VLOOKUP($B29,comp1!$A$1:$X$994,M$41,FALSE))","v":0},{"$f":"IF(ISERROR(VLOOKUP($B29,comp1!$A$1:$X$994,N$41,FALSE)),\"-\",VLOOKUP($B29,comp1!$A$1:$X$994,N$41,FALSE))","v":0},{"$f":"IF(ISERROR(VLOOKUP($B29,comp1!$A$1:$X$994,O$41,FALSE)),\"-\",VLOOKUP($B29,comp1!$A$1:$X$994,O$41,FALSE))","v":0},null,{"$f":"IF(ISERROR(VLOOKUP($B29,'percentage comp'!$A$1:$P$994,15,FALSE)),\"-\",VLOOKUP($B29,'percentage comp'!$A$1:$P$994,15,FALSE))","v":100},{"$f":"IF(ISERROR(VLOOKUP($B29,'percentage comp'!$A$1:$P$994,16,FALSE)),\"-\",VLOOKUP($B29,'percentage comp'!$A$1:$P$994,16,FALSE))","v":100}]
["211","211B12","Lothian NHS",{"$f":"IF(ISERROR(VLOOKUP($B30,comp1!$A$1:$X$994,D$41,FALSE)),\"-\",VLOOKUP($B30,comp1!$A$1:$X$994,D$41,FALSE))","v":176},{"$f":"IF(ISERROR(VLOOKUP($B30,comp1!$A$1:$X$994,E$41,FALSE)),\"-\",VLOOKUP($B30,comp1!$A$1:$X$994,E$41,FALSE))","v":22.727272727272727},{"$f":"IF(ISERROR(VLOOKUP($B30,comp1!$A$1:$X$994,F$41,FALSE)),\"-\",VLOOKUP($B30,comp1!$A$1:$X$994,F$41,FALSE))","v":42.045454545454547},{"$f":"IF(ISERROR(VLOOKUP($B30,comp1!$A$1:$X$994,G$41,FALSE)),\"-\",VLOOKUP($B30,comp1!$A$1:$X$994,G$41,FALSE))","v":25},{"$f":"IF(ISERROR(VLOOKUP($B30,comp1!$A$1:$X$994,H$41,FALSE)),\"-\",VLOOKUP($B30,comp1!$A$1:$X$994,H$41,FALSE))","v":5.1136363636363642},{"$f":"IF(ISERROR(VLOOKUP($B30,comp1!$A$1:$X$994,I$41,FALSE)),\"-\",VLOOKUP($B30,comp1!$A$1:$X$994,I$41,FALSE))","v":1.7045454545454544},{"$f":"IF(ISERROR(VLOOKUP($B30,comp1!$A$1:$X$994,J$41,FALSE)),\"-\",VLOOKUP($B30,comp1!$A$1:$X$994,J$41,FALSE))","v":1.7045454545454544},{"$f":"IF(ISERROR(VLOOKUP($B30,comp1!$A$1:$X$994,K$41,FALSE)),\"-\",VLOOKUP($B30,comp1!$A$1:$X$994,K$41,FALSE))","v":0},{"$f":"IF(ISERROR(VLOOKUP($B30,comp1!$A$1:$X$994,L$41,FALSE)),\"-\",VLOOKUP($B30,comp1!$A$1:$X$994,L$41,FALSE))","v":1.7045454545454544},{"$f":"IF(ISERROR(VLOOKUP($B30,comp1!$A$1:$X$994,M$41,FALSE)),\"-\",VLOOKUP($B30,comp1!$A$1:$X$994,M$41,FALSE))","v":0},{"$f":"IF(ISERROR(VLOOKUP($B30,comp1!$A$1:$X$994,N$41,FALSE)),\"-\",VLOOKUP($B30,comp1!$A$1:$X$994,N$41,FALSE))","v":0},{"$f":"IF(ISERROR(VLOOKUP($B30,comp1!$A$1:$X$994,O$41,FALSE)),\"-\",VLOOKUP($B30,comp1!$A$1:$X$994,O$41,FALSE))","v":0},null,{"$f":"IF(ISERROR(VLOOKUP($B30,'percentage comp'!$A$1:$P$994,15,FALSE)),\"-\",VLOOKUP($B30,'percentage comp'!$A$1:$P$994,15,FALSE))","v":89.77272727272728},{"$f":"IF(ISERROR(VLOOKUP($B30,'percentage comp'!$A$1:$P$994,16,FALSE)),\"-\",VLOOKUP($B30,'percentage comp'!$A$1:$P$994,16,FALSE))","v":98.295454545454547}]
["S400P","S400PB12","   West Lothian ADP: HMP Addiewell",{"$f":"IF(ISERROR(VLOOKUP($B31,comp1!$A$1:$X$994,D$41,FALSE)),\"-\",VLOOKUP($B31,comp1!$A$1:$X$994,D$41,FALSE))","v":54},{"$f":"IF(ISERROR(VLOOKUP($B31,comp1!$A$1:$X$994,E$41,FALSE)),\"-\",VLOOKUP($B31,comp1!$A$1:$X$994,E$41,FALSE))","v":14.814814814814813},{"$f":"IF(ISERROR(VLOOKUP($B31,comp1!$A$1:$X$994,F$41,FALSE)),\"-\",VLOOKUP($B31,comp1!$A$1:$X$994,F$41,FALSE))","v":40.74074074074074},{"$f":"IF(ISERROR(VLOOKUP($B31,comp1!$A$1:$X$994,G$41,FALSE)),\"-\",VLOOKUP($B31,comp1!$A$1:$X$994,G$41,FALSE))","v":25.925925925925924},{"$f":"IF(ISERROR(VLOOKUP($B31,comp1!$A$1:$X$994,H$41,FALSE)),\"-\",VLOOKUP($B31,comp1!$A$1:$X$994,H$41,FALSE))","v":7.4074074074074066},{"$f":"IF(ISERROR(VLOOKUP($B31,comp1!$A$1:$X$994,I$41,FALSE)),\"-\",VLOOKUP($B31,comp1!$A$1:$X$994,I$41,FALSE))","v":3.7037037037037033},{"$f":"IF(ISERROR(VLOOKUP($B31,comp1!$A$1:$X$994,J$41,FALSE)),\"-\",VLOOKUP($B31,comp1!$A$1:$X$994,J$41,FALSE))","v":1.8518518518518516},{"$f":"IF(ISERROR(VLOOKUP($B31,comp1!$A$1:$X$994,K$41,FALSE)),\"-\",VLOOKUP($B31,comp1!$A$1:$X$994,K$41,FALSE))","v":0},{"$f":"IF(ISERROR(VLOOKUP($B31,comp1!$A$1:$X$994,L$41,FALSE)),\"-\",VLOOKUP($B31,comp1!$A$1:$X$994,L$41,FALSE))","v":5.5555555555555554},{"$f":"IF(ISERROR(VLOOKUP($B31,comp1!$A$1:$X$994,M$41,FALSE)),\"-\",VLOOKUP($B31,comp1!$A$1:$X$994,M$41,FALSE))","v":0},{"$f":"IF(ISERROR(VLOOKUP($B31,comp1!$A$1:$X$994,N$41,FALSE)),\"-\",VLOOKUP($B31,comp1!$A$1:$X$994,N$41,FALSE))","v":0},{"$f":"IF(ISERROR(VLOOKUP($B31,comp1!$A$1:$X$994,O$41,FALSE)),\"-\",VLOOKUP($B31,comp1!$A$1:$X$994,O$41,FALSE))","v":0},null,{"$f":"IF(ISERROR(VLOOKUP($B31,'percentage comp'!$A$1:$P$994,15,FALSE)),\"-\",VLOOKUP($B31,'percentage comp'!$A$1:$P$994,15,FALSE))","v":81.481481481481481},{"$f":"IF(ISERROR(VLOOKUP($B31,'percentage comp'!$A$1:$P$994,16,FALSE)),\"-\",VLOOKUP($B31,'percentage comp'!$A$1:$P$994,16,FALSE))","v":94.444444444444443}]
["S203P","S203PB12","   Edinburgh City ADP: HMP Edinburgh",{"$f":"IF(ISERROR(VLOOKUP($B32,comp1!$A$1:$X$994,D$41,FALSE)),\"-\",VLOOKUP($B32,comp1!$A$1:$X$994,D$41,FALSE))","v":122},{"$f":"IF(ISERROR(VLOOKUP($B32,comp1!$A$1:$X$994,E$41,FALSE)),\"-\",VLOOKUP($B32,comp1!$A$1:$X$994,E$41,FALSE))","v":26.229508196721312},{"$f":"IF(ISERROR(VLOOKUP($B32,comp1!$A$1:$X$994,F$41,FALSE)),\"-\",VLOOKUP($B32,comp1!$A$1:$X$994,F$41,FALSE))","v":42.622950819672127},{"$f":"IF(ISERROR(VLOOKUP($B32,comp1!$A$1:$X$994,G$41,FALSE)),\"-\",VLOOKUP($B32,comp1!$A$1:$X$994,G$41,FALSE))","v":24.590163934426229},{"$f":"IF(ISERROR(VLOOKUP($B32,comp1!$A$1:$X$994,H$41,FALSE)),\"-\",VLOOKUP($B32,comp1!$A$1:$X$994,H$41,FALSE))","v":4.0983606557377046},{"$f":"IF(ISERROR(VLOOKUP($B32,comp1!$A$1:$X$994,I$41,FALSE)),\"-\",VLOOKUP($B32,comp1!$A$1:$X$994,I$41,FALSE))","v":0.81967213114754101},{"$f":"IF(ISERROR(VLOOKUP($B32,comp1!$A$1:$X$994,J$41,FALSE)),\"-\",VLOOKUP($B32,comp1!$A$1:$X$994,J$41,FALSE))","v":1.639344262295082},{"$f":"IF(ISERROR(VLOOKUP($B32,comp1!$A$1:$X$994,K$41,FALSE)),\"-\",VLOOKUP($B32,comp1!$A$1:$X$994,K$41,FALSE))","v":0},{"$f":"IF(ISERROR(VLOOKUP($B32,comp1!$A$1:$X$994,L$41,FALSE)),\"-\",VLOOKUP($B32,comp1!$A$1:$X$994,L$41,FALSE))","v":0},{"$f":"IF(ISERROR(VLOOKUP($B32,comp1!$A$1:$X$994,M$41,FALSE)),\"-\",VLOOKUP($B32,comp1!$A$1:$X$994,M$41,FALSE))","v":0},{"$f":"IF(ISERROR(VLOOKUP($B32,comp1!$A$1:$X$994,N$41,FALSE)),\"-\",VLOOKUP($B32,comp1!$A$1:$X$994,N$41,FALSE))","v":0},{"$f":"IF(ISERROR(VLOOKUP($B32,comp1!$A$1:$X$994,O$41,FALSE)),\"-\",VLOOKUP($B32,comp1!$A$1:$X$994,O$41,FALSE))","v":0},null,{"$f":"IF(ISERROR(VLOOKUP($B32,'percentage comp'!$A$1:$P$994,15,FALSE)),\"-\",VLOOKUP($B32,'percentage comp'!$A$1:$P$994,15,FALSE))","v":93.442622950819668},{"$f":"IF(ISERROR(VLOOKUP($B32,'percentage comp'!$A$1:$P$994,16,FALSE)),\"-\",VLOOKUP($B32,'percentage comp'!$A$1:$P$994,16,FALSE))","v":100}]
["214","214B12","Tayside NHS",{"$f":"IF(ISERROR(VLOOKUP($B33,comp1!$A$1:$X$994,D$41,FALSE)),\"-\",VLOOKUP($B33,comp1!$A$1:$X$994,D$41,FALSE))","v":23},{"$f":"IF(ISERROR(VLOOKUP($B33,comp1!$A$1:$X$994,E$41,FALSE)),\"-\",VLOOKUP($B33,comp1!$A$1:$X$994,E$41,FALSE))","v":8.695652173913043},{"$f":"IF(ISERROR(VLOOKUP($B33,comp1!$A$1:$X$994,F$41,FALSE)),\"-\",VLOOKUP($B33,comp1!$A$1:$X$994,F$41,FALSE))","v":4.3478260869565215},{"$f":"IF(ISERROR(VLOOKUP($B33,comp1!$A$1:$X$994,G$41,FALSE)),\"-\",VLOOKUP($B33,comp1!$A$1:$X$994,G$41,FALSE))","v":21.739130434782609},{"$f":"IF(ISERROR(VLOOKUP($B33,comp1!$A$1:$X$994,H$41,FALSE)),\"-\",VLOOKUP($B33,comp1!$A$1:$X$994,H$41,FALSE))","v":8.695652173913043},{"$f":"IF(ISERROR(VLOOKUP($B33,comp1!$A$1:$X$994,I$41,FALSE)),\"-\",VLOOKUP($B33,comp1!$A$1:$X$994,I$41,FALSE))","v":17.391304347826086},{"$f":"IF(ISERROR(VLOOKUP($B33,comp1!$A$1:$X$994,J$41,FALSE)),\"-\",VLOOKUP($B33,comp1!$A$1:$X$994,J$41,FALSE))","v":17.391304347826086},{"$f":"IF(ISERROR(VLOOKUP($B33,comp1!$A$1:$X$994,K$41,FALSE)),\"-\",VLOOKUP($B33,comp1!$A$1:$X$994,K$41,FALSE))","v":13.043478260869565},{"$f":"IF(ISERROR(VLOOKUP($B33,comp1!$A$1:$X$994,L$41,FALSE)),\"-\",VLOOKUP($B33,comp1!$A$1:$X$994,L$41,FALSE))","v":8.695652173913043},{"$f":"IF(ISERROR(VLOOKUP($B33,comp1!$A$1:$X$994,M$41,FALSE)),\"-\",VLOOKUP($B33,comp1!$A$1:$X$994,M$41,FALSE))","v":0},{"$f":"IF(ISERROR(VLOOKUP($B33,comp1!$A$1:$X$994,N$41,FALSE)),\"-\",VLOOKUP($B33,comp1!$A$1:$X$994,N$41,FALSE))","v":0},{"$f":"IF(ISERROR(VLOOKUP($B33,comp1!$A$1:$X$994,O$41,FALSE)),\"-\",VLOOKUP($B33,comp1!$A$1:$X$994,O$41,FALSE))","v":0},null,{"$f":"IF(ISERROR(VLOOKUP($B33,'percentage comp'!$A$1:$P$994,15,FALSE)),\"-\",VLOOKUP($B33,'percentage comp'!$A$1:$P$994,15,FALSE))","v":34.782608695652172},{"$f":"IF(ISERROR(VLOOKUP($B33,'percentage comp'!$A$1:$P$994,16,FALSE)),\"-\",VLOOKUP($B33,'percentage comp'!$A$1:$P$994,16,FALSE))","v":78.260869565217391}]
["T300P","T300PB12","   Perth and Kinross ADP: HMP Open Estate",{"$f":"IF(ISERROR(VLOOKUP($B34,comp1!$A$1:$X$994,D$41,FALSE)),\"-\",VLOOKUP($B34,comp1!$A$1:$X$994,D$41,FALSE))","v":"-"},{"$f":"IF(ISERROR(VLOOKUP($B34,comp1!$A$1:$X$994,E$41,FALSE)),\"-\",VLOOKUP($B34,comp1!$A$1:$X$994,E$41,FALSE))","v":"-"},{"$f":"IF(ISERROR(VLOOKUP($B34,comp1!$A$1:$X$994,F$41,FALSE)),\"-\",VLOOKUP($B34,comp1!$A$1:$X$994,F$41,FALSE))","v":"-"},{"$f":"IF(ISERROR(VLOOKUP($B34,comp1!$A$1:$X$994,G$41,FALSE)),\"-\",VLOOKUP($B34,comp1!$A$1:$X$994,G$41,FALSE))","v":"-"},{"$f":"IF(ISERROR(VLOOKUP($B34,comp1!$A$1:$X$994,H$41,FALSE)),\"-\",VLOOKUP($B34,comp1!$A$1:$X$994,H$41,FALSE))","v":"-"},{"$f":"IF(ISERROR(VLOOKUP($B34,comp1!$A$1:$X$994,I$41,FALSE)),\"-\",VLOOKUP($B34,comp1!$A$1:$X$994,I$41,FALSE))","v":"-"},{"$f":"IF(ISERROR(VLOOKUP($B34,comp1!$A$1:$X$994,J$41,FALSE)),\"-\",VLOOKUP($B34,comp1!$A$1:$X$994,J$41,FALSE))","v":"-"},{"$f":"IF(ISERROR(VLOOKUP($B34,comp1!$A$1:$X$994,K$41,FALSE)),\"-\",VLOOKUP($B34,comp1!$A$1:$X$994,K$41,FALSE))","v":"-"},{"$f":"IF(ISERROR(VLOOKUP($B34,comp1!$A$1:$X$994,L$41,FALSE)),\"-\",VLOOKUP($B34,comp1!$A$1:$X$994,L$41,FALSE))","v":"-"},{"$f":"IF(ISERROR(VLOOKUP($B34,comp1!$A$1:$X$994,M$41,FALSE)),\"-\",VLOOKUP($B34,comp1!$A$1:$X$994,M$41,FALSE))","v":"-"},{"$f":"IF(ISERROR(VLOOKUP($B34,comp1!$A$1:$X$994,N$41,FALSE)),\"-\",VLOOKUP($B34,comp1!$A$1:$X$994,N$41,FALSE))","v":"-"},{"$f":"IF(ISERROR(VLOOKUP($B34,comp1!$A$1:$X$994,O$41,FALSE)),\"-\",VLOOKUP($B34,comp1!$A$1:$X$994,O$41,FALSE))","v":"-"},null,{"$f":"IF(ISERROR(VLOOKUP($B34,'percentage comp'!$A$1:$P$994,15,FALSE)),\"-\",VLOOKUP($B34,'percentage comp'!$A$1:$P$994,15,FALSE))","v":"-"},{"$f":"IF(ISERROR(VLOOKUP($B34,'percentage comp'!$A$1:$P$994,16,FALSE)),\"-\",VLOOKUP($B34,'percentage comp'!$A$1:$P$994,16,FALSE))","v":"-"}]
["T101P","T101PB12","   Perth and Kinross ADP: HMP Perth Prison",{"$f":"IF(ISERROR(VLOOKUP($B35,comp1!$A$1:$X$994,D$41,FALSE)),\"-\",VLOOKUP($B35,comp1!$A$1:$X$994,D$41,FALSE))","v":23},{"$f":"IF(ISERROR(VLOOKUP($B35,comp1!$A$1:$X$994,E$41,FALSE)),\"-\",VLOOKUP($B35,comp1!$A$1:$X$994,E$41,FALSE))","v":8.695652173913043},{"$f":"IF(ISERROR(VLOOKUP($B35,comp1!$A$1:$X$994,F$41,FALSE)),\"-\",VLOOKUP($B35,comp1!$A$1:$X$994,F$41,FALSE))","v":4.3478260869565215},{"$f":"IF(ISERROR(VLOOKUP($B35,comp1!$A$1:$X$994,G$41,FALSE)),\"-\",VLOOKUP($B35,comp1!$A$1:$X$994,G$41,FALSE))","v":21.739130434782609},{"$f":"IF(ISERROR(VLOOKUP($B35,comp1!$A$1:$X$994,H$41,FALSE)),\"-\",VLOOKUP($B35,comp1!$A$1:$X$994,H$41,FALSE))","v":8.695652173913043},{"$f":"IF(ISERROR(VLOOKUP($B35,comp1!$A$1:$X$994,I$41,FALSE)),\"-\",VLOOKUP($B35,comp1!$A$1:$X$994,I$41,FALSE))","v":17.391304347826086},{"$f":"IF(ISERROR(VLOOKUP($B35,comp1!$A$1:$X$994,J$41,FALSE)),\"-\",VLOOKUP($B35,comp1!$A$1:$X$994,J$41,FALSE))","v":17.391304347826086},{"$f":"IF(ISERROR(VLOOKUP($B35,comp1!$A$1:$X$994,K$41,FALSE)),\"-\",VLOOKUP($B35,comp1!$A$1:$X$994,K$41,FALSE))","v":13.043478260869565},{"$f":"IF(ISERROR(VLOOKUP($B35,comp1!$A$1:$X$994,L$41,FALSE)),\"-\",VLOOKUP($B35,comp1!$A$1:$X$994,L$41,FALSE))","v":8.695652173913043},{"$f":"IF(ISERROR(VLOOKUP($B35,comp1!$A$1:$X$994,M$41,FALSE)),\"-\",VLOOKUP($B35,comp1!$A$1:$X$994,M$41,FALSE))","v":0},{"$f":"IF(ISERROR(VLOOKUP($B35,comp1!$A$1:$X$994,N$41,FALSE)),\"-\",VLOOKUP($B35,comp1!$A$1:$X$994,N$41,FALSE))","v":0},{"$f":"IF(ISERROR(VLOOKUP($B35,comp1!$A$1:$X$994,O$41,FALSE)),\"-\",VLOOKUP($B35,comp1!$A$1:$X$994,O$41,FALSE))","v":0},null,{"$f":"IF(ISERROR(VLOOKUP($B35,'percentage comp'!$A$1:$P$994,15,FALSE)),\"-\",VLOOKUP($B35,'percentage comp'!$A$1:$P$994,15,FALSE))","v":34.782608695652172},{"$f":"IF(ISERROR(VLOOKUP($B35,'percentage comp'!$A$1:$P$994,16,FALSE)),\"-\",VLOOKUP($B35,'percentage comp'!$A$1:$P$994,16,FALSE))","v":78.260869565217391}]
[]
[null,null,"Source: Drug and Alcohol Treatment Waiting Times Database"]
[]
[null,null,"1 indicates there are services within this ADP/Health Board that have been excluded due to data non-compliance for quarter's ending 31st Decemebr 2019. The exclusion may affect the ADP/Health Board's performace for those quarters."]
[]
[null,null,null,13,14,15,16,17,18,19,20,21,22,23,24]
[null,null,"Notes:"]
[null,null,"1. If menu is not active, change macro security settings using Tools, Macro, Security - set security level to Medium and re-open this report."]
[null,null,"Data for previous quarters has been revised.  Data for the most recent quarter is provisional and will be subject to revisions in future publications."]
[]
[]
[null,null,"* Indicates values that have been suppressed due to the potential risk of disclosure and to help maintain client confidentiality."]
[]
[null,null,"Details of compliance"]
[null,null,"Index"]

{"sheet":"comp1","index":2,"n_rows":331,"n_cols":24,"rows_kept":331,"cut":false,"hidden":true,"merged":[]}
["desc","u8","d8to14","d15to21","d22to28","d29to35","d36to42","w7to8wk","w9to12wk","w13to16wk","w17to20wk","w21plus","t1","pc_u8","pc_d8to14","pc_d15to21","pc_d22to28","pc_d29to35","pc_d36to42","pc_w7to8wk","pc_w9to12wk","pc_w13to16wk","pc_w17to20wk","pc_w21plus"]
["A202Pb11",111,17,5,0,0,0,0,0,0,0,0,133,83.458646616541358,12.781954887218044,3.7593984962406015,0,0,0,0,0,0,0,0]
["C203Pb11",31,0,0,0,0,0,0,0,0,0,0,31,100,0,0,0,0,0,0,0,0,0,0]
["G101Pb11",208,0,0,0,0,0,0,0,0,0,0,208,100,0,0,0,0,0,0,0,0,0,0]
["G763Pb11",81,0,0,0,0,0,0,0,0,0,0,81,100,0,0,0,0,0,0,0,0,0,0]
["H202Pb11",28,18,17,2,1,1,1,0,0,0,0,68,41.17647058823529,26.47058823529412,25,2.9411764705882351,1.4705882352941175,1.4705882352941175,1.4705882352941175,0,0,0,0]
["L202Pb11",7,0,0,0,0,0,0,0,0,0,0,7,100,0,0,0,0,0,0,0,0,0,0]
["N401Pb11",56,0,0,0,0,0,0,0,0,0,0,56,100,0,0,0,0,0,0,0,0,0,0]
["S203Pb11",39,48,23,1,0,0,1,3,1,0,0,116,33.620689655172413,41.379310344827587,19.827586206896552,0.86206896551724133,0,0,0.86206896551724133,2.5862068965517242,0.86206896551724133,0,0]
["S400Pb11",20,17,8,4,0,4,1,2,1,0,0,57,35.087719298245609,29.82456140350877,14.035087719298245,7.0175438596491224,0,7.0175438596491224,1.7543859649122806,3.5087719298245612,1.7543859649122806,0,0]
["T101Pb11",4,26,11,1,0,1,1,0,0,0,0,44,9.0909090909090917,59.090909090909093,25,2.2727272727272729,0,2.2727272727272729,2.2727272727272729,0,0,0,0]
["V101Pb11",21,27,10,3,1,1,0,0,0,0,0,63,33.333333333333329,42.857142857142854,15.873015873015872,4.7619047619047619,1.5873015873015872,1.5873015873015872,0,0,0,0,0]
["V202Pb11",21,6,3,0,0,0,0,0,0,0,0,30,70,20,10,0,0,0,0,0,0,0,0]
["V203Pb11",63,29,4,0,0,0,0,0,0,0,0,96,65.625,30.208333333333332,4.1666666666666661,0,0,0,0,0,0,0,0]
["Y101Pb11",24,0,0,0,0,0,0,0,0,0,0,24,100,0,0,0,0,0,0,0,0,0,0]
["A202Pb12",105,9,4,0,0,0,0,0,0,0,0,118,88.983050847457619,7.6271186440677967,3.3898305084745761,0,0,0,0,0,0,0,0]
["C203Pb12",33,6,2,0,0,1,0,0,0,0,0,42,78.571428571428569,14.285714285714285,4.7619047619047619,0,0,2.3809523809523809,0,0,0,0,0]
["G101Pb12",138,0,0,0,0,0,0,0,0,0,0,138,100,0,0,0,0,0,0,0,0,0,0]
["G763Pb12",53,0,0,0,0,0,0,0,0,0,0,53,100,0,0,0,0,0,0,0,0,0,0]
["H202Pb12",57,8,5,2,0,0,0,0,0,0,0,72,79.166666666666657,11.111111111111111,6.9444444444444446,2.7777777777777777,0,0,0,0,0,0,0]
["L202Pb12",5,0,0,0,0,0,0,0,0,0,0,5,100,0,0,0,0,0,0,0,0,0,0]
["N401Pb12",38,0,0,0,0,0,0,0,0,0,0,38,100,0,0,0,0,0,0,0,0,0,0]
["S203Pb12",32,52,30,5,1,2,0,0,0,0,0,122,26.229508196721312,42.622950819672127,24.590163934426229,4.0983606557377046,0.81967213114754101,1.639344262295082,0,0,0,0,0]
["S400Pb12",8,22,14,4,2,1,0,3,0,0,0,54,14.814814814814813,40.74074074074074,25.925925925925924,7.4074074074074066,3.7037037037037033,1.8518518518518516,0,5.5555555555555554,0,0,0]
["T101Pb12",2,1,5,2,4,4,3,2,0,0,0,23,8.695652173913043,4.3478260869565215,21.739130434782609,8.695652173913043,17.391304347826086,17.391304347826086,13.043478260869565,8.695652173913043,0,0,0]
["V101Pb12",19,3,3,6,5,2,2,0,0,0,0,40,47.5,7.5,7.5,15,12.5,5,5,0,0,0,0]
["V202Pb12",28,1,4,0,0,0,0,0,0,0,0,33,84.848484848484844,3.0303030303030303,12.121212121212121,0,0,0,0,0,0,0,0]
["V203Pb12",35,12,3,0,0,0,0,0,0,0,0,50,70,24,6,0,0,0,0,0,0,0,0]
["Y101Pb12",23,0,0,0,0,0,0,0,0,0,0,23,100,0,0,0,0,0,0,0,0,0,0]
["A202Pb21",85,21,19,0,0,0,0,0,0,0,0,125,68,16.8,15.2,0,0,0,0,0,0,0,0]
["C203Pb21",36,8,2,0,0,0,0,0,0,0,0,46,78.260869565217391,17.391304347826086,4.3478260869565215,0,0,0,0,0,0,0,0]
["G101Pb21",197,0,0,0,0,0,0,0,0,0,0,197,100,0,0,0,0,0,0,0,0,0,0]
["G763Pb21",164,0,0,0,0,0,0,0,0,0,0,164,100,0,0,0,0,0,0,0,0,0,0]
["H202Pb21",44,12,14,4,0,0,0,0,0,0,0,74,59.45945945945946,16.216216216216218,18.918918918918919,5.4054054054054053,0,0,0,0,0,0,0]
["L202Pb21",4,0,0,0,0,0,0,0,0,0,0,"*",100,0,0,0,0,0,0,0,0,0,0]
["N401Pb21",75,0,0,0,0,0,0,0,0,0,0,75,100,0,0,0,0,0,0,0,0,0,0]
["S203Pb21",56,32,22,2,0,1,0,0,0,0,0,113,49.557522123893804,28.318584070796462,19.469026548672566,1.7699115044247788,0,0.88495575221238942,0,0,0,0,0]
["S400Pb21",33,66,20,6,7,3,2,0,0,0,0,137,24.087591240875913,48.175182481751825,14.5985401459854,4.3795620437956204,5.1094890510948909,2.1897810218978102,1.4598540145985401,0,0,0,0]
["T101Pb21",6,5,8,26,8,2,0,0,0,0,0,55,10.909090909090908,9.0909090909090917,14.545454545454545,47.272727272727273,14.545454545454545,3.6363636363636362,0,0,0,0,0]
["V101Pb21",22,21,18,2,1,0,2,0,0,0,0,66,33.333333333333329,31.818181818181817,27.27272727272727,3.0303030303030303,1.5151515151515151,0,3.0303030303030303,0,0,0,0]
["V202Pb21",32,9,3,1,0,0,0,0,0,0,0,45,71.111111111111114,20,6.666666666666667,2.2222222222222223,0,0,0,0,0,0,0]
["V203Pb21",74,8,0,0,0,0,0,0,0,0,0,82,90.243902439024396,9.7560975609756095,0,0,0,0,0,0,0,0,0]
["Y101Pb21",21,0,0,0,0,0,0,0,0,0,0,"*",100,0,0,0,0,0,0,0,0,0,0]
["A202Pb31",121,15,14,0,0,0,0,0,0,0,0,150,80.666666666666657,10,9.3333333333333339,0,0,0,0,0,0,0,0]
["C203Pb31",30,10,4,2,0,0,0,0,0,0,0,46,65.217391304347828,21.739130434782609,8.695652173913043,4.3478260869565215,0,0,0,0,0,0,0]
["G101Pb31",10,0,0,0,0,0,0,0,0,0,0,10,100,0,0,0,0,0,0,0,0,0,0]
["G763Pb31",202,0,0,0,0,0,0,0,0,0,0,202,100,0,0,0,0,0,0,0,0,0,0]
["H202Pb31",50,8,7,1,3,0,1,0,0,0,0,70,71.428571428571431,11.428571428571429,10,1.4285714285714286,4.2857142857142856,0,1.4285714285714286,0,0,0,0]
["N401Pb31",128,0,0,0,0,0,0,0,0,0,0,128,100,0,0,0,0,0,0,0,0,0,0]
["S203Pb31",67,27,17,2,3,2,0,1,0,0,0,119,56.30252100840336,22.689075630252102,14.285714285714285,1.680672268907563,2.5210084033613445,1.680672268907563,0,0.84033613445378152,0,0,0]
["S400Pb31",29,43,8,4,0,1,1,0,0,0,0,86,33.720930232558139,50,9.3023255813953494,4.6511627906976747,0,1.1627906976744187,1.1627906976744187,0,0,0,0]
["T101Pb31",4,4,4,22,13,2,2,2,0,0,0,53,7.5471698113207548,7.5471698113207548,7.5471698113207548,41.509433962264154,24.528301886792452,3.7735849056603774,3.7735849056603774,3.7735849056603774,0,0,0]
["V101Pb31",7,10,4,0,0,0,0,0,0,0,0,21,33.333333333333329,47.619047619047613,19.047619047619047,0,0,0,0,0,0,0,0]
["V202Pb31",35,3,0,0,0,0,0,0,0,0,0,38,92.10526315789474,7.8947368421052628,0,0,0,0,0,0,0,0,0]
["V203Pb31",55,10,0,1,0,0,0,0,0,0,0,66,83.333333333333343,15.151515151515152,0,1.5151515151515151,0,0,0,0,0,0,0]
["Y101Pb31",16,0,0,0,0,0,0,0,0,0,0,16,100,0,0,0,0,0,0,0,0,0,0]
["A202Pb41",99,24,4,0,1,0,0,0,0,0,0,128,77.34375,18.75,3.125,0,0.78125,0,0,0,0,0,0]
["C203Pb41",12,8,1,0,0,0,0,0,0,0,0,21,57.142857142857139,38.095238095238095,4.7619047619047619,0,0,0,0,0,0,0,0]
["G101Pb41",106,0,0,0,0,0,0,0,0,0,0,106,100,0,0,0,0,0,0,0,0,0,0]
["G763Pb41",115,0,0,0,0,0,0,0,0,0,0,115,100,0,0,0,0,0,0,0,0,0,0]
["H202Pb41",32,5,8,2,0,0,0,0,0,0,0,47,68.085106382978722,10.638297872340425,17.021276595744681,4.2553191489361701,0,0,0,0,0,0,0]
["L202Pb41",3,0,0,0,0,0,0,0,0,0,0,"*",100,0,0,0,0,0,0,0,0,0,0]
["N401Pb41",108,0,0,0,0,0,0,0,0,0,0,108,100,0,0,0,0,0,0,0,0,0,0]
["S203Pb41",37,39,21,7,1,0,1,0,1,0,0,107,34.579439252336449,36.44859813084112,19.626168224299064,6.5420560747663545,0.93457943925233633,0,0.93457943925233633,0,0.93457943925233633,0,0]
["S400Pb41",20,43,23,11,2,2,1,0,0,1,0,103,19.417475728155338,41.747572815533978,22.330097087378643,10.679611650485436,1.9417475728155338,1.9417475728155338,0.97087378640776689,0,0,0.97087378640776689,0]
["T101Pb41",2,9,12,12,11,4,1,1,0,0,0,52,3.8461538461538463,17.307692307692307,23.076923076923077,23.076923076923077,21.153846153846153,7.6923076923076925,1.9230769230769231,1.9230769230769231,0,0,0]
["V101Pb41",14,6,8,4,5,2,5,0,0,0,0,44,31.818181818181817,13.636363636363635,18.181818181818183,9.0909090909090917,11.363636363636363,4.5454545454545459,11.363636363636363,0,0,0,0]
["V202Pb41",39,6,1,0,1,0,0,0,0,0,0,47,82.978723404255319,12.76595744680851,2.1276595744680851,0,2.1276595744680851,0,0,0,0,0,0]
["V203Pb41",33,10,4,2,0,0,0,0,0,0,0,49,67.346938775510196,20.408163265306122,8.1632653061224492,4.0816326530612246,0,0,0,0,0,0,0]
["Y101Pb41",24,0,0,0,0,0,0,0,0,0,0,"*",100,0,0,0,0,0,0,0,0,0,0]
["A202Pd11",109,16,5,0,0,0,0,0,0,0,0,"*",83.846153846153854,12.307692307692308,3.8461538461538463,0,0,0,0,0,0,0,0]
["C203Pd11",16,0,0,0,0,0,0,0,0,0,0,16,100,0,0,0,0,0,0,0,0,0,0]
["G101Pd11",208,0,0,0,0,0,0,0,0,0,0,208,100,0,0,0,0,0,0,0,0,0,0]
["G763Pd11",51,0,0,0,0,0,0,0,0,0,0,51,100,0,0,0,0,0,0,0,0,0,0]
["H202Pd11",28,16,11,2,1,0,1,0,0,0,0,59,47.457627118644069,27.118644067796609,18.64406779661017,3.3898305084745761,1.6949152542372881,0,1.6949152542372881,0,0,0,0]
["L202Pd11",7,0,0,0,0,0,0,0,0,0,0,7,100,0,0,0,0,0,0,0,0,0,0]
["N401Pd11",55,0,0,0,0,0,0,0,0,0,0,"*",100,0,0,0,0,0,0,0,0,0,0]
["S203Pd11",21,28,12,0,0,0,1,3,1,0,0,"*",31.818181818181817,42.424242424242422,18.181818181818183,0,0,0,1.5151515151515151,4.5454545454545459,1.5151515151515151,0,0]
["S400Pd11",20,17,7,4,0,3,1,2,1,0,0,"*",36.363636363636367,30.909090909090907,12.727272727272727,7.2727272727272725,0,5.4545454545454541,1.8181818181818181,3.6363636363636362,1.8181818181818181,0,0]
["T101Pd11",4,26,11,1,0,1,1,0,0,0,0,44,9.0909090909090917,59.090909090909093,25,2.2727272727272729,0,2.2727272727272729,2.2727272727272729,0,0,0,0]
["V101Pd11",18,27,10,3,1,0,0,0,0,0,0,"*",30.508474576271187,45.762711864406782,16.949152542372879,5.0847457627118651,1.6949152542372881,0,0,0,0,0,0]
["V202Pd11",21,6,3,0,0,0,0,0,0,0,0,"*",70,20,10,0,0,0,0,0,0,0,0]
["V203Pd11",59,20,3,0,0,0,0,0,0,0,0,"*",71.951219512195124,24.390243902439025,3.6585365853658534,0,0,0,0,0,0,0,0]
["Y101Pd11",15,0,0,0,0,0,0,0,0,0,0,15,100,0,0,0,0,0,0,0,0,0,0]
["A202Pd12",103,9,4,0,0,0,0,0,0,0,0,"*",88.793103448275872,7.7586206896551726,3.4482758620689653,0,0,0,0,0,0,0,0]
["C203Pd12",31,5,1,0,0,1,0,0,0,0,0,"*",81.578947368421055,13.157894736842104,2.6315789473684208,0,0,2.6315789473684208,0,0,0,0,0]
["G101Pd12",138,0,0,0,0,0,0,0,0,0,0,138,100,0,0,0,0,0,0,0,0,0,0]
["G763Pd12","*",0,0,0,0,0,0,0,0,0,0,"*",100,0,0,0,0,0,0,0,0,0,0]
["H202Pd12",49,4,5,2,0,0,0,0,0,0,0,60,81.666666666666671,6.666666666666667,8.3333333333333321,3.3333333333333335,0,0,0,0,0,0,0]
["L202Pd12",5,0,0,0,0,0,0,0,0,0,0,5,100,0,0,0,0,0,0,0,0,0,0]
["N401Pd12",31,0,0,0,0,0,0,0,0,0,0,31,100,0,0,0,0,0,0,0,0,0,0]
["S203Pd12",25,36,21,5,1,2,0,0,0,0,0,90,27.777777777777779,40,23.333333333333332,5.5555555555555554,1.1111111111111112,2.2222222222222223,0,0,0,0,0]
["S400Pd12",8,22,14,4,2,1,0,3,0,0,0,54,14.814814814814813,40.74074074074074,25.925925925925924,7.4074074074074066,3.7037037037037033,1.8518518518518516,0,5.5555555555555554,0,0,0]
["T101Pd12",2,1,5,2,4,4,3,2,0,0,0,23,8.695652173913043,4.3478260869565215,21.739130434782609,8.695652173913043,17.391304347826086,17.391304347826086,13.043478260869565,8.695652173913043,0,0,0]
["V101Pd12",15,2,3,6,4,1,2,0,0,0,0,33,45.454545454545453,6.0606060606060606,9.0909090909090917,18.181818181818183,12.121212121212121,3.0303030303030303,6.0606060606060606,0,0,0,0]
["V202Pd12",25,1,3,0,0,0,0,0,0,0,0,"*",86.206896551724128,3.4482758620689653,10.344827586206897,0,0,0,0,0,0,0,0]
["V203Pd12",34,12,3,0,0,0,0,0,0,0,0,"*",69.387755102040813,24.489795918367346,6.1224489795918364,0,0,0,0,0,0,0,0]
["Y101Pd12",14,0,0,0,0,0,0,0,0,0,0,14,100,0,0,0,0,0,0,0,0,0,0]
["A202Pd21",85,21,17,0,0,0,0,0,0,0,0,"*",69.105691056910572,17.073170731707318,13.821138211382115,0,0,0,0,0,0,0,0]
["C203Pd21",33,6,2,0,0,0,0,0,0,0,0,41,80.487804878048792,14.634146341463413,4.8780487804878048,0,0,0,0,0,0,0,0]
["G101Pd21",197,0,0,0,0,0,0,0,0,0,0,197,100,0,0,0,0,0,0,0,0,0,0]
["G763Pd21",99,0,0,0,0,0,0,0,0,0,0,99,100,0,0,0,0,0,0,0,0,0,0]
["H202Pd21",42,7,10,3,0,0,0,0,0,0,0,62,67.741935483870961,11.29032258064516,16.129032258064516,4.838709677419355,0,0,0,0,0,0,0]
["L202Pd21",4,0,0,0,0,0,0,0,0,0,0,"*",100,0,0,0,0,0,0,0,0,0,0]
["N401Pd21",74,0,0,0,0,0,0,0,0,0,0,"*",100,0,0,0,0,0,0,0,0,0,0]
["S203Pd21",27,22,16,0,0,0,0,0,0,0,0,"*",41.53846153846154,33.846153846153847,24.615384615384617,0,0,0,0,0,0,0,0]
["S400Pd21",31,66,20,6,7,2,2,0,0,0,0,"*",23.134328358208954,49.253731343283583,14.925373134328357,4.4776119402985071,5.2238805970149249,1.4925373134328357,1.4925373134328357,0,0,0,0]
["T101Pd21",6,5,8,26,8,2,0,0,0,0,0,55,10.909090909090908,9.0909090909090917,14.545454545454545,47.272727272727273,14.545454545454545,3.6363636363636362,0,0,0,0,0]
["V101Pd21",21,15,15,2,0,0,2,0,0,0,0,55,38.181818181818187,27.27272727272727,27.27272727272727,3.6363636363636362,0,0,3.6363636363636362,0,0,0,0]
["V202Pd21",27,7,3,1,0,0,0,0,0,0,0,"*",71.05263157894737,18.421052631578945,7.8947368421052628,2.6315789473684208,0,0,0,0,0,0,0]
["V203Pd21",73,8,0,0,0,0,0,0,0,0,0,"*",90.123456790123456,9.8765432098765427,0,0,0,0,0,0,0,0,0]
["Y101Pd21",13,0,0,0,0,0,0,0,0,0,0,"*",100,0,0,0,0,0,0,0,0,0,0]
["A202Pd31",120,12,13,0,0,0,0,0,0,0,0,145,82.758620689655174,8.2758620689655178,8.9655172413793096,0,0,0,0,0,0,0,0]
["C203Pd31",28,9,4,1,0,0,0,0,0,0,0,"*",66.666666666666657,21.428571428571427,9.5238095238095237,2.3809523809523809,0,0,0,0,0,0,0]
["G101Pd31",10,0,0,0,0,0,0,0,0,0,0,10,100,0,0,0,0,0,0,0,0,0,0]
["G763Pd31",121,0,0,0,0,0,0,0,0,0,0,"*",100,0,0,0,0,0,0,0,0,0,0]
["H202Pd31",40,6,5,1,2,0,1,0,0,0,0,55,72.727272727272734,10.909090909090908,9.0909090909090917,1.8181818181818181,3.6363636363636362,0,1.8181818181818181,0,0,0,0]
["N401Pd31",116,0,0,0,0,0,0,0,0,0,0,116,100,0,0,0,0,0,0,0,0,0,0]
["S203Pd31",33,20,8,2,3,2,0,1,0,0,0,"*",47.826086956521742,28.985507246376812,11.594202898550725,2.8985507246376812,4.3478260869565215,2.8985507246376812,0,1.4492753623188406,0,0,0]
["S400Pd31",29,43,7,4,0,0,1,0,0,0,0,"*",34.523809523809526,51.19047619047619,8.3333333333333321,4.7619047619047619,0,0,1.1904761904761905,0,0,0,0]
["T101Pd31",4,4,4,22,13,2,2,2,0,0,0,53,7.5471698113207548,7.5471698113207548,7.5471698113207548,41.509433962264154,24.528301886792452,3.7735849056603774,3.7735849056603774,3.7735849056603774,0,0,0]
["V101Pd31",7,10,4,0,0,0,0,0,0,0,0,21,33.333333333333329,47.619047619047613,19.047619047619047,0,0,0,0,0,0,0,0]
["V202Pd31",33,3,0,0,0,0,0,0,0,0,0,"*",91.666666666666657,8.3333333333333321,0,0,0,0,0,0,0,0,0]
["V203Pd31",54,7,0,1,0,0,0,0,0,0,0,"*",87.096774193548384,11.29032258064516,0,1.6129032258064515,0,0,0,0,0,0,0]
["Y101Pd31",12,0,0,0,0,0,0,0,0,0,0,"*",100,0,0,0,0,0,0,0,0,0,0]
["A202Pd41",99,23,4,0,1,0,0,0,0,0,0,"*",77.952755905511808,18.110236220472441,3.1496062992125982,0,0.78740157480314954,0,0,0,0,0,0]
["C203Pd41",11,6,0,0,0,0,0,0,0,0,0,"*",64.705882352941174,35.294117647058826,0,0,0,0,0,0,0,0,0]
["G101Pd41",106,0,0,0,0,0,0,0,0,0,0,106,100,0,0,0,0,0,0,0,0,0,0]
["G763Pd41",75,0,0,0,0,0,0,0,0,0,0,"*",100,0,0,0,0,0,0,0,0,0,0]
["H202Pd41",29,4,7,2,0,0,0,0,0,0,0,42,69.047619047619051,9.5238095238095237,16.666666666666664,4.7619047619047619,0,0,0,0,0,0,0]
["L202Pd41",3,0,0,0,0,0,0,0,0,0,0,"*",100,0,0,0,0,0,0,0,0,0,0]
["N401Pd41",79,0,0,0,0,0,0,0,0,0,0,79,100,0,0,0,0,0,0,0,0,0,0]
["S203Pd41",25,32,14,5,1,0,1,0,1,0,0,"*",31.645569620253166,40.506329113924053,17.721518987341771,6.3291139240506329,1.2658227848101267,0,1.2658227848101267,0,1.2658227848101267,0,0]
["S400Pd41",19,43,23,9,1,2,1,0,0,1,0,"*",19.19191919191919,43.43434343434344,23.232323232323232,9.0909090909090917,1.0101010101010102,2.0202020202020203,1.0101010101010102,0,0,1.0101010101010102,0]
["T101Pd41",2,9,12,11,11,4,1,1,0,0,0,"*",3.9215686274509802,17.647058823529413,23.52941176470588,21.568627450980394,21.568627450980394,7.8431372549019605,1.9607843137254901,1.9607843137254901,0,0,0]
["V101Pd41",13,5,7,4,4,2,4,0,0,0,0,"*",33.333333333333329,12.820512820512819,17.948717948717949,10.256410256410255,10.256410256410255,5.1282051282051277,10.256410256410255,0,0,0,0]
["V202Pd41",32,6,1,0,1,0,0,0,0,0,0,40,80,15,2.5,0,2.5,0,0,0,0,0,0]
["V203Pd41",32,8,4,2,0,0,0,0,0,0,0,"*",69.565217391304344,17.391304347826086,8.695652173913043,4.3478260869565215,0,0,0,0,0,0,0]
["Y101Pd41",14,0,0,0,0,0,0,0,0,0,0,"*",100,0,0,0,0,0,0,0,0,0,0]
["A202Pa11",2,1,0,0,0,0,0,0,0,0,0,"*",66.666666666666657,33.333333333333329,0,0,0,0,0,0,0,0,0]
["C203Pa11",15,0,0,0,0,0,0,0,0,0,0,15,100,0,0,0,0,0,0,0,0,0,0]
["G763Pa11",30,0,0,0,0,0,0,0,0,0,0,30,100,0,0,0,0,0,0,0,0,0,0]
["H202Pa11",0,2,6,0,0,1,0,0,0,0,0,9,0,22.222222222222221,66.666666666666657,0,0,11.111111111111111,0,0,0,0,0]
["N401Pa11",1,0,0,0,0,0,0,0,0,0,0,"*",100,0,0,0,0,0,0,0,0,0,0]
["S203Pa11",18,20,11,1,0,0,0,0,0,0,0,"*",36,40,22,2,0,0,0,0,0,0,0]
["S400Pa11",0,0,1,0,0,1,0,0,0,0,0,"*",0,0,50,0,0,50,0,0,0,0,0]
["V101Pa11",3,0,0,0,0,1,0,0,0,0,0,"*",75,0,0,0,0,25,0,0,0,0,0]
["V203Pa11",4,9,1,0,0,0,0,0,0,0,0,"*",28.571428571428569,64.285714285714292,7.1428571428571423,0,0,0,0,0,0,0,0]
["Y101Pa11",9,0,0,0,0,0,0,0,0,0,0,9,100,0,0,0,0,0,0,0,0,0,0]
["A202Pa12",2,0,0,0,0,0,0,0,0,0,0,"*",100,0,0,0,0,0,0,0,0,0,0]
["C203Pa12",2,1,1,0,0,0,0,0,0,0,0,"*",50,25,25,0,0,0,0,0,0,0,0]
["G763Pa12","*",0,0,0,0,0,0,0,0,0,0,"*",100,0,0,0,0,0,0,0,0,0,0]
["H202Pa12",8,4,0,0,0,0,0,0,0,0,0,12,66.666666666666657,33.333333333333329,0,0,0,0,0,0,0,0,0]
["N401Pa12",7,0,0,0,0,0,0,0,0,0,0,7,100,0,0,0,0,0,0,0,0,0,0]
["S203Pa12",7,16,9,0,0,0,0,0,0,0,0,32,21.875,50,28.125,0,0,0,0,0,0,0,0]
["V101Pa12",4,1,0,0,1,1,0,0,0,0,0,7,57.142857142857139,14.285714285714285,0,0,14.285714285714285,14.285714285714285,0,0,0,0,0]
["V202Pa12",3,0,1,0,0,0,0,0,0,0,0,"*",75,0,25,0,0,0,0,0,0,0,0]
["V203Pa12",1,0,0,0,0,0,0,0,0,0,0,"*",100,0,0,0,0,0,0,0,0,0,0]
["Y101Pa12",9,0,0,0,0,0,0,0,0,0,0,9,100,0,0,0,0,0,0,0,0,0,0]
["A202Pa21",0,0,2,0,0,0,0,0,0,0,0,"*",0,0,100,0,0,0,0,0,0,0,0]
["C203Pa21",3,2,0,0,0,0,0,0,0,0,0,5,60,40,0,0,0,0,0,0,0,0,0]
["G763Pa21",65,0,0,0,0,0,0,0,0,0,0,65,100,0,0,0,0,0,0,0,0,0,0]
["H202Pa21",2,5,4,1,0,0,0,0,0,0,0,12,16.666666666666664,41.666666666666671,33.333333333333329,8.3333333333333321,0,0,0,0,0,0,0]
["N401Pa21",1,0,0,0,0,0,0,0,0,0,0,"*",100,0,0,0,0,0,0,0,0,0,0]
["S203Pa21",29,10,6,2,0,1,0,0,0,0,0,"*",60.416666666666664,20.833333333333336,12.5,4.1666666666666661,0,2.083333333333333,0,0,0,0,0]
["S400Pa21",2,0,0,0,0,1,0,0,0,0,0,"*",66.666666666666657,0,0,0,0,33.333333333333329,0,0,0,0,0]
["V101Pa21",1,6,3,0,1,0,0,0,0,0,0,11,9.0909090909090917,54.54545454545454,27.27272727272727,0,9.0909090909090917,0,0,0,0,0,0]
["V202Pa21",5,2,0,0,0,0,0,0,0,0,0,"*",71.428571428571431,28.571428571428569,0,0,0,0,0,0,0,0,0]
["V203Pa21",1,0,0,0,0,0,0,0,0,0,0,"*",100,0,0,0,0,0,0,0,0,0,0]
["Y101Pa21",8,0,0,0,0,0,0,0,0,0,0,"*",100,0,0,0,0,0,0,0,0,0,0]
["A202Pa31",1,3,1,0,0,0,0,0,0,0,0,5,20,60,20,0,0,0,0,0,0,0,0]
["C203Pa31",2,1,0,1,0,0,0,0,0,0,0,"*",50,25,0,25,0,0,0,0,0,0,0]
["G763Pa31",81,0,0,0,0,0,0,0,0,0,0,"*",100,0,0,0,0,0,0,0,0,0,0]
["H202Pa31",10,2,2,0,1,0,0,0,0,0,0,15,66.666666666666657,13.333333333333334,13.333333333333334,0,6.666666666666667,0,0,0,0,0,0]
["N401Pa31",12,0,0,0,0,0,0,0,0,0,0,12,100,0,0,0,0,0,0,0,0,0,0]
["S203Pa31",34,7,9,0,0,0,0,0,0,0,0,"*",68,14.000000000000002,18,0,0,0,0,0,0,0,0]
["S400Pa31",0,0,1,0,0,1,0,0,0,0,0,"*",0,0,50,0,0,50,0,0,0,0,0]
["V202Pa31",2,0,0,0,0,0,0,0,0,0,0,"*",100,0,0,0,0,0,0,0,0,0,0]
["V203Pa31",1,3,0,0,0,0,0,0,0,0,0,"*",25,75,0,0,0,0,0,0,0,0,0]
["Y101Pa31",4,0,0,0,0,0,0,0,0,0,0,"*",100,0,0,0,0,0,0,0,0,0,0]
["A202Pa41",0,1,0,0,0,0,0,0,0,0,0,"*",0,100,0,0,0,0,0,0,0,0,0]
["C203Pa41",1,2,1,0,0,0,0,0,0,0,0,"*",25,50,25,0,0,0,0,0,0,0,0]
["G763Pa41",40,0,0,0,0,0,0,0,0,0,0,"*",100,0,0,0,0,0,0,0,0,0,0]
["H202Pa41",3,1,1,0,0,0,0,0,0,0,0,5,60,20,20,0,0,0,0,0,0,0,0]
["N401Pa41",29,0,0,0,0,0,0,0,0,0,0,29,100,0,0,0,0,0,0,0,0,0,0]
["S203Pa41",12,7,7,2,0,0,0,0,0,0,0,"*",42.857142857142854,25,25,7.1428571428571423,0,0,0,0,0,0,0]
["S400Pa41",1,0,0,2,1,0,0,0,0,0,0,"*",25,0,0,50,25,0,0,0,0,0,0]
["T101Pa41",0,0,0,1,0,0,0,0,0,0,0,"*",0,0,0,100,0,0,0,0,0,0,0]
["V101Pa41",1,1,1,0,1,0,1,0,0,0,0,"*",20,20,20,0,20,0,20,0,0,0,0]
["V202Pa41",7,0,0,0,0,0,0,0,0,0,0,7,100,0,0,0,0,0,0,0,0,0,0]
["V203Pa41",1,2,0,0,0,0,0,0,0,0,0,"*",33.333333333333329,66.666666666666657,0,0,0,0,0,0,0,0,0]
["Y101Pa41",10,0,0,0,0,0,0,0,0,0,0,"*",100,0,0,0,0,0,0,0,0,0,0]
["202b11",111,17,5,0,0,0,0,0,0,0,0,133,83.458646616541358,12.781954887218044,3.7593984962406015,0,0,0,0,0,0,0,0]
["204b11",24,0,0,0,0,0,0,0,0,0,0,24,100,0,0,0,0,0,0,0,0,0,0]
["206b11",105,62,17,3,1,1,0,0,0,0,0,189,55.555555555555557,32.804232804232804,8.9947089947089935,1.5873015873015872,0.52910052910052907,0.52910052910052907,0,0,0,0,0]
["207b11",56,0,0,0,0,0,0,0,0,0,0,56,100,0,0,0,0,0,0,0,0,0,0]
["209b11",28,18,17,2,1,1,1,0,0,0,0,68,41.17647058823529,26.47058823529412,25,2.9411764705882351,1.4705882352941175,1.4705882352941175,1.4705882352941175,0,0,0,0]
["210b11",7,0,0,0,0,0,0,0,0,0,0,7,100,0,0,0,0,0,0,0,0,0,0]
["211b11",59,65,31,5,0,4,2,5,2,0,0,173,34.104046242774565,37.572254335260112,17.919075144508671,2.8901734104046244,0,2.3121387283236992,1.1560693641618496,2.8901734104046244,1.1560693641618496,0,0]
["214b11",4,26,11,1,0,1,1,0,0,0,0,44,9.0909090909090917,59.090909090909093,25,2.2727272727272729,0,2.2727272727272729,2.2727272727272729,0,0,0,0]
["218b11",320,0,0,0,0,0,0,0,0,0,0,320,100,0,0,0,0,0,0,0,0,0,0]
["202b12",105,9,4,0,0,0,0,0,0,0,0,118,88.983050847457619,7.6271186440677967,3.3898305084745761,0,0,0,0,0,0,0,0]
["204b12",23,0,0,0,0,0,0,0,0,0,0,23,100,0,0,0,0,0,0,0,0,0,0]
["206b12",82,16,10,6,5,2,2,0,0,0,0,123,66.666666666666657,13.008130081300814,8.1300813008130071,4.8780487804878048,4.0650406504065035,1.6260162601626018,1.6260162601626018,0,0,0,0]
["207b12",38,0,0,0,0,0,0,0,0,0,0,38,100,0,0,0,0,0,0,0,0,0,0]
["209b12",57,8,5,2,0,0,0,0,0,0,0,72,79.166666666666657,11.111111111111111,6.9444444444444446,2.7777777777777777,0,0,0,0,0,0,0]
["210b12",5,0,0,0,0,0,0,0,0,0,0,5,100,0,0,0,0,0,0,0,0,0,0]
["211b12",40,74,44,9,3,3,0,3,0,0,0,176,22.727272727272727,42.045454545454547,25,5.1136363636363642,1.7045454545454544,1.7045454545454544,0,1.7045454545454544,0,0,0]
["214b12",2,1,5,2,4,4,3,2,0,0,0,23,8.695652173913043,4.3478260869565215,21.739130434782609,8.695652173913043,17.391304347826086,17.391304347826086,13.043478260869565,8.695652173913043,0,0,0]
["218b12",224,6,2,0,0,1,0,0,0,0,0,233,96.137339055793987,2.5751072961373391,0.85836909871244638,0,0,0.42918454935622319,0,0,0,0,0]
["202b21",85,21,19,0,0,0,0,0,0,0,0,125,68,16.8,15.2,0,0,0,0,0,0,0,0]
["204b21",21,0,0,0,0,0,0,0,0,0,0,"*",100,0,0,0,0,0,0,0,0,0,0]
["206b21",128,38,21,3,1,0,2,0,0,0,0,193,66.32124352331607,19.689119170984455,10.880829015544041,1.5544041450777202,0.5181347150259068,0,1.0362694300518136,0,0,0,0]
["207b21",75,0,0,0,0,0,0,0,0,0,0,75,100,0,0,0,0,0,0,0,0,0,0]
["209b21",44,12,14,4,0,0,0,0,0,0,0,74,59.45945945945946,16.216216216216218,18.918918918918919,5.4054054054054053,0,0,0,0,0,0,0]
["210b21",4,0,0,0,0,0,0,0,0,0,0,"*",100,0,0,0,0,0,0,0,0,0,0]
["211b21",89,98,42,8,7,4,2,0,0,0,0,250,35.6,39.200000000000003,16.8,3.2,2.8000000000000003,1.6,0.8,0,0,0,0]
["214b21",6,5,8,26,8,2,0,0,0,0,0,55,10.909090909090908,9.0909090909090917,14.545454545454545,47.272727272727273,14.545454545454545,3.6363636363636362,0,0,0,0,0]
["218b21",397,8,2,0,0,0,0,0,0,0,0,407,97.54299754299754,1.9656019656019657,0.49140049140049141,0,0,0,0,0,0,0,0]
["202b31",121,15,14,0,0,0,0,0,0,0,0,150,80.666666666666657,10,9.3333333333333339,0,0,0,0,0,0,0,0]
["204b31",16,0,0,0,0,0,0,0,0,0,0,16,100,0,0,0,0,0,0,0,0,0,0]
["206b31",97,23,4,1,0,0,0,0,0,0,0,125,77.600000000000009,18.399999999999999,3.2,0.8,0,0,0,0,0,0,0]
["207b31",128,0,0,0,0,0,0,0,0,0,0,128,100,0,0,0,0,0,0,0,0,0,0]
["209b31",50,8,7,1,3,0,1,0,0,0,0,70,71.428571428571431,11.428571428571429,10,1.4285714285714286,4.2857142857142856,0,1.4285714285714286,0,0,0,0]
["211b31",96,70,25,6,3,3,1,1,0,0,0,205,46.829268292682933,34.146341463414636,12.195121951219512,2.9268292682926833,1.4634146341463417,1.4634146341463417,0.48780487804878048,0.48780487804878048,0,0,0]
["214b31",4,4,4,22,13,2,2,2,0,0,0,53,7.5471698113207548,7.5471698113207548,7.5471698113207548,41.509433962264154,24.528301886792452,3.7735849056603774,3.7735849056603774,3.7735849056603774,0,0,0]
["218b31",242,10,4,2,0,0,0,0,0,0,0,258,93.798449612403104,3.8759689922480618,1.5503875968992249,0.77519379844961245,0,0,0,0,0,0,0]
["202b41",99,24,4,0,1,0,0,0,0,0,0,128,77.34375,18.75,3.125,0,0.78125,0,0,0,0,0,0]
["204b41",24,0,0,0,0,0,0,0,0,0,0,"*",100,0,0,0,0,0,0,0,0,0,0]
["206b41",86,22,13,6,6,2,5,0,0,0,0,140,61.428571428571431,15.714285714285714,9.2857142857142865,4.2857142857142856,4.2857142857142856,1.4285714285714286,3.5714285714285712,0,0,0,0]
["207b41",108,0,0,0,0,0,0,0,0,0,0,108,100,0,0,0,0,0,0,0,0,0,0]
["209b41",32,5,8,2,0,0,0,0,0,0,0,47,68.085106382978722,10.638297872340425,17.021276595744681,4.2553191489361701,0,0,0,0,0,0,0]
["210b41",3,0,0,0,0,0,0,0,0,0,0,"*",100,0,0,0,0,0,0,0,0,0,0]
["211b41",57,82,44,18,3,2,2,0,1,1,0,210,27.142857142857142,39.047619047619051,20.952380952380953,8.5714285714285712,1.4285714285714286,0.95238095238095244,0.95238095238095244,0,0.47619047619047622,0.47619047619047622,0]
["214b41",2,9,12,12,11,4,1,1,0,0,0,52,3.8461538461538463,17.307692307692307,23.076923076923077,23.076923076923077,21.153846153846153,7.6923076923076925,1.9230769230769231,1.9230769230769231,0,0,0]
["218b41",233,8,1,0,0,0,0,0,0,0,0,242,96.280991735537185,3.3057851239669422,0.41322314049586778,0,0,0,0,0,0,0,0]
["202d11",109,16,5,0,0,0,0,0,0,0,0,"*",83.846153846153854,12.307692307692308,3.8461538461538463,0,0,0,0,0,0,0,0]
["204d11",15,0,0,0,0,0,0,0,0,0,0,15,100,0,0,0,0,0,0,0,0,0,0]
["206d11",98,53,16,3,1,0,0,0,0,0,0,171,57.309941520467831,30.994152046783626,9.3567251461988299,1.7543859649122806,0.58479532163742687,0,0,0,0,0,0]
["207d11",55,0,0,0,0,0,0,0,0,0,0,"*",100,0,0,0,0,0,0,0,0,0,0]
["209d11",28,16,11,2,1,0,1,0,0,0,0,59,47.457627118644069,27.118644067796609,18.64406779661017,3.3898305084745761,1.6949152542372881,0,1.6949152542372881,0,0,0,0]
["210d11",7,0,0,0,0,0,0,0,0,0,0,7,100,0,0,0,0,0,0,0,0,0,0]
["211d11",41,45,19,4,0,3,2,5,2,0,0,121,33.884297520661157,37.190082644628099,15.702479338842975,3.3057851239669422,0,2.4793388429752068,1.6528925619834711,4.1322314049586781,1.6528925619834711,0,0]
["214d11",4,26,11,1,0,1,1,0,0,0,0,44,9.0909090909090917,59.090909090909093,25,2.2727272727272729,0,2.2727272727272729,2.2727272727272729,0,0,0,0]
["218d11",275,0,0,0,0,0,0,0,0,0,0,275,100,0,0,0,0,0,0,0,0,0,0]
["202d12",103,9,4,0,0,0,0,0,0,0,0,"*",88.793103448275872,7.7586206896551726,3.4482758620689653,0,0,0,0,0,0,0,0]
["204d12",14,0,0,0,0,0,0,0,0,0,0,14,100,0,0,0,0,0,0,0,0,0,0]
["206d12",74,15,9,6,4,1,2,0,0,0,0,111,66.666666666666657,13.513513513513514,8.1081081081081088,5.4054054054054053,3.6036036036036037,0.90090090090090091,1.8018018018018018,0,0,0,0]
["207d12",31,0,0,0,0,0,0,0,0,0,0,31,100,0,0,0,0,0,0,0,0,0,0]
["209d12",49,4,5,2,0,0,0,0,0,0,0,60,81.666666666666671,6.666666666666667,8.3333333333333321,3.3333333333333335,0,0,0,0,0,0,0]
["210d12",5,0,0,0,0,0,0,0,0,0,0,5,100,0,0,0,0,0,0,0,0,0,0]
["211d12",33,58,35,9,3,3,0,3,0,0,0,144,22.916666666666664,40.277777777777779,24.305555555555554,6.25,2.083333333333333,2.083333333333333,0,2.083333333333333,0,0,0]
["214d12",2,1,5,2,4,4,3,2,0,0,0,23,8.695652173913043,4.3478260869565215,21.739130434782609,8.695652173913043,17.391304347826086,17.391304347826086,13.043478260869565,8.695652173913043,0,0,0]
["218d12",210,5,1,0,0,1,0,0,0,0,0,217,96.774193548387103,2.3041474654377883,0.46082949308755761,0,0,0.46082949308755761,0,0,0,0,0]
["202d21",85,21,17,0,0,0,0,0,0,0,0,"*",69.105691056910572,17.073170731707318,13.821138211382115,0,0,0,0,0,0,0,0]
["204d21",13,0,0,0,0,0,0,0,0,0,0,"*",100,0,0,0,0,0,0,0,0,0,0]
["206d21",121,30,18,3,0,0,2,0,0,0,0,174,69.540229885057471,17.241379310344829,10.344827586206897,1.7241379310344827,0,0,1.1494252873563218,0,0,0,0]
["207d21",74,0,0,0,0,0,0,0,0,0,0,"*",100,0,0,0,0,0,0,0,0,0,0]
["209d21",42,7,10,3,0,0,0,0,0,0,0,62,67.741935483870961,11.29032258064516,16.129032258064516,4.838709677419355,0,0,0,0,0,0,0]
["210d21",4,0,0,0,0,0,0,0,0,0,0,"*",100,0,0,0,0,0,0,0,0,0,0]
["211d21",58,88,36,6,7,2,2,0,0,0,0,199,29.145728643216078,44.221105527638194,18.090452261306535,3.0150753768844218,3.5175879396984926,1.0050251256281406,1.0050251256281406,0,0,0,0]
["214d21",6,5,8,26,8,2,0,0,0,0,0,55,10.909090909090908,9.0909090909090917,14.545454545454545,47.272727272727273,14.545454545454545,3.6363636363636362,0,0,0,0,0]
["218d21",329,6,2,0,0,0,0,0,0,0,0,337,97.626112759643917,1.7804154302670623,0.59347181008902083,0,0,0,0,0,0,0,0]
["202d31",120,12,13,0,0,0,0,0,0,0,0,145,82.758620689655174,8.2758620689655178,8.9655172413793096,0,0,0,0,0,0,0,0]
["204d31",12,0,0,0,0,0,0,0,0,0,0,"*",100,0,0,0,0,0,0,0,0,0,0]
["206d31",94,20,4,1,0,0,0,0,0,0,0,119,78.991596638655466,16.806722689075631,3.3613445378151261,0.84033613445378152,0,0,0,0,0,0,0]
["207d31",116,0,0,0,0,0,0,0,0,0,0,116,100,0,0,0,0,0,0,0,0,0,0]
["209d31",40,6,5,1,2,0,1,0,0,0,0,55,72.727272727272734,10.909090909090908,9.0909090909090917,1.8181818181818181,3.6363636363636362,0,1.8181818181818181,0,0,0,0]
["211d31",62,63,15,6,3,2,1,1,0,0,0,153,40.522875816993462,41.17647058823529,9.8039215686274517,3.9215686274509802,1.9607843137254901,1.3071895424836601,0.65359477124183007,0.65359477124183007,0,0,0]
["214d31",4,4,4,22,13,2,2,2,0,0,0,53,7.5471698113207548,7.5471698113207548,7.5471698113207548,41.509433962264154,24.528301886792452,3.7735849056603774,3.7735849056603774,3.7735849056603774,0,0,0]
["218d31",159,9,4,1,0,0,0,0,0,0,0,173,91.907514450867055,5.202312138728324,2.3121387283236992,0.57803468208092479,0,0,0,0,0,0,0]
["202d41",99,23,4,0,1,0,0,0,0,0,0,"*",77.952755905511808,18.110236220472441,3.1496062992125982,0,0.78740157480314954,0,0,0,0,0,0]
["204d41",14,0,0,0,0,0,0,0,0,0,0,14,100,0,0,0,0,0,0,0,0,0,0]
["206d41",77,19,12,6,5,2,4,0,0,0,0,125,61.6,15.2,9.6,4.8,4,1.6,3.2,0,0,0,0]
["207d41",79,0,0,0,0,0,0,0,0,0,0,79,100,0,0,0,0,0,0,0,0,0,0]
["209d41",29,4,7,2,0,0,0,0,0,0,0,42,69.047619047619051,9.5238095238095237,16.666666666666664,4.7619047619047619,0,0,0,0,0,0,0]
["210d41",3,0,0,0,0,0,0,0,0,0,0,"*",100,0,0,0,0,0,0,0,0,0,0]
["211d41",44,75,37,14,2,2,2,0,1,1,0,178,24.719101123595504,42.134831460674157,20.786516853932586,7.8651685393258424,1.1235955056179776,1.1235955056179776,1.1235955056179776,0,0.5617977528089888,0.5617977528089888,0]
["214d41",2,9,12,11,11,4,1,1,0,0,0,"*",3.9215686274509802,17.647058823529413,23.52941176470588,21.568627450980394,21.568627450980394,7.8431372549019605,1.9607843137254901,1.9607843137254901,0,0,0]
["218d41",192,6,0,0,0,0,0,0,0,0,0,198,96.969696969696969,3.0303030303030303,0,0,0,0,0,0,0,0,0]
["202a11",2,1,0,0,0,0,0,0,0,0,0,"*",66.666666666666657,33.333333333333329,0,0,0,0,0,0,0,0,0]
["204a11",9,0,0,0,0,0,0,0,0,0,0,9,100,0,0,0,0,0,0,0,0,0,0]
["206a11",7,9,1,0,0,1,0,0,0,0,0,18,38.888888888888893,50,5.5555555555555554,0,0,5.5555555555555554,0,0,0,0,0]
["207a11",1,0,0,0,0,0,0,0,0,0,0,"*",100,0,0,0,0,0,0,0,0,0,0]
["209a11",0,2,6,0,0,1,0,0,0,0,0,9,0,22.222222222222221,66.666666666666657,0,0,11.111111111111111,0,0,0,0,0]
["211a11",18,20,12,1,0,1,0,0,0,0,0,52,34.615384615384613,38.461538461538467,23.076923076923077,1.9230769230769231,0,1.9230769230769231,0,0,0,0,0]
["218a11",45,0,0,0,0,0,0,0,0,0,0,45,100,0,0,0,0,0,0,0,0,0,0]
["202a12",2,0,0,0,0,0,0,0,0,0,0,"*",100,0,0,0,0,0,0,0,0,0,0]
["204a12",9,0,0,0,0,0,0,0,0,0,0,9,100,0,0,0,0,0,0,0,0,0,0]
["206a12",8,1,1,0,1,1,0,0,0,0,0,12,66.666666666666657,8.3333333333333321,8.3333333333333321,0,8.3333333333333321,8.3333333333333321,0,0,0,0,0]
["207a12",7,0,0,0,0,0,0,0,0,0,0,7,100,0,0,0,0,0,0,0,0,0,0]
["209a12",8,4,0,0,0,0,0,0,0,0,0,12,66.666666666666657,33.333333333333329,0,0,0,0,0,0,0,0,0]
["211a12",7,16,9,0,0,0,0,0,0,0,0,32,21.875,50,28.125,0,0,0,0,0,0,0,0]
["218a12",14,1,1,0,0,0,0,0,0,0,0,16,87.5,6.25,6.25,0,0,0,0,0,0,0,0]
["202a21",0,0,2,0,0,0,0,0,0,0,0,"*",0,0,100,0,0,0,0,0,0,0,0]
["204a21",8,0,0,0,0,0,0,0,0,0,0,"*",100,0,0,0,0,0,0,0,0,0,0]
["206a21",7,8,3,0,1,0,0,0,0,0,0,19,36.84210526315789,42.105263157894733,15.789473684210526,0,5.2631578947368416,0,0,0,0,0,0]
["207a21",1,0,0,0,0,0,0,0,0,0,0,"*",100,0,0,0,0,0,0,0,0,0,0]
["209a21",2,5,4,1,0,0,0,0,0,0,0,12,16.666666666666664,41.666666666666671,33.333333333333329,8.3333333333333321,0,0,0,0,0,0,0]
["211a21",31,10,6,2,0,2,0,0,0,0,0,51,60.784313725490193,19.607843137254903,11.76470588235294,3.9215686274509802,0,3.9215686274509802,0,0,0,0,0]
["218a21",68,2,0,0,0,0,0,0,0,0,0,70,97.142857142857139,2.8571428571428572,0,0,0,0,0,0,0,0,0]
["202a31",1,3,1,0,0,0,0,0,0,0,0,5,20,60,20,0,0,0,0,0,0,0,0]
["204a31",4,0,0,0,0,0,0,0,0,0,0,"*",100,0,0,0,0,0,0,0,0,0,0]
["206a31",3,3,0,0,0,0,0,0,0,0,0,6,50,50,0,0,0,0,0,0,0,0,0]
["207a31",12,0,0,0,0,0,0,0,0,0,0,12,100,0,0,0,0,0,0,0,0,0,0]
["209a31",10,2,2,0,1,0,0,0,0,0,0,15,66.666666666666657,13.333333333333334,13.333333333333334,0,6.666666666666667,0,0,0,0,0,0]
["211a31",34,7,10,0,0,1,0,0,0,0,0,52,65.384615384615387,13.461538461538462,19.230769230769234,0,0,1.9230769230769231,0,0,0,0,0]
["218a31",83,1,0,1,0,0,0,0,0,0,0,85,97.647058823529406,1.1764705882352942,0,1.1764705882352942,0,0,0,0,0,0,0]
["202a41",0,1,0,0,0,0,0,0,0,0,0,"*",0,100,0,0,0,0,0,0,0,0,0]
["204a41",10,0,0,0,0,0,0,0,0,0,0,10,100,0,0,0,0,0,0,0,0,0,0]
["206a41",9,3,1,0,1,0,1,0,0,0,0,15,60,20,6.666666666666667,0,6.666666666666667,0,6.666666666666667,0,0,0,0]
["207a41",29,0,0,0,0,0,0,0,0,0,0,29,100,0,0,0,0,0,0,0,0,0,0]
["209a41",3,1,1,0,0,0,0,0,0,0,0,5,60,20,20,0,0,0,0,0,0,0,0]
["211a41",13,7,7,4,1,0,0,0,0,0,0,32,40.625,21.875,21.875,12.5,3.125,0,0,0,0,0,0]
["214a41",0,0,0,1,0,0,0,0,0,0,0,"*",0,0,0,100,0,0,0,0,0,0,0]
["218a41",41,2,1,0,0,0,0,0,0,0,0,44,93.181818181818173,4.5454545454545459,2.2727272727272729,0,0,0,0,0,0,0,0]
["999b11",714,188,81,11,2,7,4,5,2,0,0,1014,70.414201183431956,18.54043392504931,7.9881656804733732,1.0848126232741617,0.19723865877712032,0.69033530571992108,0.39447731755424065,0.49309664694280081,0.19723865877712032,0,0]
["999b12",576,114,70,19,12,10,5,5,0,0,0,811,71.023427866831071,14.056720098643648,8.6313193588162758,2.342786683107275,1.4796547472256474,1.2330456226880395,0.61652281134401976,0.61652281134401976,0,0,0]
["999b21",849,182,106,41,16,6,4,0,0,0,0,1204,70.514950166112953,15.11627906976744,8.8039867109634553,3.4053156146179404,1.3289036544850499,0.49833887043189368,0.33222591362126247,0,0,0,0]
["999b31",754,130,58,32,19,5,4,3,0,0,0,1005,75.024875621890558,12.935323383084576,5.7711442786069647,3.1840796019900495,1.8905472636815919,0.49751243781094528,0.39800995024875618,0.29850746268656719,0,0,0]
["999b41",644,150,82,38,21,8,8,1,1,1,0,954,67.505241090146754,15.723270440251572,8.5953878406708597,3.9832285115303985,2.2012578616352201,0.83857442348008393,0.83857442348008393,0.10482180293501049,0.10482180293501049,0.10482180293501049,0]
["999d11",632,156,62,10,2,4,4,5,2,0,0,877,72.063854047890544,17.787913340935006,7.0695553021664761,1.1402508551881414,0.22805017103762829,0.45610034207525657,0.45610034207525657,0.5701254275940707,0.22805017103762829,0,0]
["999d12",521,92,59,19,11,9,5,5,0,0,0,721,72.260748959778084,12.76005547850208,8.1830790568654646,2.6352288488210815,1.5256588072122053,1.248266296809986,0.69348127600554788,0.69348127600554788,0,0,0]
["999d21",732,157,91,38,15,4,4,0,0,0,0,1041,70.317002881844388,15.081652257444764,8.7415946205571569,3.6503362151777137,1.4409221902017291,0.38424591738712777,0.38424591738712777,0,0,0,0]
["999d31",607,114,45,31,18,4,4,3,0,0,0,826,73.486682808716708,13.801452784503631,5.4479418886198543,3.7530266343825671,2.1791767554479415,0.48426150121065376,0.48426150121065376,0.36319612590799033,0,0,0]
["999d41",539,136,72,33,19,8,7,1,1,1,0,817,65.973072215422278,16.646266829865361,8.8127294981640159,4.0391676866585069,2.3255813953488373,0.97919216646266816,0.85679314565483466,0.12239902080783352,0.12239902080783352,0.12239902080783352,0]
["999a11",82,32,19,1,0,3,0,0,0,0,0,137,59.854014598540154,23.357664233576642,13.868613138686131,0.72992700729927007,0,2.1897810218978102,0,0,0,0,0]
["999a12",55,22,11,0,1,1,0,0,0,0,0,90,61.111111111111114,24.444444444444443,12.222222222222221,0,1.1111111111111112,1.1111111111111112,0,0,0,0,0]
["999a21",117,25,15,3,1,2,0,0,0,0,0,163,71.779141104294482,15.337423312883436,9.2024539877300615,1.8404907975460123,0.61349693251533743,1.2269938650306749,0,0,0,0,0]
["999a31",147,16,13,1,1,1,0,0,0,0,0,179,82.122905027932958,8.938547486033519,7.2625698324022352,0.55865921787709494,0.55865921787709494,0.55865921787709494,0,0,0,0,0]
["999a41",105,14,10,5,2,0,1,0,0,0,0,137,76.642335766423358,10.218978102189782,7.2992700729926998,3.6496350364963499,1.4598540145985401,0,0.72992700729927007,0,0,0,0]

{"sheet":"percentage comp","index":3,"n_rows":363,"n_cols":16,"rows_kept":363,"cut":false,"hidden":true,"merged":[]}
["desc","t1","pc_u8","pc_d8to14","pc_d15to21","pc_d22to28","pc_d29to35","pc_d36to42","pc_w7to8wk","pc_w9to12wk","pc_w13to16wk","pc_w17to20wk","pc_w21plus",null,"3weeks","6weeks"]
["A202Pb11",133,83.458646616541358,12.781954887218044,3.7593984962406015,0,0,0,0,0,0,0,0,null,{"$f":"SUM(C2:E2)","v":100.00000000000001},{"$f":"SUM(C2:H2)","v":100.00000000000001}]
["C203Pb11",31,100,0,0,0,0,0,0,0,0,0,0,null,{"$f":"SUM(C3:E3)","v":100},{"$f":"SUM(C3:H3)","v":100}]
["G101Pb11",208,100,0,0,0,0,0,0,0,0,0,0,null,100,100]
["G763Pb11",81,100,0,0,0,0,0,0,0,0,0,0,null,100,100]
["H202Pb11",68,41.17647058823529,26.47058823529412,25,2.9411764705882351,1.4705882352941175,1.4705882352941175,1.4705882352941175,0,0,0,0,null,92.647058823529406,98.52941176470587]
["L202Pb11",7,100,0,0,0,0,0,0,0,0,0,0,null,100,100]
["N401Pb11",56,100,0,0,0,0,0,0,0,0,0,0,null,100,100]
["S203Pb11",116,33.620689655172413,41.379310344827587,19.827586206896552,0.86206896551724133,0,0,0.86206896551724133,2.5862068965517242,0.86206896551724133,0,0,null,94.827586206896555,95.689655172413794]
["S400Pb11",57,35.087719298245609,29.82456140350877,14.035087719298245,7.0175438596491224,0,7.0175438596491224,1.7543859649122806,3.5087719298245612,1.7543859649122806,0,0,null,78.94736842105263,92.982456140350877]
["T101Pb11",44,9.0909090909090917,59.090909090909093,25,2.2727272727272729,0,2.2727272727272729,2.2727272727272729,0,0,0,0,null,93.181818181818187,97.72727272727272]
["V101Pb11",63,33.333333333333329,42.857142857142854,15.873015873015872,4.7619047619047619,1.5873015873015872,1.5873015873015872,0,0,0,0,0,null,92.063492063492049,99.999999999999972]
["V202Pb11",30,70,20,10,0,0,0,0,0,0,0,0,null,100,100]
["V203Pb11",96,65.625,30.208333333333332,4.1666666666666661,0,0,0,0,0,0,0,0,null,100,100]
["Y101Pb11",24,100,0,0,0,0,0,0,0,0,0,0,null,100,100]
["A202Pb12",118,88.983050847457619,7.6271186440677967,3.3898305084745761,0,0,0,0,0,0,0,0,null,99.999999999999986,99.999999999999986]
["C203Pb12",42,78.571428571428569,14.285714285714285,4.7619047619047619,0,0,2.3809523809523809,0,0,0,0,0,null,97.61904761904762,100]
["G101Pb12",138,100,0,0,0,0,0,0,0,0,0,0,null,100,100]
["G763Pb12",53,100,0,0,0,0,0,0,0,0,0,0,null,100,100]
["H202Pb12",72,79.166666666666657,11.111111111111111,6.9444444444444446,2.7777777777777777,0,0,0,0,0,0,0,null,97.222222222222214,99.999999999999986]
["L202Pb12",5,100,0,0,0,0,0,0,0,0,0,0,null,100,100]
["N401Pb12",38,100,0,0,0,0,0,0,0,0,0,0,null,100,100]
["S203Pb12",122,26.229508196721312,42.622950819672127,24.590163934426229,4.0983606557377046,0.81967213114754101,1.639344262295082,0,0,0,0,0,null,93.442622950819668,100]
["S400Pb12",54,14.814814814814813,40.74074074074074,25.925925925925924,7.4074074074074066,3.7037037037037033,1.8518518518518516,0,5.5555555555555554,0,0,0,null,81.481481481481481,94.444444444444443]
["T101Pb12",23,8.695652173913043,4.3478260869565215,21.739130434782609,8.695652173913043,17.391304347826086,17.391304347826086,13.043478260869565,8.695652173913043,0,0,0,null,34.782608695652172,78.260869565217391]
["V101Pb12",40,47.5,7.5,7.5,15,12.5,5,5,0,0,0,0,null,{"$f":"SUM(C26:E26)","v":62.5},{"$f":"SUM(C26:H26)","v":95}]
["V202Pb12",33,84.848484848484844,3.0303030303030303,12.121212121212121,0,0,0,0,0,0,0,0,null,100,100]
["V203Pb12",50,70,24,6,0,0,0,0,0,0,0,0,null,100,100]
["Y101Pb12",23,100,0,0,0,0,0,0,0,0,0,0,null,100,100]
["A202Pb21",125,68,16.8,15.2,0,0,0,0,0,0,0,0,null,100,100]
["C203Pb21",46,78.260869565217391,17.391304347826086,4.3478260869565215,0,0,0,0,0,0,0,0,null,99.999999999999986,99.999999999999986]
["G101Pb21",197,100,0,0,0,0,0,0,0,0,0,0,null,100,100]
["G763Pb21",164,100,0,0,0,0,0,0,0,0,0,0,null,100,100]
["H202Pb21",74,59.45945945945946,16.216216216216218,18.918918918918919,5.4054054054054053,0,0,0,0,0,0,0,null,94.594594594594597,100]
["L202Pb21",4,100,0,0,0,0,0,0,0,0,0,0,null,100,100]
["N401Pb21",75,100,0,0,0,0,0,0,0,0,0,0,null,100,100]
["S203Pb21",113,49.557522123893804,28.318584070796462,19.469026548672566,1.7699115044247788,0,0.88495575221238942,0,0,0,0,0,null,97.345132743362825,100]
["S400Pb21",137,24.087591240875913,48.175182481751825,14.5985401459854,4.3795620437956204,5.1094890510948909,2.1897810218978102,1.4598540145985401,0,0,0,0,null,86.861313868613138,98.540145985401466]
["T101Pb21",55,10.909090909090908,9.0909090909090917,14.545454545454545,47.272727272727273,14.545454545454545,3.6363636363636362,0,0,0,0,0,null,34.545454545454547,100]
["V101Pb21",66,33.333333333333329,31.818181818181817,27.27272727272727,3.0303030303030303,1.5151515151515151,0,3.0303030303030303,0,0,0,0,null,92.424242424242408,96.969696969696955]
["V202Pb21",45,71.111111111111114,20,6.666666666666667,2.2222222222222223,0,0,0,0,0,0,0,null,97.777777777777786,100.00000000000001]
["V203Pb21",82,90.243902439024396,9.7560975609756095,0,0,0,0,0,0,0,0,0,null,100,100]
["Y101Pb21",21,100,0,0,0,0,0,0,0,0,0,0,null,100,100]
["A202Pb31",150,80.666666666666657,10,9.3333333333333339,0,0,0,0,0,0,0,0,null,99.999999999999986,99.999999999999986]
["C203Pb31",46,65.217391304347828,21.739130434782609,8.695652173913043,4.3478260869565215,0,0,0,0,0,0,0,null,95.652173913043484,100]
["G101Pb31",10,100,0,0,0,0,0,0,0,0,0,0,null,100,100]
["G763Pb31",202,100,0,0,0,0,0,0,0,0,0,0,null,100,100]
["H202Pb31",70,71.428571428571431,11.428571428571429,10,1.4285714285714286,4.2857142857142856,0,1.4285714285714286,0,0,0,0,null,92.857142857142861,98.571428571428584]
["N401Pb31",128,100,0,0,0,0,0,0,0,0,0,0,null,100,100]
["S203Pb31",119,56.30252100840336,22.689075630252102,14.285714285714285,1.680672268907563,2.5210084033613445,1.680672268907563,0,0.84033613445378152,0,0,0,null,93.277310924369743,99.159663865546207]
["S400Pb31",86,33.720930232558139,50,9.3023255813953494,4.6511627906976747,0,1.1627906976744187,1.1627906976744187,0,0,0,0,null,93.023255813953497,98.83720930232559]
["T101Pb31",53,7.5471698113207548,7.5471698113207548,7.5471698113207548,41.509433962264154,24.528301886792452,3.7735849056603774,3.7735849056603774,3.7735849056603774,0,0,0,null,22.641509433962263,92.452830188679229]
["V101Pb31",21,33.333333333333329,47.619047619047613,19.047619047619047,0,0,0,0,0,0,0,0,null,99.999999999999986,99.999999999999986]
["V202Pb31",38,92.10526315789474,7.8947368421052628,0,0,0,0,0,0,0,0,0,null,100,100]
["V203Pb31",66,83.333333333333343,15.151515151515152,0,1.5151515151515151,0,0,0,0,0,0,0,null,98.484848484848499,100.00000000000001]
["Y101Pb31",16,100,0,0,0,0,0,0,0,0,0,0,null,100,100]
["A202Pb41",128,77.34375,18.75,3.125,0,0.78125,0,0,0,0,0,0,null,99.21875,100]
["C203Pb41",21,57.142857142857139,38.095238095238095,4.7619047619047619,0,0,0,0,0,0,0,0,null,100,100]
["G101Pb41",106,100,0,0,0,0,0,0,0,0,0,0,null,100,100]
["G763Pb41",115,100,0,0,0,0,0,0,0,0,0,0,null,100,100]
["H202Pb41",47,68.085106382978722,10.638297872340425,17.021276595744681,4.2553191489361701,0,0,0,0,0,0,0,null,95.744680851063833,100]
["L202Pb41",3,100,0,0,0,0,0,0,0,0,0,0,null,100,100]
["N401Pb41",108,100,0,0,0,0,0,0,0,0,0,0,null,100,100]
["S203Pb41",107,34.579439252336449,36.44859813084112,19.626168224299064,6.5420560747663545,0.93457943925233633,0,0.93457943925233633,0,0.93457943925233633,0,0,null,90.654205607476641,98.130841121495322]
["S400Pb41",103,19.417475728155338,41.747572815533978,22.330097087378643,10.679611650485436,1.9417475728155338,1.9417475728155338,0.97087378640776689,0,0,0.97087378640776689,0,null,83.495145631067956,98.058252427184456]
["T101Pb41",52,3.8461538461538463,17.307692307692307,23.076923076923077,23.076923076923077,21.153846153846153,7.6923076923076925,1.9230769230769231,1.9230769230769231,0,0,0,null,44.230769230769226,96.153846153846146]
["V101Pb41",44,31.818181818181817,13.636363636363635,18.181818181818183,9.0909090909090917,11.363636363636363,4.5454545454545459,11.363636363636363,0,0,0,0,null,{"$f":"SUM(C67:E67)","v":63.63636363636364},{"$f":"SUM(C67:H67)","v":88.63636363636364}]
["V202Pb41",47,82.978723404255319,12.76595744680851,2.1276595744680851,0,2.1276595744680851,0,0,0,0,0,0,null,{"$f":"SUM(C68:E68)","v":97.872340425531917},100]
["V203Pb41",49,67.346938775510196,20.408163265306122,8.1632653061224492,4.0816326530612246,0,0,0,0,0,0,0,null,{"$f":"SUM(C69:E69)","v":95.91836734693878},100]
["Y101Pb41",24,100,0,0,0,0,0,0,0,0,0,0,null,{"$f":"SUM(C70:E70)","v":100},100]
["A202Pd11",130,83.846153846153854,12.307692307692308,3.8461538461538463,0,0,0,0,0,0,0,0,null,{"$f":"SUM(C71:E71)","v":100},100]
["C203Pd11",16,100,0,0,0,0,0,0,0,0,0,0,null,{"$f":"SUM(C72:E72)","v":100},100]
["G101Pd11",208,100,0,0,0,0,0,0,0,0,0,0,null,100,100]
["G763Pd11",51,100,0,0,0,0,0,0,0,0,0,0,null,100,100]
["H202Pd11",59,47.457627118644069,27.118644067796609,18.64406779661017,3.3898305084745761,1.6949152542372881,0,1.6949152542372881,0,0,0,0,null,93.220338983050851,98.305084745762713]
["L202Pd11",7,100,0,0,0,0,0,0,0,0,0,0,null,100,100]
["N401Pd11",55,100,0,0,0,0,0,0,0,0,0,0,null,100,100]
["S203Pd11",66,31.818181818181817,42.424242424242422,18.181818181818183,0,0,0,1.5151515151515151,4.5454545454545459,1.5151515151515151,0,0,null,92.424242424242422,92.424242424242422]
["S400Pd11",55,36.363636363636367,30.909090909090907,12.727272727272727,7.2727272727272725,0,5.4545454545454541,1.8181818181818181,3.6363636363636362,1.8181818181818181,0,0,null,80,92.72727272727272]
["T101Pd11",44,9.0909090909090917,59.090909090909093,25,2.2727272727272729,0,2.2727272727272729,2.2727272727272729,0,0,0,0,null,93.181818181818187,97.72727272727272]
["V101Pd11",59,30.508474576271187,45.762711864406782,16.949152542372879,5.0847457627118651,1.6949152542372881,0,0,0,0,0,0,null,93.220338983050851,100]
["V202Pd11",30,70,20,10,0,0,0,0,0,0,0,0,null,100,100]
["V203Pd11",82,71.951219512195124,24.390243902439025,3.6585365853658534,0,0,0,0,0,0,0,0,null,100,100]
["Y101Pd11",15,100,0,0,0,0,0,0,0,0,0,0,null,100,100]
["A202Pd12",116,88.793103448275872,7.7586206896551726,3.4482758620689653,0,0,0,0,0,0,0,0,null,100.00000000000001,100.00000000000001]
["C203Pd12",38,81.578947368421055,13.157894736842104,2.6315789473684208,0,0,2.6315789473684208,0,0,0,0,0,null,97.368421052631589,100.00000000000001]
["G101Pd12",138,100,0,0,0,0,0,0,0,0,0,0,null,100,100]
["G763Pd12",41,100,0,0,0,0,0,0,0,0,0,0,null,100,100]
["H202Pd12",60,81.666666666666671,6.666666666666667,8.3333333333333321,3.3333333333333335,0,0,0,0,0,0,0,null,96.666666666666671,100]
["L202Pd12",5,100,0,0,0,0,0,0,0,0,0,0,null,100,100]
["N401Pd12",31,100,0,0,0,0,0,0,0,0,0,0,null,100,100]
["S203Pd12",90,27.777777777777779,40,23.333333333333332,5.5555555555555554,1.1111111111111112,2.2222222222222223,0,0,0,0,0,null,91.1111111111111,100]
["S400Pd12",54,14.814814814814813,40.74074074074074,25.925925925925924,7.4074074074074066,3.7037037037037033,1.8518518518518516,0,5.5555555555555554,0,0,0,null,81.481481481481481,94.444444444444443]
["T101Pd12",23,8.695652173913043,4.3478260869565215,21.739130434782609,8.695652173913043,17.391304347826086,17.391304347826086,13.043478260869565,8.695652173913043,0,0,0,null,34.782608695652172,78.260869565217391]
["V101Pd12",33,45.454545454545453,6.0606060606060606,9.0909090909090917,18.181818181818183,12.121212121212121,3.0303030303030303,6.0606060606060606,0,0,0,0,null,60.606060606060609,93.939393939393952]
["V202Pd12",29,86.206896551724128,3.4482758620689653,10.344827586206897,0,0,0,0,0,0,0,0,null,100,100]
["V203Pd12",49,69.387755102040813,24.489795918367346,6.1224489795918364,0,0,0,0,0,0,0,0,null,100,100]
["Y101Pd12",14,100,0,0,0,0,0,0,0,0,0,0,null,100,100]
["A202Pd21",123,69.105691056910572,17.073170731707318,13.821138211382115,0,0,0,0,0,0,0,0,null,100.00000000000001,100.00000000000001]
["C203Pd21",41,80.487804878048792,14.634146341463413,4.8780487804878048,0,0,0,0,0,0,0,0,null,100,100]
["G101Pd21",197,100,0,0,0,0,0,0,0,0,0,0,null,100,100]
["G763Pd21",99,100,0,0,0,0,0,0,0,0,0,0,null,100,100]
["H202Pd21",62,67.741935483870961,11.29032258064516,16.129032258064516,4.838709677419355,0,0,0,0,0,0,0,null,95.161290322580641,100]
["L202Pd21",4,100,0,0,0,0,0,0,0,0,0,0,null,100,100]
["N401Pd21",74,100,0,0,0,0,0,0,0,0,0,0,null,100,100]
["S203Pd21",65,41.53846153846154,33.846153846153847,24.615384615384617,0,0,0,0,0,0,0,0,null,100,100]
["S400Pd21",134,23.134328358208954,49.253731343283583,14.925373134328357,4.4776119402985071,5.2238805970149249,1.4925373134328357,1.4925373134328357,0,0,0,0,null,87.31343283582089,98.507462686567152]
["T101Pd21",55,10.909090909090908,9.0909090909090917,14.545454545454545,47.272727272727273,14.545454545454545,3.6363636363636362,0,0,0,0,0,null,34.545454545454547,100]
["V101Pd21",55,38.181818181818187,27.27272727272727,27.27272727272727,3.6363636363636362,0,0,3.6363636363636362,0,0,0,0,null,92.72727272727272,96.36363636363636]
["V202Pd21",38,71.05263157894737,18.421052631578945,7.8947368421052628,2.6315789473684208,0,0,0,0,0,0,0,null,97.368421052631575,100]
["V203Pd21",81,90.123456790123456,9.8765432098765427,0,0,0,0,0,0,0,0,0,null,100,100]
["Y101Pd21",13,100,0,0,0,0,0,0,0,0,0,0,null,100,100]
["A202Pd31",145,82.758620689655174,8.2758620689655178,8.9655172413793096,0,0,0,0,0,0,0,0,null,100,100]
["C203Pd31",42,66.666666666666657,21.428571428571427,9.5238095238095237,2.3809523809523809,0,0,0,0,0,0,0,null,97.619047619047606,99.999999999999986]
["G101Pd31",10,100,0,0,0,0,0,0,0,0,0,0,null,100,100]
["G763Pd31",121,100,0,0,0,0,0,0,0,0,0,0,null,100,100]
["H202Pd31",55,72.727272727272734,10.909090909090908,9.0909090909090917,1.8181818181818181,3.6363636363636362,0,1.8181818181818181,0,0,0,0,null,92.727272727272734,98.181818181818187]
["N401Pd31",116,100,0,0,0,0,0,0,0,0,0,0,null,100,100]
["S203Pd31",69,47.826086956521742,28.985507246376812,11.594202898550725,2.8985507246376812,4.3478260869565215,2.8985507246376812,0,1.4492753623188406,0,0,0,null,88.405797101449281,98.550724637681171]
["S400Pd31",84,34.523809523809526,51.19047619047619,8.3333333333333321,4.7619047619047619,0,0,1.1904761904761905,0,0,0,0,null,94.047619047619051,98.80952380952381]
["T101Pd31",53,7.5471698113207548,7.5471698113207548,7.5471698113207548,41.509433962264154,24.528301886792452,3.7735849056603774,3.7735849056603774,3.7735849056603774,0,0,0,null,22.641509433962263,92.452830188679229]
["V101Pd31",21,33.333333333333329,47.619047619047613,19.047619047619047,0,0,0,0,0,0,0,0,null,99.999999999999986,99.999999999999986]
["V202Pd31",36,91.666666666666657,8.3333333333333321,0,0,0,0,0,0,0,0,0,null,99.999999999999986,99.999999999999986]
["V203Pd31",62,87.096774193548384,11.29032258064516,0,1.6129032258064515,0,0,0,0,0,0,0,null,98.387096774193537,99.999999999999986]
["Y101Pd31",12,100,0,0,0,0,0,0,0,0,0,0,null,100,100]
["A202Pd41",127,77.952755905511808,18.110236220472441,3.1496062992125982,0,0.78740157480314954,0,0,0,0,0,0,null,99.212598425196845,100]
["C203Pd41",17,64.705882352941174,35.294117647058826,0,0,0,0,0,0,0,0,0,null,100,100]
["G101Pd41",106,100,0,0,0,0,0,0,0,0,0,0,null,100,100]
["G763Pd41",75,100,0,0,0,0,0,0,0,0,0,0,null,100,100]
["H202Pd41",42,69.047619047619051,9.5238095238095237,16.666666666666664,4.7619047619047619,0,0,0,0,0,0,0,null,95.238095238095241,100]
["L202Pd41",3,100,0,0,0,0,0,0,0,0,0,0,null,100,{"$f":"SUM(C131:H131)","v":100}]
["N401Pd41",79,100,0,0,0,0,0,0,0,0,0,0,null,100,100]
["S203Pd41",79,31.645569620253166,40.506329113924053,17.721518987341771,6.3291139240506329,1.2658227848101267,0,1.2658227848101267,0,1.2658227848101267,0,0,null,89.87341772151899,97.468354430379748]
["S400Pd41",99,19.19191919191919,43.43434343434344,23.232323232323232,9.0909090909090917,1.0101010101010102,2.0202020202020203,1.0101010101010102,0,0,1.0101010101010102,0,null,85.858585858585855,97.979797979797979]
["T101Pd41",51,3.9215686274509802,17.647058823529413,23.52941176470588,21.568627450980394,21.568627450980394,7.8431372549019605,1.9607843137254901,1.9607843137254901,0,0,0,null,45.098039215686271,96.078431372549005]
["V101Pd41",39,33.333333333333329,12.820512820512819,17.948717948717949,10.256410256410255,10.256410256410255,5.1282051282051277,10.256410256410255,0,0,0,0,null,{"$f":"SUM(C136:E136)","v":64.102564102564088},89.743589743589709]
["V202Pd41",40,80,15,2.5,0,2.5,0,0,0,0,0,0,null,97.5,100]
["V203Pd41",46,69.565217391304344,17.391304347826086,8.695652173913043,4.3478260869565215,0,0,0,0,0,0,0,null,95.652173913043484,100]
["Y101Pd41",14,100,0,0,0,0,0,0,0,0,0,0,null,100,100]
["A202Pa11",3,66.666666666666657,33.333333333333329,0,0,0,0,0,0,0,0,0,null,99.999999999999986,99.999999999999986]
["C203Pa11",15,100,0,0,0,0,0,0,0,0,0,0,null,100,100]
["G763Pa11",30,100,0,0,0,0,0,0,0,0,0,0,null,100,100]
["H202Pa11",9,0,22.222222222222221,66.666666666666657,0,0,11.111111111111111,0,0,0,0,0,null,88.888888888888886,100]
["N401Pa11",1,100,0,0,0,0,0,0,0,0,0,0,null,100,100]
["S203Pa11",50,36,40,22,2,0,0,0,0,0,0,0,null,98,100]
["S400Pa11",2,0,0,50,0,0,50,0,0,0,0,0,null,50,100]
["V101Pa11",4,75,0,0,0,0,25,0,0,0,0,0,null,75,100]
["V203Pa11",14,28.571428571428569,64.285714285714292,7.1428571428571423,0,0,0,0,0,0,0,0,null,100,100]
["Y101Pa11",9,100,0,0,0,0,0,0,0,0,0,0,null,100,100]
["A202Pa12",2,100,0,0,0,0,0,0,0,0,0,0,null,100,100]
["C203Pa12",4,50,25,25,0,0,0,0,0,0,0,0,null,100,100]
["G763Pa12",12,100,0,0,0,0,0,0,0,0,0,0,null,100,100]
["H202Pa12",12,66.666666666666657,33.333333333333329,0,0,0,0,0,0,0,0,0,null,99.999999999999986,99.999999999999986]
["N401Pa12",7,100,0,0,0,0,0,0,0,0,0,0,null,100,100]
["S203Pa12",32,21.875,50,28.125,0,0,0,0,0,0,0,0,null,100,100]
["V101Pa12",7,57.142857142857139,14.285714285714285,0,0,14.285714285714285,14.285714285714285,0,0,0,0,0,null,71.428571428571416,99.999999999999972]
["V202Pa12",4,75,0,25,0,0,0,0,0,0,0,0,null,100,100]
["V203Pa12",1,100,0,0,0,0,0,0,0,0,0,0,null,100,100]
["Y101Pa12",9,100,0,0,0,0,0,0,0,0,0,0,null,100,100]
["A202Pa21",2,0,0,100,0,0,0,0,0,0,0,0,null,100,100]
["C203Pa21",5,60,40,0,0,0,0,0,0,0,0,0,null,100,100]
["G763Pa21",65,100,0,0,0,0,0,0,0,0,0,0,null,100,100]
["H202Pa21",12,16.666666666666664,41.666666666666671,33.333333333333329,8.3333333333333321,0,0,0,0,0,0,0,null,91.666666666666657,99.999999999999986]
["N401Pa21",1,100,0,0,0,0,0,0,0,0,0,0,null,100,100]
["S203Pa21",48,60.416666666666664,20.833333333333336,12.5,4.1666666666666661,0,2.083333333333333,0,0,0,0,0,null,93.75,100]
["S400Pa21",3,66.666666666666657,0,0,0,0,33.333333333333329,0,0,0,0,0,null,66.666666666666657,99.999999999999986]
["V101Pa21",11,9.0909090909090917,54.54545454545454,27.27272727272727,0,9.0909090909090917,0,0,0,0,0,0,null,90.909090909090907,100]
["V202Pa21",7,71.428571428571431,28.571428571428569,0,0,0,0,0,0,0,0,0,null,100,100]
["V203Pa21",1,100,0,0,0,0,0,0,0,0,0,0,null,100,100]
["Y101Pa21",8,100,0,0,0,0,0,0,0,0,0,0,null,100,100]
["A202Pa31",5,20,60,20,0,0,0,0,0,0,0,0,null,100,100]
["C203Pa31",4,50,25,0,25,0,0,0,0,0,0,0,null,75,100]
["G763Pa31",81,100,0,0,0,0,0,0,0,0,0,0,null,100,100]
["H202Pa31",15,66.666666666666657,13.333333333333334,13.333333333333334,0,6.666666666666667,0,0,0,0,0,0,null,93.333333333333314,99.999999999999986]
["N401Pa31",12,100,0,0,0,0,0,0,0,0,0,0,null,100,100]
["S203Pa31",50,68,14.000000000000002,18,0,0,0,0,0,0,0,0,null,100,100]
["S400Pa31",2,0,0,50,0,0,50,0,0,0,0,0,null,50,100]
["V202Pa31",2,100,0,0,0,0,0,0,0,0,0,0,null,100,100]
["V203Pa31",4,25,75,0,0,0,0,0,0,0,0,0,null,100,100]
["Y101Pa31",4,100,0,0,0,0,0,0,0,0,0,0,null,100,100]
["A202Pa41",1,0,100,0,0,0,0,0,0,0,0,0,null,100,100]
["C203Pa41",4,25,50,25,0,0,0,0,0,0,0,0,null,100,100]
["G763Pa41",40,100,0,0,0,0,0,0,0,0,0,0,null,100,100]
["H202Pa41",5,60,20,20,0,0,0,0,0,0,0,0,null,100,100]
["N401Pa41",29,100,0,0,0,0,0,0,0,0,0,0,null,100,100]
["S203Pa41",28,42.857142857142854,25,25,7.1428571428571423,0,0,0,0,0,0,0,null,92.857142857142861,100]
["S400Pa41",4,25,0,0,50,25,0,0,0,0,0,0,null,25,100]
["T101Pa41",1,0,0,0,100,0,0,0,0,0,0,0,null,0,100]
["V101Pa41",5,20,20,20,0,20,0,20,0,0,0,0,null,60,80]
["V202Pa41",7,100,0,0,0,0,0,0,0,0,0,0,null,100,100]
["V203Pa41",3,33.333333333333329,66.666666666666657,0,0,0,0,0,0,0,0,0,null,99.999999999999986,99.999999999999986]
["Y101Pa41",10,100,0,0,0,0,0,0,0,0,0,0,null,100,100]
["202b11",133,83.458646616541358,12.781954887218044,3.7593984962406015,0,0,0,0,0,0,0,0,null,100.00000000000001,100.00000000000001]
["204b11",24,100,0,0,0,0,0,0,0,0,0,0,null,100,100]
["206b11",189,55.555555555555557,32.804232804232804,8.9947089947089935,1.5873015873015872,0.52910052910052907,0.52910052910052907,0,0,0,0,0,null,97.35449735449734,{"$f":"SUM(C195:H195)","v":99.999999999999986}]
["207b11",56,100,0,0,0,0,0,0,0,0,0,0,null,100,100]
["209b11",68,41.17647058823529,26.47058823529412,25,2.9411764705882351,1.4705882352941175,1.4705882352941175,1.4705882352941175,0,0,0,0,null,92.647058823529406,98.52941176470587]
["210b11",7,100,0,0,0,0,0,0,0,0,0,0,null,100,100]
["211b11",173,34.104046242774565,37.572254335260112,17.919075144508671,2.8901734104046244,0,2.3121387283236992,1.1560693641618496,2.8901734104046244,1.1560693641618496,0,0,null,89.595375722543338,94.797687861271669]
["214b11",44,9.0909090909090917,59.090909090909093,25,2.2727272727272729,0,2.2727272727272729,2.2727272727272729,0,0,0,0,null,{"$f":"SUM(C200:E200)","v":93.181818181818187},97.72727272727272]
["218b11",320,100,0,0,0,0,0,0,0,0,0,0,null,100,100]
["202b12",118,88.983050847457619,7.6271186440677967,3.3898305084745761,0,0,0,0,0,0,0,0,null,99.999999999999986,99.999999999999986]
["204b12",23,100,0,0,0,0,0,0,0,0,0,0,null,100,100]
["206b12",123,66.666666666666657,13.008130081300814,8.1300813008130071,4.8780487804878048,4.0650406504065035,1.6260162601626018,1.6260162601626018,0,0,0,0,null,87.804878048780481,98.373983739837385]
["207b12",38,100,0,0,0,0,0,0,0,0,0,0,null,100,100]
["209b12",72,79.166666666666657,11.111111111111111,6.9444444444444446,2.7777777777777777,0,0,0,0,0,0,0,null,97.222222222222214,99.999999999999986]
["210b12",5,100,0,0,0,0,0,0,0,0,0,0,null,100,100]
["211b12",176,22.727272727272727,42.045454545454547,25,5.1136363636363642,1.7045454545454544,1.7045454545454544,0,1.7045454545454544,0,0,0,null,89.77272727272728,98.295454545454547]
["214b12",23,8.695652173913043,4.3478260869565215,21.739130434782609,8.695652173913043,17.391304347826086,17.391304347826086,13.043478260869565,8.695652173913043,0,0,0,null,34.782608695652172,78.260869565217391]
["218b12",233,96.137339055793987,2.5751072961373391,0.85836909871244638,0,0,0.42918454935622319,0,0,0,0,0,null,99.570815450643764,99.999999999999986]
["202b21",125,68,16.8,15.2,0,0,0,0,0,0,0,0,null,100,100]
["204b21",21,100,0,0,0,0,0,0,0,0,0,0,null,100,100]
["206b21",193,66.32124352331607,19.689119170984455,10.880829015544041,1.5544041450777202,0.5181347150259068,0,1.0362694300518136,0,0,0,0,null,96.891191709844563,98.963730569948197]
["207b21",75,100,0,0,0,0,0,0,0,0,0,0,null,100,100]
["209b21",74,59.45945945945946,16.216216216216218,18.918918918918919,5.4054054054054053,0,0,0,0,0,0,0,null,94.594594594594597,100]
["210b21",4,100,0,0,0,0,0,0,0,0,0,0,null,100,100]
["211b21",250,35.6,39.200000000000003,16.8,3.2,2.8000000000000003,1.6,0.8,0,0,0,0,null,91.600000000000009,99.2]
["214b21",55,10.909090909090908,9.0909090909090917,14.545454545454545,47.272727272727273,14.545454545454545,3.6363636363636362,0,0,0,0,0,null,34.545454545454547,100]
["218b21",407,97.54299754299754,1.9656019656019657,0.49140049140049141,0,0,0,0,0,0,0,0,null,100,100]
["202b31",150,80.666666666666657,10,9.3333333333333339,0,0,0,0,0,0,0,0,null,99.999999999999986,99.999999999999986]
["204b31",16,100,0,0,0,0,0,0,0,0,0,0,null,100,100]
["206b31",125,77.600000000000009,18.399999999999999,3.2,0.8,0,0,0,0,0,0,0,null,99.2,100]
["207b31",128,100,0,0,0,0,0,0,0,0,0,0,null,100,100]
["209b31",70,71.428571428571431,11.428571428571429,10,1.4285714285714286,4.2857142857142856,0,1.4285714285714286,0,0,0,0,null,92.857142857142861,98.571428571428584]
["211b31",205,46.829268292682933,34.146341463414636,12.195121951219512,2.9268292682926833,1.4634146341463417,1.4634146341463417,0.48780487804878048,0.48780487804878048,0,0,0,null,93.170731707317088,99.024390243902459]
["214b31",53,7.5471698113207548,7.5471698113207548,7.5471698113207548,41.509433962264154,24.528301886792452,3.7735849056603774,3.7735849056603774,3.7735849056603774,0,0,0,null,22.641509433962263,92.452830188679229]
["218b31",258,93.798449612403104,3.8759689922480618,1.5503875968992249,0.77519379844961245,0,0,0,0,0,0,0,null,99.224806201550393,100]
["202b41",128,77.34375,18.75,3.125,0,0.78125,0,0,0,0,0,0,null,99.21875,100]
["204b41",24,100,0,0,0,0,0,0,0,0,0,0,null,100,100]
["206b41",140,61.428571428571431,15.714285714285714,9.2857142857142865,4.2857142857142856,4.2857142857142856,1.4285714285714286,3.5714285714285712,0,0,0,0,null,86.428571428571431,96.428571428571445]
["207b41",108,100,0,0,0,0,0,0,0,0,0,0,null,100,100]
["209b41",47,68.085106382978722,10.638297872340425,17.021276595744681,4.2553191489361701,0,0,0,0,0,0,0,null,95.744680851063833,100]
["210b41",3,100,0,0,0,0,0,0,0,0,0,0,null,100,100]
["211b41",210,27.142857142857142,39.047619047619051,20.952380952380953,8.5714285714285712,1.4285714285714286,0.95238095238095244,0.95238095238095244,0,0.47619047619047622,0.47619047619047622,0,null,87.142857142857139,98.095238095238088]
["214b41",52,3.8461538461538463,17.307692307692307,23.076923076923077,23.076923076923077,21.153846153846153,7.6923076923076925,1.9230769230769231,1.9230769230769231,0,0,0,null,44.230769230769226,96.153846153846146]
["218b41",242,96.280991735537185,3.3057851239669422,0.41322314049586778,0,0,0,0,0,0,0,0,null,100,100]
["202d11",130,83.846153846153854,12.307692307692308,3.8461538461538463,0,0,0,0,0,0,0,0,null,100,100]
["204d11",15,100,0,0,0,0,0,0,0,0,0,0,null,100,100]
["206d11",171,57.309941520467831,30.994152046783626,9.3567251461988299,1.7543859649122806,0.58479532163742687,0,0,0,0,0,0,null,97.660818713450283,99.999999999999986]
["207d11",55,100,0,0,0,0,0,0,0,0,0,0,null,100,100]
["209d11",59,47.457627118644069,27.118644067796609,18.64406779661017,3.3898305084745761,1.6949152542372881,0,1.6949152542372881,0,0,0,0,null,93.220338983050851,98.305084745762713]
["210d11",7,100,0,0,0,0,0,0,0,0,0,0,null,100,100]
["211d11",121,33.884297520661157,37.190082644628099,15.702479338842975,3.3057851239669422,0,2.4793388429752068,1.6528925619834711,4.1322314049586781,1.6528925619834711,0,0,null,86.776859504132233,92.561983471074385]
["214d11",44,9.0909090909090917,59.090909090909093,25,2.2727272727272729,0,2.2727272727272729,2.2727272727272729,0,0,0,0,null,93.181818181818187,97.72727272727272]
["218d11",275,100,0,0,0,0,0,0,0,0,0,0,null,100,100]
["202d12",116,88.793103448275872,7.7586206896551726,3.4482758620689653,0,0,0,0,0,0,0,0,null,100.00000000000001,100.00000000000001]
["204d12",14,100,0,0,0,0,0,0,0,0,0,0,null,100,100]
["206d12",111,66.666666666666657,13.513513513513514,8.1081081081081088,5.4054054054054053,3.6036036036036037,0.90090090090090091,1.8018018018018018,0,0,0,0,null,88.288288288288285,98.198198198198199]
["207d12",31,100,0,0,0,0,0,0,0,0,0,0,null,100,100]
["209d12",60,81.666666666666671,6.666666666666667,8.3333333333333321,3.3333333333333335,0,0,0,0,0,0,0,null,96.666666666666671,100]
["210d12",5,100,0,0,0,0,0,0,0,0,0,0,null,100,100]
["211d12",144,22.916666666666664,40.277777777777779,24.305555555555554,6.25,2.083333333333333,2.083333333333333,0,2.083333333333333,0,0,0,null,87.5,97.916666666666657]
["214d12",23,8.695652173913043,4.3478260869565215,21.739130434782609,8.695652173913043,17.391304347826086,17.391304347826086,13.043478260869565,8.695652173913043,0,0,0,null,34.782608695652172,78.260869565217391]
["218d12",217,96.774193548387103,2.3041474654377883,0.46082949308755761,0,0,0.46082949308755761,0,0,0,0,0,null,99.539170506912455,100.00000000000001]
["202d21",123,69.105691056910572,17.073170731707318,13.821138211382115,0,0,0,0,0,0,0,0,null,100.00000000000001,100.00000000000001]
["204d21",13,100,0,0,0,0,0,0,0,0,0,0,null,100,100]
["206d21",174,69.540229885057471,17.241379310344829,10.344827586206897,1.7241379310344827,0,0,1.1494252873563218,0,0,0,0,null,97.126436781609186,98.850574712643663]
["207d21",74,100,0,0,0,0,0,0,0,0,0,0,null,100,100]
["209d21",62,67.741935483870961,11.29032258064516,16.129032258064516,4.838709677419355,0,0,0,0,0,0,0,null,95.161290322580641,{"$f":"SUM(C259:H259)","v":100}]
["210d21",4,100,0,0,0,0,0,0,0,0,0,0,null,100,100]
["211d21",199,29.145728643216078,44.221105527638194,18.090452261306535,3.0150753768844218,3.5175879396984926,1.0050251256281406,1.0050251256281406,0,0,0,0,null,91.457286432160814,98.994974874371863]
["214d21",55,10.909090909090908,9.0909090909090917,14.545454545454545,47.272727272727273,14.545454545454545,3.6363636363636362,0,0,0,0,0,null,34.545454545454547,100]
["218d21",337,97.626112759643917,1.7804154302670623,0.59347181008902083,0,0,0,0,0,0,0,0,null,100,100]
["202d31",145,82.758620689655174,8.2758620689655178,8.9655172413793096,0,0,0,0,0,0,0,0,null,{"$f":"SUM(C264:E264)","v":100},100]
["204d31",12,100,0,0,0,0,0,0,0,0,0,0,null,100,100]
["206d31",119,78.991596638655466,16.806722689075631,3.3613445378151261,0.84033613445378152,0,0,0,0,0,0,0,null,99.159663865546221,100]
["207d31",116,100,0,0,0,0,0,0,0,0,0,0,null,100,100]
["209d31",55,72.727272727272734,10.909090909090908,9.0909090909090917,1.8181818181818181,3.6363636363636362,0,1.8181818181818181,0,0,0,0,null,92.727272727272734,98.181818181818187]
["211d31",153,40.522875816993462,41.17647058823529,9.8039215686274517,3.9215686274509802,1.9607843137254901,1.3071895424836601,0.65359477124183007,0.65359477124183007,0,0,0,null,91.503267973856197,98.692810457516316]
["214d31",53,7.5471698113207548,7.5471698113207548,7.5471698113207548,41.509433962264154,24.528301886792452,3.7735849056603774,3.7735849056603774,3.7735849056603774,0,0,0,null,22.641509433962263,92.452830188679229]
["218d31",173,91.907514450867055,5.202312138728324,2.3121387283236992,0.57803468208092479,0,0,0,0,0,0,0,null,99.421965317919074,100]
["202d41",127,77.952755905511808,18.110236220472441,3.1496062992125982,0,0.78740157480314954,0,0,0,0,0,0,null,99.212598425196845,100]
["204d41",14,100,0,0,0,0,0,0,0,0,0,0,null,100,100]
["206d41",125,61.6,15.2,9.6,4.8,4,1.6,3.2,0,0,0,0,null,86.399999999999991,96.799999999999983]
["207d41",79,100,0,0,0,0,0,0,0,0,0,0,null,100,100]
["209d41",42,69.047619047619051,9.5238095238095237,16.666666666666664,4.7619047619047619,0,0,0,0,0,0,0,null,95.238095238095241,100]
["210d41",3,100,0,0,0,0,0,0,0,0,0,0,null,100,100]
["211d41",178,24.719101123595504,42.134831460674157,20.786516853932586,7.8651685393258424,1.1235955056179776,1.1235955056179776,1.1235955056179776,0,0.5617977528089888,0.5617977528089888,0,null,87.640449438202239,97.752808988764031]
["214d41",51,3.9215686274509802,17.647058823529413,23.52941176470588,21.568627450980394,21.568627450980394,7.8431372549019605,1.9607843137254901,1.9607843137254901,0,0,0,null,45.098039215686271,96.078431372549005]
["218d41",198,96.969696969696969,3.0303030303030303,0,0,0,0,0,0,0,0,0,null,100,100]
["202a11",3,66.666666666666657,33.333333333333329,0,0,0,0,0,0,0,0,0,null,99.999999999999986,99.999999999999986]
["204a11",9,100,0,0,0,0,0,0,0,0,0,0,null,100,100]
["206a11",18,38.888888888888893,50,5.5555555555555554,0,0,5.5555555555555554,0,0,0,0,0,null,94.444444444444443,100]
["207a11",1,100,0,0,0,0,0,0,0,0,0,0,null,100,100]
["209a11",9,0,22.222222222222221,66.666666666666657,0,0,11.111111111111111,0,0,0,0,0,null,88.888888888888886,100]
["211a11",52,34.615384615384613,38.461538461538467,23.076923076923077,1.9230769230769231,0,1.9230769230769231,0,0,0,0,0,null,96.15384615384616,100]
["218a11",45,100,0,0,0,0,0,0,0,0,0,0,null,100,100]
["202a12",2,100,0,0,0,0,0,0,0,0,0,0,null,100,100]
["204a12",9,100,0,0,0,0,0,0,0,0,0,0,null,100,100]
["206a12",12,66.666666666666657,8.3333333333333321,8.3333333333333321,0,8.3333333333333321,8.3333333333333321,0,0,0,0,0,null,83.333333333333314,99.999999999999972]
["207a12",7,100,0,0,0,0,0,0,0,0,0,0,null,100,100]
["209a12",12,66.666666666666657,33.333333333333329,0,0,0,0,0,0,0,0,0,null,99.999999999999986,99.999999999999986]
["211a12",32,21.875,50,28.125,0,0,0,0,0,0,0,0,null,100,100]
["218a12",16,87.5,6.25,6.25,0,0,0,0,0,0,0,0,null,100,100]
["202a21",2,0,0,100,0,0,0,0,0,0,0,0,null,100,100]
["204a21",8,100,0,0,0,0,0,0,0,0,0,0,null,100,100]
["206a21",19,36.84210526315789,42.105263157894733,15.789473684210526,0,5.2631578947368416,0,0,0,0,0,0,null,94.73684210526315,99.999999999999986]
["207a21",1,100,0,0,0,0,0,0,0,0,0,0,null,100,100]
["209a21",12,16.666666666666664,41.666666666666671,33.333333333333329,8.3333333333333321,0,0,0,0,0,0,0,null,91.666666666666657,99.999999999999986]
["211a21",51,60.784313725490193,19.607843137254903,11.76470588235294,3.9215686274509802,0,3.9215686274509802,0,0,0,0,0,null,92.156862745098039,100]
["218a21",70,97.142857142857139,2.8571428571428572,0,0,0,0,0,0,0,0,0,null,100,100]
["202a31",5,20,60,20,0,0,0,0,0,0,0,0,null,100,100]
["204a31",4,100,0,0,0,0,0,0,0,0,0,0,null,100,100]
["206a31",6,50,50,0,0,0,0,0,0,0,0,0,null,100,100]
["207a31",12,100,0,0,0,0,0,0,0,0,0,0,null,100,100]
["209a31",15,66.666666666666657,13.333333333333334,13.333333333333334,0,6.666666666666667,0,0,0,0,0,0,null,93.333333333333314,99.999999999999986]
["211a31",52,65.384615384615387,13.461538461538462,19.230769230769234,0,0,1.9230769230769231,0,0,0,0,0,null,98.076923076923094,100.00000000000001]
["218a31",85,97.647058823529406,1.1764705882352942,0,1.1764705882352942,0,0,0,0,0,0,0,null,98.823529411764696,99.999999999999986]
["202a41",1,0,100,0,0,0,0,0,0,0,0,0,null,100,100]
["204a41",10,100,0,0,0,0,0,0,0,0,0,0,null,100,100]
["206a41",15,60,20,6.666666666666667,0,6.666666666666667,0,6.666666666666667,0,0,0,0,null,86.666666666666671,93.333333333333343]
["207a41",29,100,0,0,0,0,0,0,0,0,0,0,null,100,100]
["209a41",5,60,20,20,0,0,0,0,0,0,0,0,null,100,100]
["211a41",32,40.625,21.875,21.875,12.5,3.125,0,0,0,0,0,0,null,84.375,100]
["214a41",1,0,0,0,100,0,0,0,0,0,0,0,null,0,100]
["218a41",44,93.181818181818173,4.5454545454545459,2.2727272727272729,0,0,0,0,0,0,0,0,null,99.999999999999986,99.999999999999986]
["999b11",1014,70.414201183431956,18.54043392504931,7.9881656804733732,1.0848126232741617,0.19723865877712032,0.69033530571992108,0.39447731755424065,0.49309664694280081,0.19723865877712032,0,0,null,96.942800788954642,98.915187376725854]
["999b12",811,71.023427866831071,14.056720098643648,8.6313193588162758,2.342786683107275,1.4796547472256474,1.2330456226880395,0.61652281134401976,0.61652281134401976,0,0,0,null,93.711467324290993,98.766954377311961]
["999b21",1204,70.514950166112953,15.11627906976744,8.8039867109634553,3.4053156146179404,1.3289036544850499,0.49833887043189368,0.33222591362126247,0,0,0,0,null,94.435215946843854,99.667774086378742]
["999b31",1005,75.024875621890558,12.935323383084576,5.7711442786069647,3.1840796019900495,1.8905472636815919,0.49751243781094528,0.39800995024875618,0.29850746268656719,0,0,0,null,93.731343283582106,99.303482587064693]
["999b41",954,67.505241090146754,15.723270440251572,8.5953878406708597,3.9832285115303985,2.2012578616352201,0.83857442348008393,0.83857442348008393,0.10482180293501049,0.10482180293501049,0.10482180293501049,0,null,91.823899371069189,98.846960167714883]
["999d11",877,72.063854047890544,17.787913340935006,7.0695553021664761,1.1402508551881414,0.22805017103762829,0.45610034207525657,0.45610034207525657,0.5701254275940707,0.22805017103762829,0,0,null,96.921322690992028,98.745724059293053]
["999d12",721,72.260748959778084,12.76005547850208,8.1830790568654646,2.6352288488210815,1.5256588072122053,1.248266296809986,0.69348127600554788,0.69348127600554788,0,0,0,null,93.203883495145632,{"$f":"SUM(C323:H323)","v":98.613037447988916}]
["999d21",1041,70.317002881844388,15.081652257444764,8.7415946205571569,3.6503362151777137,1.4409221902017291,0.38424591738712777,0.38424591738712777,0,0,0,0,null,94.140249759846299,99.615754082612881]
["999d31",826,73.486682808716708,13.801452784503631,5.4479418886198543,3.7530266343825671,2.1791767554479415,0.48426150121065376,0.48426150121065376,0.36319612590799033,0,0,0,null,92.736077481840198,99.152542372881356]
["999d41",817,65.973072215422278,16.646266829865361,8.8127294981640159,4.0391676866585069,2.3255813953488373,0.97919216646266816,0.85679314565483466,0.12239902080783352,0.12239902080783352,0.12239902080783352,0,null,91.432068543451649,98.776009791921652]
["999a11",137,59.854014598540154,23.357664233576642,13.868613138686131,0.72992700729927007,0,2.1897810218978102,0,0,0,0,0,null,97.080291970802932,100.00000000000001]
["999a12",90,61.111111111111114,24.444444444444443,12.222222222222221,0,1.1111111111111112,1.1111111111111112,0,0,0,0,0,null,{"$f":"SUM(C328:E328)","v":97.777777777777771},100]
["999a21",163,71.779141104294482,15.337423312883436,9.2024539877300615,1.8404907975460123,0.61349693251533743,1.2269938650306749,0,0,0,0,0,null,96.319018404907979,100]
["999a31",179,82.122905027932958,8.938547486033519,7.2625698324022352,0.55865921787709494,0.55865921787709494,0.55865921787709494,0,0,0,0,0,null,98.324022346368707,99.999999999999986]
["999a41",137,76.642335766423358,10.218978102189782,7.2992700729926998,3.6496350364963499,1.4598540145985401,0,0.72992700729927007,0,0,0,0,null,94.160583941605836,99.270072992700719]
[null,null,null,null,null,null,null,null,null,null,null,null,null,null,0,0]
[null,null,null,null,null,null,null,null,null,null,null,null,null,null,0,0]
[null,null,null,null,null,null,null,null,null,null,null,null,null,null,0,0]
[null,null,null,null,null,null,null,null,null,null,null,null,null,null,0,0]
[null,null,null,null,null,null,null,null,null,null,null,null,null,null,0,0]
[null,null,null,null,null,null,null,null,null,null,null,null,null,null,0,0]
[null,null,null,null,null,null,null,null,null,null,null,null,null,null,0,0]
[null,null,null,null,null,null,null,null,null,null,null,null,null,null,0,0]
[null,null,null,null,null,null,null,null,null,null,null,null,null,null,0,0]
[null,null,null,null,null,null,null,null,null,null,null,null,null,null,0,0]
[null,null,null,null,null,null,null,null,null,null,null,null,null,null,0,0]
[null,null,null,null,null,null,null,null,null,null,null,null,null,null,0,0]
[null,null,null,null,null,null,null,null,null,null,null,null,null,null,0,0]
[null,null,null,null,null,null,null,null,null,null,null,null,null,null,0,0]
[null,null,null,null,null,null,null,null,null,null,null,null,null,null,{"$f":"SUM(C346:E346)","v":0},{"$f":"SUM(C346:H346)","v":0}]
[null,null,null,null,null,null,null,null,null,null,null,null,null,null,0,0]
[null,null,null,null,null,null,null,null,null,null,null,null,null,null,0,0]
[null,null,null,null,null,null,null,null,null,null,null,null,null,null,0,0]
[null,null,null,null,null,null,null,null,null,null,null,null,null,null,0,0]
[null,null,null,null,null,null,null,null,null,null,null,null,null,null,0,0]
[null,null,null,null,null,null,null,null,null,null,null,null,null,null,0,0]
[null,null,null,null,null,null,null,null,null,null,null,null,null,null,0,0]
[null,null,null,null,null,null,null,null,null,null,null,null,null,null,0,0]
[null,null,null,null,null,null,null,null,null,null,null,null,null,null,0,0]
[null,null,null,null,null,null,null,null,null,null,null,null,null,null,0,0]
[null,null,null,null,null,null,null,null,null,null,null,null,null,null,0,0]
[null,null,null,null,null,null,null,null,null,null,null,null,null,null,0,0]
[null,null,null,null,null,null,null,null,null,null,null,null,null,null,0,0]
[null,null,null,null,null,null,null,null,null,null,null,null,null,null,0,0]
[null,null,null,null,null,null,null,null,null,null,null,null,null,null,0,0]
[null,null,null,null,null,null,null,null,null,null,null,null,null,null,0,0]
[null,null,null,null,null,null,null,null,null,null,null,null,null,null,0,0]

{"sheet":"2. Ongoing Waits Summary","index":4,"n_rows":49,"n_cols":18,"rows_kept":49,"cut":false,"hidden":false,"merged":[[7,4,7,14],[7,16,7,18],[60,2,60,10],[38,2,39,16]]}
[null,null,{"$f":"\"Table 2 - Waiting Times for Referral to Treatment, \" & A6 & \", quarter ending \" & A4","v":"Table 2 - Waiting Times for Referral to Treatment, Alcohol and Drugs, quarter ending 31st March 2020"}]
[null,null,"Waiting times for clients still waiting to start first treatment as of the end of the quarter"]
["Scotland"]
["31st March 2020",{"$f":"VLOOKUP(A4,quarter,2,FALSE)","v":12},"Quarter ending"]
[]
["Alcohol and Drugs",{"$f":"VLOOKUP(A6,ClientType,2,FALSE)","v":"B"},"Client type"]
[null,null,"Alcohol and Drugs"]
["Source",null,null,null,"Distribution of ongoing wait (as of end of quarter)",null,null,null,null,null,null,null,null,null,null,null,"Performance against standard"]
[null,null,"Area","Number of Ongoing Waits","Up to 1 week (%)","2 weeks (%)","3 weeks (%)","4 weeks (%)","5 weeks (%)","6 weeks (%)","7-8 weeks (%)","9-12 weeks (%)","13-16 weeks (%)","17-20 weeks (%)","21+ weeks (%)",null,"% waiting 3 weeks or less","% waiting 6 weeks or less"]
[999,{"$f":"CONCATENATE(A10,B$6,B$4)","v":"999B12"},"Scottish Prison Service",{"$f":"IF(ISERROR(VLOOKUP($B10,ongoing1!$A$1:$X$700,D$41,FALSE)),\"-\",VLOOKUP($B10,ongoing1!$A$1:$X$700,D$41,FALSE))","v":104},{"$f":"IF(ISERROR(VLOOKUP($B10,ongoing1!$A$1:$X$700,E$41,FALSE)),\"-\",VLOOKUP($B10,ongoing1!$A$1:$X$700,E$41,FALSE))","v":22.115384615384613},{"$f":"IF(ISERROR(VLOOKUP($B10,ongoing1!$A$1:$X$700,F$41,FALSE)),\"-\",VLOOKUP($B10,ongoing1!$A$1:$X$700,F$41,FALSE))","v":11.538461538461538},{"$f":"IF(ISERROR(VLOOKUP($B10,ongoing1!$A$1:$X$700,G$41,FALSE)),\"-\",VLOOKUP($B10,ongoing1!$A$1:$X$700,G$41,FALSE))","v":12.5},{"$f":"IF(ISERROR(VLOOKUP($B10,ongoing1!$A$1:$X$700,H$41,FALSE)),\"-\",VLOOKUP($B10,ongoing1!$A$1:$X$700,H$41,FALSE))","v":10.576923076923077},{"$f":"IF(ISERROR(VLOOKUP($B10,ongoing1!$A$1:$X$700,I$41,FALSE)),\"-\",VLOOKUP($B10,ongoing1!$A$1:$X$700,I$41,FALSE))","v":3.8461538461538463},{"$f":"IF(ISERROR(VLOOKUP($B10,ongoing1!$A$1:$X$700,J$41,FALSE)),\"-\",VLOOKUP($B10,ongoing1!$A$1:$X$700,J$41,FALSE))","v":9.6153846153846168},{"$f":"IF(ISERROR(VLOOKUP($B10,ongoing1!$A$1:$X$700,K$41,FALSE)),\"-\",VLOOKUP($B10,ongoing1!$A$1:$X$700,K$41,FALSE))","v":6.7307692307692308},{"$f":"IF(ISERROR(VLOOKUP($B10,ongoing1!$A$1:$X$700,L$41,FALSE)),\"-\",VLOOKUP($B10,ongoing1!$A$1:$X$700,L$41,FALSE))","v":4.8076923076923084},{"$f":"IF(ISERROR(VLOOKUP($B10,ongoing1!$A$1:$X$700,M$41,FALSE)),\"-\",VLOOKUP($B10,ongoing1!$A$1:$X$700,M$41,FALSE))","v":3.8461538461538463},{"$f":"IF(ISERROR(VLOOKUP($B10,ongoing1!$A$1:$X$700,N$41,FALSE)),\"-\",VLOOKUP($B10,ongoing1!$A$1:$X$700,N$41,FALSE))","v":0.96153846153846156},{"$f":"IF(ISERROR(VLOOKUP($B10,ongoing1!$A$1:$X$700,O$41,FALSE)),\"-\",VLOOKUP($B10,ongoing1!$A$1:$X$700,O$41,FALSE))","v":13.461538461538462},null,{"$f":"IF(ISERROR(VLOOKUP($B10,'percentage ongoing'!$A$1:$P$800,15,FALSE)),\"-\",VLOOKUP($B10,'percentage ongoing'!$A$1:$P$800,15,FALSE))","v":46.153846153846153},{"$f":"IF(ISERROR(VLOOKUP($B10,'percentage ongoing'!$A$1:$P$800,15,FALSE)),\"-\",VLOOKUP($B10,'percentage ongoing'!$A$1:$P$800,16,FALSE))","v":70.192307692307693}]
[]
[202,{"$f":"CONCATENATE(A12,B$6,B$4)","v":"202B12"},"Ayrshire & Arran NHS",{"$f":"IF(ISERROR(VLOOKUP($B12,ongoing1!$A$1:$X$800,D$41,FALSE)),\"-\",VLOOKUP($B12,ongoing1!$A$1:$X$800,D$41,FALSE))","v":"*"},{"$f":"IF(ISERROR(VLOOKUP($B12,ongoing1!$A$1:$X$800,E$41,FALSE)),\"-\",VLOOKUP($B12,ongoing1!$A$1:$X$800,E$41,FALSE))","v":100},{"$f":"IF(ISERROR(VLOOKUP($B12,ongoing1!$A$1:$X$800,F$41,FALSE)),\"-\",VLOOKUP($B12,ongoing1!$A$1:$X$800,F$41,FALSE))","v":0},{"$f":"IF(ISERROR(VLOOKUP($B12,ongoing1!$A$1:$X$800,G$41,FALSE)),\"-\",VLOOKUP($B12,ongoing1!$A$1:$X$800,G$41,FALSE))","v":0},{"$f":"IF(ISERROR(VLOOKUP($B12,ongoing1!$A$1:$X$800,H$41,FALSE)),\"-\",VLOOKUP($B12,ongoing1!$A$1:$X$800,H$41,FALSE))","v":0},{"$f":"IF(ISERROR(VLOOKUP($B12,ongoing1!$A$1:$X$800,I$41,FALSE)),\"-\",VLOOKUP($B12,ongoing1!$A$1:$X$800,I$41,FALSE))","v":0},{"$f":"IF(ISERROR(VLOOKUP($B12,ongoing1!$A$1:$X$800,J$41,FALSE)),\"-\",VLOOKUP($B12,ongoing1!$A$1:$X$800,J$41,FALSE))","v":0},{"$f":"IF(ISERROR(VLOOKUP($B12,ongoing1!$A$1:$X$800,K$41,FALSE)),\"-\",VLOOKUP($B12,ongoing1!$A$1:$X$800,K$41,FALSE))","v":0},{"$f":"IF(ISERROR(VLOOKUP($B12,ongoing1!$A$1:$X$800,L$41,FALSE)),\"-\",VLOOKUP($B12,ongoing1!$A$1:$X$800,L$41,FALSE))","v":0},{"$f":"IF(ISERROR(VLOOKUP($B12,ongoing1!$A$1:$X$800,M$41,FALSE)),\"-\",VLOOKUP($B12,ongoing1!$A$1:$X$800,M$41,FALSE))","v":0},{"$f":"IF(ISERROR(VLOOKUP($B12,ongoing1!$A$1:$X$800,N$41,FALSE)),\"-\",VLOOKUP($B12,ongoing1!$A$1:$X$800,N$41,FALSE))","v":0},{"$f":"IF(ISERROR(VLOOKUP($B12,ongoing1!$A$1:$X$800,O$41,FALSE)),\"-\",VLOOKUP($B12,ongoing1!$A$1:$X$800,O$41,FALSE))","v":0},null,{"$f":"IF(ISERROR(VLOOKUP($B12,'percentage ongoing'!$A$1:$P$800,15,FALSE)),\"-\",VLOOKUP($B12,'percentage ongoing'!$A$1:$P$800,15,FALSE))","v":100},{"$f":"IF(ISERROR(VLOOKUP($B12,'percentage ongoing'!$A$1:$P$800,15,FALSE)),\"-\",VLOOKUP($B12,'percentage ongoing'!$A$1:$P$800,16,FALSE))","v":100}]
["A202P",{"$f":"CONCATENATE(A13,B$6,B$4)","v":"A202PB12"},"   East Ayrshire ADP:HMP Kilmarnock",{"$f":"IF(ISERROR(VLOOKUP($B13,ongoing1!$A$1:$X$800,D$41,FALSE)),\"-\",VLOOKUP($B13,ongoing1!$A$1:$X$800,D$41,FALSE))","v":"*"},{"$f":"IF(ISERROR(VLOOKUP($B13,ongoing1!$A$1:$X$800,E$41,FALSE)),\"-\",VLOOKUP($B13,ongoing1!$A$1:$X$800,E$41,FALSE))","v":100},{"$f":"IF(ISERROR(VLOOKUP($B13,ongoing1!$A$1:$X$800,F$41,FALSE)),\"-\",VLOOKUP($B13,ongoing1!$A$1:$X$800,F$41,FALSE))","v":0},{"$f":"IF(ISERROR(VLOOKUP($B13,ongoing1!$A$1:$X$800,G$41,FALSE)),\"-\",VLOOKUP($B13,ongoing1!$A$1:$X$800,G$41,FALSE))","v":0},{"$f":"IF(ISERROR(VLOOKUP($B13,ongoing1!$A$1:$X$800,H$41,FALSE)),\"-\",VLOOKUP($B13,ongoing1!$A$1:$X$800,H$41,FALSE))","v":0},{"$f":"IF(ISERROR(VLOOKUP($B13,ongoing1!$A$1:$X$800,I$41,FALSE)),\"-\",VLOOKUP($B13,ongoing1!$A$1:$X$800,I$41,FALSE))","v":0},{"$f":"IF(ISERROR(VLOOKUP($B13,ongoing1!$A$1:$X$800,J$41,FALSE)),\"-\",VLOOKUP($B13,ongoing1!$A$1:$X$800,J$41,FALSE))","v":0},{"$f":"IF(ISERROR(VLOOKUP($B13,ongoing1!$A$1:$X$800,K$41,FALSE)),\"-\",VLOOKUP($B13,ongoing1!$A$1:$X$800,K$41,FALSE))","v":0},{"$f":"IF(ISERROR(VLOOKUP($B13,ongoing1!$A$1:$X$800,L$41,FALSE)),\"-\",VLOOKUP($B13,ongoing1!$A$1:$X$800,L$41,FALSE))","v":0},{"$f":"IF(ISERROR(VLOOKUP($B13,ongoing1!$A$1:$X$800,M$41,FALSE)),\"-\",VLOOKUP($B13,ongoing1!$A$1:$X$800,M$41,FALSE))","v":0},{"$f":"IF(ISERROR(VLOOKUP($B13,ongoing1!$A$1:$X$800,N$41,FALSE)),\"-\",VLOOKUP($B13,ongoing1!$A$1:$X$800,N$41,FALSE))","v":0},{"$f":"IF(ISERROR(VLOOKUP($B13,ongoing1!$A$1:$X$800,O$41,FALSE)),\"-\",VLOOKUP($B13,ongoing1!$A$1:$X$800,O$41,FALSE))","v":0},null,{"$f":"IF(ISERROR(VLOOKUP($B13,'percentage ongoing'!$A$1:$P$800,15,FALSE)),\"-\",VLOOKUP($B13,'percentage ongoing'!$A$1:$P$800,15,FALSE))","v":100},{"$f":"IF(ISERROR(VLOOKUP($B13,'percentage ongoing'!$A$1:$P$800,15,FALSE)),\"-\",VLOOKUP($B13,'percentage ongoing'!$A$1:$P$800,16,FALSE))","v":100}]
[204,"204B12","Dumfries & Galloway NHS/ADP",{"$f":"IF(ISERROR(VLOOKUP($B14,ongoing1!$A$1:$X$800,D$41,FALSE)),\"-\",VLOOKUP($B14,ongoing1!$A$1:$X$800,D$41,FALSE))","v":"-"},{"$f":"IF(ISERROR(VLOOKUP($B14,ongoing1!$A$1:$X$800,E$41,FALSE)),\"-\",VLOOKUP($B14,ongoing1!$A$1:$X$800,E$41,FALSE))","v":"-"},{"$f":"IF(ISERROR(VLOOKUP($B14,ongoing1!$A$1:$X$800,F$41,FALSE)),\"-\",VLOOKUP($B14,ongoing1!$A$1:$X$800,F$41,FALSE))","v":"-"},{"$f":"IF(ISERROR(VLOOKUP($B14,ongoing1!$A$1:$X$800,G$41,FALSE)),\"-\",VLOOKUP($B14,ongoing1!$A$1:$X$800,G$41,FALSE))","v":"-"},{"$f":"IF(ISERROR(VLOOKUP($B14,ongoing1!$A$1:$X$800,H$41,FALSE)),\"-\",VLOOKUP($B14,ongoing1!$A$1:$X$800,H$41,FALSE))","v":"-"},{"$f":"IF(ISERROR(VLOOKUP($B14,ongoing1!$A$1:$X$800,I$41,FALSE)),\"-\",VLOOKUP($B14,ongoing1!$A$1:$X$800,I$41,FALSE))","v":"-"},{"$f":"IF(ISERROR(VLOOKUP($B14,ongoing1!$A$1:$X$800,J$41,FALSE)),\"-\",VLOOKUP($B14,ongoing1!$A$1:$X$800,J$41,FALSE))","v":"-"},{"$f":"IF(ISERROR(VLOOKUP($B14,ongoing1!$A$1:$X$800,K$41,FALSE)),\"-\",VLOOKUP($B14,ongoing1!$A$1:$X$800,K$41,FALSE))","v":"-"},{"$f":"IF(ISERROR(VLOOKUP($B14,ongoing1!$A$1:$X$800,L$41,FALSE)),\"-\",VLOOKUP($B14,ongoing1!$A$1:$X$800,L$41,FALSE))","v":"-"},{"$f":"IF(ISERROR(VLOOKUP($B14,ongoing1!$A$1:$X$800,M$41,FALSE)),\"-\",VLOOKUP($B14,ongoing1!$A$1:$X$800,M$41,FALSE))","v":"-"},{"$f":"IF(ISERROR(VLOOKUP($B14,ongoing1!$A$1:$X$800,N$41,FALSE)),\"-\",VLOOKUP($B14,ongoing1!$A$1:$X$800,N$41,FALSE))","v":"-"},{"$f":"IF(ISERROR(VLOOKUP($B14,ongoing1!$A$1:$X$800,O$41,FALSE)),\"-\",VLOOKUP($B14,ongoing1!$A$1:$X$800,O$41,FALSE))","v":"-"},null,{"$f":"IF(ISERROR(VLOOKUP($B14,'percentage ongoing'!$A$1:$P$800,15,FALSE)),\"-\",VLOOKUP($B14,'percentage ongoing'!$A$1:$P$800,15,FALSE))","v":"-"},{"$f":"IF(ISERROR(VLOOKUP($B14,'percentage ongoing'!$A$1:$P$800,15,FALSE)),\"-\",VLOOKUP($B14,'percentage ongoing'!$A$1:$P$800,16,FALSE))","v":"-"}]
["Y101P","Y101PB12","   HMP Dumfries ",{"$f":"IF(ISERROR(VLOOKUP($B15,ongoing1!$A$1:$X$800,D$41,FALSE)),\"-\",VLOOKUP($B15,ongoing1!$A$1:$X$800,D$41,FALSE))","v":"-"},{"$f":"IF(ISERROR(VLOOKUP($B15,ongoing1!$A$1:$X$800,E$41,FALSE)),\"-\",VLOOKUP($B15,ongoing1!$A$1:$X$800,E$41,FALSE))","v":"-"},{"$f":"IF(ISERROR(VLOOKUP($B15,ongoing1!$A$1:$X$800,F$41,FALSE)),\"-\",VLOOKUP($B15,ongoing1!$A$1:$X$800,F$41,FALSE))","v":"-"},{"$f":"IF(ISERROR(VLOOKUP($B15,ongoing1!$A$1:$X$800,G$41,FALSE)),\"-\",VLOOKUP($B15,ongoing1!$A$1:$X$800,G$41,FALSE))","v":"-"},{"$f":"IF(ISERROR(VLOOKUP($B15,ongoing1!$A$1:$X$800,H$41,FALSE)),\"-\",VLOOKUP($B15,ongoing1!$A$1:$X$800,H$41,FALSE))","v":"-"},{"$f":"IF(ISERROR(VLOOKUP($B15,ongoing1!$A$1:$X$800,I$41,FALSE)),\"-\",VLOOKUP($B15,ongoing1!$A$1:$X$800,I$41,FALSE))","v":"-"},{"$f":"IF(ISERROR(VLOOKUP($B15,ongoing1!$A$1:$X$800,J$41,FALSE)),\"-\",VLOOKUP($B15,ongoing1!$A$1:$X$800,J$41,FALSE))","v":"-"},{"$f":"IF(ISERROR(VLOOKUP($B15,ongoing1!$A$1:$X$800,K$41,FALSE)),\"-\",VLOOKUP($B15,ongoing1!$A$1:$X$800,K$41,FALSE))","v":"-"},{"$f":"IF(ISERROR(VLOOKUP($B15,ongoing1!$A$1:$X$800,L$41,FALSE)),\"-\",VLOOKUP($B15,ongoing1!$A$1:$X$800,L$41,FALSE))","v":"-"},{"$f":"IF(ISERROR(VLOOKUP($B15,ongoing1!$A$1:$X$800,M$41,FALSE)),\"-\",VLOOKUP($B15,ongoing1!$A$1:$X$800,M$41,FALSE))","v":"-"},{"$f":"IF(ISERROR(VLOOKUP($B15,ongoing1!$A$1:$X$800,N$41,FALSE)),\"-\",VLOOKUP($B15,ongoing1!$A$1:$X$800,N$41,FALSE))","v":"-"},{"$f":"IF(ISERROR(VLOOKUP($B15,ongoing1!$A$1:$X$800,O$41,FALSE)),\"-\",VLOOKUP($B15,ongoing1!$A$1:$X$800,O$41,FALSE))","v":"-"},null,{"$f":"IF(ISERROR(VLOOKUP($B15,'percentage ongoing'!$A$1:$P$800,15,FALSE)),\"-\",VLOOKUP($B15,'percentage ongoing'!$A$1:$P$800,15,FALSE))","v":"-"},{"$f":"IF(ISERROR(VLOOKUP($B15,'percentage ongoing'!$A$1:$P$800,15,FALSE)),\"-\",VLOOKUP($B15,'percentage ongoing'!$A$1:$P$800,16,FALSE))","v":"-"}]
["206","206B12","Forth Valley NHS",{"$f":"IF(ISERROR(VLOOKUP($B16,ongoing1!$A$1:$X$800,D$41,FALSE)),\"-\",VLOOKUP($B16,ongoing1!$A$1:$X$800,D$41,FALSE))","v":27},{"$f":"IF(ISERROR(VLOOKUP($B16,ongoing1!$A$1:$X$800,E$41,FALSE)),\"-\",VLOOKUP($B16,ongoing1!$A$1:$X$800,E$41,FALSE))","v":18.518518518518519},{"$f":"IF(ISERROR(VLOOKUP($B16,ongoing1!$A$1:$X$800,F$41,FALSE)),\"-\",VLOOKUP($B16,ongoing1!$A$1:$X$800,F$41,FALSE))","v":29.629629629629626},{"$f":"IF(ISERROR(VLOOKUP($B16,ongoing1!$A$1:$X$800,G$41,FALSE)),\"-\",VLOOKUP($B16,ongoing1!$A$1:$X$800,G$41,FALSE))","v":25.925925925925924},{"$f":"IF(ISERROR(VLOOKUP($B16,ongoing1!$A$1:$X$800,H$41,FALSE)),\"-\",VLOOKUP($B16,ongoing1!$A$1:$X$800,H$41,FALSE))","v":7.4074074074074066},{"$f":"IF(ISERROR(VLOOKUP($B16,ongoing1!$A$1:$X$800,I$41,FALSE)),\"-\",VLOOKUP($B16,ongoing1!$A$1:$X$800,I$41,FALSE))","v":3.7037037037037033},{"$f":"IF(ISERROR(VLOOKUP($B16,ongoing1!$A$1:$X$800,J$41,FALSE)),\"-\",VLOOKUP($B16,ongoing1!$A$1:$X$800,J$41,FALSE))","v":14.814814814814813},{"$f":"IF(ISERROR(VLOOKUP($B16,ongoing1!$A$1:$X$800,K$41,FALSE)),\"-\",VLOOKUP($B16,ongoing1!$A$1:$X$800,K$41,FALSE))","v":0},{"$f":"IF(ISERROR(VLOOKUP($B16,ongoing1!$A$1:$X$800,L$41,FALSE)),\"-\",VLOOKUP($B16,ongoing1!$A$1:$X$800,L$41,FALSE))","v":0},{"$f":"IF(ISERROR(VLOOKUP($B16,ongoing1!$A$1:$X$800,M$41,FALSE)),\"-\",VLOOKUP($B16,ongoing1!$A$1:$X$800,M$41,FALSE))","v":0},{"$f":"IF(ISERROR(VLOOKUP($B16,ongoing1!$A$1:$X$800,N$41,FALSE)),\"-\",VLOOKUP($B16,ongoing1!$A$1:$X$800,N$41,FALSE))","v":0},{"$f":"IF(ISERROR(VLOOKUP($B16,ongoing1!$A$1:$X$800,O$41,FALSE)),\"-\",VLOOKUP($B16,ongoing1!$A$1:$X$800,O$41,FALSE))","v":0},null,{"$f":"IF(ISERROR(VLOOKUP($B16,'percentage ongoing'!$A$1:$P$800,15,FALSE)),\"-\",VLOOKUP($B16,'percentage ongoing'!$A$1:$P$800,15,FALSE))","v":74.074074074074076},{"$f":"IF(ISERROR(VLOOKUP($B16,'percentage ongoing'!$A$1:$P$800,15,FALSE)),\"-\",VLOOKUP($B16,'percentage ongoing'!$A$1:$P$800,16,FALSE))","v":100}]
["V203P","V203PB12","   Clackmannanshire ADP: HMP Glenochil ",{"$f":"IF(ISERROR(VLOOKUP($B17,ongoing1!$A$1:$X$800,D$41,FALSE)),\"-\",VLOOKUP($B17,ongoing1!$A$1:$X$800,D$41,FALSE))","v":"*"},{"$f":"IF(ISERROR(VLOOKUP($B17,ongoing1!$A$1:$X$800,E$41,FALSE)),\"-\",VLOOKUP($B17,ongoing1!$A$1:$X$800,E$41,FALSE))","v":100},{"$f":"IF(ISERROR(VLOOKUP($B17,ongoing1!$A$1:$X$800,F$41,FALSE)),\"-\",VLOOKUP($B17,ongoing1!$A$1:$X$800,F$41,FALSE))","v":0},{"$f":"IF(ISERROR(VLOOKUP($B17,ongoing1!$A$1:$X$800,G$41,FALSE)),\"-\",VLOOKUP($B17,ongoing1!$A$1:$X$800,G$41,FALSE))","v":0},{"$f":"IF(ISERROR(VLOOKUP($B17,ongoing1!$A$1:$X$800,H$41,FALSE)),\"-\",VLOOKUP($B17,ongoing1!$A$1:$X$800,H$41,FALSE))","v":0},{"$f":"IF(ISERROR(VLOOKUP($B17,ongoing1!$A$1:$X$800,I$41,FALSE)),\"-\",VLOOKUP($B17,ongoing1!$A$1:$X$800,I$41,FALSE))","v":0},{"$f":"IF(ISERROR(VLOOKUP($B17,ongoing1!$A$1:$X$800,J$41,FALSE)),\"-\",VLOOKUP($B17,ongoing1!$A$1:$X$800,J$41,FALSE))","v":0},{"$f":"IF(ISERROR(VLOOKUP($B17,ongoing1!$A$1:$X$800,K$41,FALSE)),\"-\",VLOOKUP($B17,ongoing1!$A$1:$X$800,K$41,FALSE))","v":0},{"$f":"IF(ISERROR(VLOOKUP($B17,ongoing1!$A$1:$X$800,L$41,FALSE)),\"-\",VLOOKUP($B17,ongoing1!$A$1:$X$800,L$41,FALSE))","v":0},{"$f":"IF(ISERROR(VLOOKUP($B17,ongoing1!$A$1:$X$800,M$41,FALSE)),\"-\",VLOOKUP($B17,ongoing1!$A$1:$X$800,M$41,FALSE))","v":0},{"$f":"IF(ISERROR(VLOOKUP($B17,ongoing1!$A$1:$X$800,N$41,FALSE)),\"-\",VLOOKUP($B17,ongoing1!$A$1:$X$800,N$41,FALSE))","v":0},{"$f":"IF(ISERROR(VLOOKUP($B17,ongoing1!$A$1:$X$800,O$41,FALSE)),\"-\",VLOOKUP($B17,ongoing1!$A$1:$X$800,O$41,FALSE))","v":0},null,{"$f":"IF(ISERROR(VLOOKUP($B17,'percentage ongoing'!$A$1:$P$800,15,FALSE)),\"-\",VLOOKUP($B17,'percentage ongoing'!$A$1:$P$800,15,FALSE))","v":100},{"$f":"IF(ISERROR(VLOOKUP($B17,'percentage ongoing'!$A$1:$P$800,15,FALSE)),\"-\",VLOOKUP($B17,'percentage ongoing'!$A$1:$P$800,16,FALSE))","v":100}]
["V101P","V101PB12","   Falkirk ADP: HMP  Young Offenders Institution Polmont",{"$f":"IF(ISERROR(VLOOKUP($B18,ongoing1!$A$1:$X$800,D$41,FALSE)),\"-\",VLOOKUP($B18,ongoing1!$A$1:$X$800,D$41,FALSE))","v":23},{"$f":"IF(ISERROR(VLOOKUP($B18,ongoing1!$A$1:$X$800,E$41,FALSE)),\"-\",VLOOKUP($B18,ongoing1!$A$1:$X$800,E$41,FALSE))","v":13.043478260869565},{"$f":"IF(ISERROR(VLOOKUP($B18,ongoing1!$A$1:$X$800,F$41,FALSE)),\"-\",VLOOKUP($B18,ongoing1!$A$1:$X$800,F$41,FALSE))","v":34.782608695652172},{"$f":"IF(ISERROR(VLOOKUP($B18,ongoing1!$A$1:$X$800,G$41,FALSE)),\"-\",VLOOKUP($B18,ongoing1!$A$1:$X$800,G$41,FALSE))","v":30.434782608695656},{"$f":"IF(ISERROR(VLOOKUP($B18,ongoing1!$A$1:$X$800,H$41,FALSE)),\"-\",VLOOKUP($B18,ongoing1!$A$1:$X$800,H$41,FALSE))","v":0},{"$f":"IF(ISERROR(VLOOKUP($B18,ongoing1!$A$1:$X$800,I$41,FALSE)),\"-\",VLOOKUP($B18,ongoing1!$A$1:$X$800,I$41,FALSE))","v":4.3478260869565215},{"$f":"IF(ISERROR(VLOOKUP($B18,ongoing1!$A$1:$X$800,J$41,FALSE)),\"-\",VLOOKUP($B18,ongoing1!$A$1:$X$800,J$41,FALSE))","v":17.391304347826086},{"$f":"IF(ISERROR(VLOOKUP($B18,ongoing1!$A$1:$X$800,K$41,FALSE)),\"-\",VLOOKUP($B18,ongoing1!$A$1:$X$800,K$41,FALSE))","v":0},{"$f":"IF(ISERROR(VLOOKUP($B18,ongoing1!$A$1:$X$800,L$41,FALSE)),\"-\",VLOOKUP($B18,ongoing1!$A$1:$X$800,L$41,FALSE))","v":0},{"$f":"IF(ISERROR(VLOOKUP($B18,ongoing1!$A$1:$X$800,M$41,FALSE)),\"-\",VLOOKUP($B18,ongoing1!$A$1:$X$800,M$41,FALSE))","v":0},{"$f":"IF(ISERROR(VLOOKUP($B18,ongoing1!$A$1:$X$800,N$41,FALSE)),\"-\",VLOOKUP($B18,ongoing1!$A$1:$X$800,N$41,FALSE))","v":0},{"$f":"IF(ISERROR(VLOOKUP($B18,ongoing1!$A$1:$X$800,O$41,FALSE)),\"-\",VLOOKUP($B18,ongoing1!$A$1:$X$800,O$41,FALSE))","v":0},null,{"$f":"IF(ISERROR(VLOOKUP($B18,'percentage ongoing'!$A$1:$P$800,15,FALSE)),\"-\",VLOOKUP($B18,'percentage ongoing'!$A$1:$P$800,15,FALSE))","v":78.260869565217391},{"$f":"IF(ISERROR(VLOOKUP($B18,'percentage ongoing'!$A$1:$P$800,15,FALSE)),\"-\",VLOOKUP($B18,'percentage ongoing'!$A$1:$P$800,16,FALSE))","v":100}]
["V202P","V202PB12","   Stirling ADP: HMP & YOI Cornton Vale ",{"$f":"IF(ISERROR(VLOOKUP($B19,ongoing1!$A$1:$X$800,D$41,FALSE)),\"-\",VLOOKUP($B19,ongoing1!$A$1:$X$800,D$41,FALSE))","v":"*"},{"$f":"IF(ISERROR(VLOOKUP($B19,ongoing1!$A$1:$X$800,E$41,FALSE)),\"-\",VLOOKUP($B19,ongoing1!$A$1:$X$800,E$41,FALSE))","v":0},{"$f":"IF(ISERROR(VLOOKUP($B19,ongoing1!$A$1:$X$800,F$41,FALSE)),\"-\",VLOOKUP($B19,ongoing1!$A$1:$X$800,F$41,FALSE))","v":0},{"$f":"IF(ISERROR(VLOOKUP($B19,ongoing1!$A$1:$X$800,G$41,FALSE)),\"-\",VLOOKUP($B19,ongoing1!$A$1:$X$800,G$41,FALSE))","v":0},{"$f":"IF(ISERROR(VLOOKUP($B19,ongoing1!$A$1:$X$800,H$41,FALSE)),\"-\",VLOOKUP($B19,ongoing1!$A$1:$X$800,H$41,FALSE))","v":100},{"$f":"IF(ISERROR(VLOOKUP($B19,ongoing1!$A$1:$X$800,I$41,FALSE)),\"-\",VLOOKUP($B19,ongoing1!$A$1:$X$800,I$41,FALSE))","v":0},{"$f":"IF(ISERROR(VLOOKUP($B19,ongoing1!$A$1:$X$800,J$41,FALSE)),\"-\",VLOOKUP($B19,ongoing1!$A$1:$X$800,J$41,FALSE))","v":0},{"$f":"IF(ISERROR(VLOOKUP($B19,ongoing1!$A$1:$X$800,K$41,FALSE)),\"-\",VLOOKUP($B19,ongoing1!$A$1:$X$800,K$41,FALSE))","v":0},{"$f":"IF(ISERROR(VLOOKUP($B19,ongoing1!$A$1:$X$800,L$41,FALSE)),\"-\",VLOOKUP($B19,ongoing1!$A$1:$X$800,L$41,FALSE))","v":0},{"$f":"IF(ISERROR(VLOOKUP($B19,ongoing1!$A$1:$X$800,M$41,FALSE)),\"-\",VLOOKUP($B19,ongoing1!$A$1:$X$800,M$41,FALSE))","v":0},{"$f":"IF(ISERROR(VLOOKUP($B19,ongoing1!$A$1:$X$800,N$41,FALSE)),\"-\",VLOOKUP($B19,ongoing1!$A$1:$X$800,N$41,FALSE))","v":0},{"$f":"IF(ISERROR(VLOOKUP($B19,ongoing1!$A$1:$X$800,O$41,FALSE)),\"-\",VLOOKUP($B19,ongoing1!$A$1:$X$800,O$41,FALSE))","v":0},null,{"$f":"IF(ISERROR(VLOOKUP($B19,'percentage ongoing'!$A$1:$P$800,15,FALSE)),\"-\",VLOOKUP($B19,'percentage ongoing'!$A$1:$P$800,15,FALSE))","v":0},{"$f":"IF(ISERROR(VLOOKUP($B19,'percentage ongoing'!$A$1:$P$800,15,FALSE)),\"-\",VLOOKUP($B19,'percentage ongoing'!$A$1:$P$800,16,FALSE))","v":100}]
["207","207B12","Grampian NHS",{"$f":"IF(ISERROR(VLOOKUP($B20,ongoing1!$A$1:$X$800,D$41,FALSE)),\"-\",VLOOKUP($B20,ongoing1!$A$1:$X$800,D$41,FALSE))","v":"-"},{"$f":"IF(ISERROR(VLOOKUP($B20,ongoing1!$A$1:$X$800,E$41,FALSE)),\"-\",VLOOKUP($B20,ongoing1!$A$1:$X$800,E$41,FALSE))","v":"-"},{"$f":"IF(ISERROR(VLOOKUP($B20,ongoing1!$A$1:$X$800,F$41,FALSE)),\"-\",VLOOKUP($B20,ongoing1!$A$1:$X$800,F$41,FALSE))","v":"-"},{"$f":"IF(ISERROR(VLOOKUP($B20,ongoing1!$A$1:$X$800,G$41,FALSE)),\"-\",VLOOKUP($B20,ongoing1!$A$1:$X$800,G$41,FALSE))","v":"-"},{"$f":"IF(ISERROR(VLOOKUP($B20,ongoing1!$A$1:$X$800,H$41,FALSE)),\"-\",VLOOKUP($B20,ongoing1!$A$1:$X$800,H$41,FALSE))","v":"-"},{"$f":"IF(ISERROR(VLOOKUP($B20,ongoing1!$A$1:$X$800,I$41,FALSE)),\"-\",VLOOKUP($B20,ongoing1!$A$1:$X$800,I$41,FALSE))","v":"-"},{"$f":"IF(ISERROR(VLOOKUP($B20,ongoing1!$A$1:$X$800,J$41,FALSE)),\"-\",VLOOKUP($B20,ongoing1!$A$1:$X$800,J$41,FALSE))","v":"-"},{"$f":"IF(ISERROR(VLOOKUP($B20,ongoing1!$A$1:$X$800,K$41,FALSE)),\"-\",VLOOKUP($B20,ongoing1!$A$1:$X$800,K$41,FALSE))","v":"-"},{"$f":"IF(ISERROR(VLOOKUP($B20,ongoing1!$A$1:$X$800,L$41,FALSE)),\"-\",VLOOKUP($B20,ongoing1!$A$1:$X$800,L$41,FALSE))","v":"-"},{"$f":"IF(ISERROR(VLOOKUP($B20,ongoing1!$A$1:$X$800,M$41,FALSE)),\"-\",VLOOKUP($B20,ongoing1!$A$1:$X$800,M$41,FALSE))","v":"-"},{"$f":"IF(ISERROR(VLOOKUP($B20,ongoing1!$A$1:$X$800,N$41,FALSE)),\"-\",VLOOKUP($B20,ongoing1!$A$1:$X$800,N$41,FALSE))","v":"-"},{"$f":"IF(ISERROR(VLOOKUP($B20,ongoing1!$A$1:$X$800,O$41,FALSE)),\"-\",VLOOKUP($B20,ongoing1!$A$1:$X$800,O$41,FALSE))","v":"-"},null,{"$f":"IF(ISERROR(VLOOKUP($B20,'percentage ongoing'!$A$1:$P$800,15,FALSE)),\"-\",VLOOKUP($B20,'percentage ongoing'!$A$1:$P$800,15,FALSE))","v":"-"},{"$f":"IF(ISERROR(VLOOKUP($B20,'percentage ongoing'!$A$1:$P$800,15,FALSE)),\"-\",VLOOKUP($B20,'percentage ongoing'!$A$1:$P$800,16,FALSE))","v":"-"}]
["N401P","N401PB12","   Aberdeenshire ADP: HMP Grampian and YOI",{"$f":"IF(ISERROR(VLOOKUP($B21,ongoing1!$A$1:$X$800,D$41,FALSE)),\"-\",VLOOKUP($B21,ongoing1!$A$1:$X$800,D$41,FALSE))","v":"-"},{"$f":"IF(ISERROR(VLOOKUP($B21,ongoing1!$A$1:$X$800,E$41,FALSE)),\"-\",VLOOKUP($B21,ongoing1!$A$1:$X$800,E$41,FALSE))","v":"-"},{"$f":"IF(ISERROR(VLOOKUP($B21,ongoing1!$A$1:$X$800,F$41,FALSE)),\"-\",VLOOKUP($B21,ongoing1!$A$1:$X$800,F$41,FALSE))","v":"-"},{"$f":"IF(ISERROR(VLOOKUP($B21,ongoing1!$A$1:$X$800,G$41,FALSE)),\"-\",VLOOKUP($B21,ongoing1!$A$1:$X$800,G$41,FALSE))","v":"-"},{"$f":"IF(ISERROR(VLOOKUP($B21,ongoing1!$A$1:$X$800,H$41,FALSE)),\"-\",VLOOKUP($B21,ongoing1!$A$1:$X$800,H$41,FALSE))","v":"-"},{"$f":"IF(ISERROR(VLOOKUP($B21,ongoing1!$A$1:$X$800,I$41,FALSE)),\"-\",VLOOKUP($B21,ongoing1!$A$1:$X$800,I$41,FALSE))","v":"-"},{"$f":"IF(ISERROR(VLOOKUP($B21,ongoing1!$A$1:$X$800,J$41,FALSE)),\"-\",VLOOKUP($B21,ongoing1!$A$1:$X$800,J$41,FALSE))","v":"-"},{"$f":"IF(ISERROR(VLOOKUP($B21,ongoing1!$A$1:$X$800,K$41,FALSE)),\"-\",VLOOKUP($B21,ongoing1!$A$1:$X$800,K$41,FALSE))","v":"-"},{"$f":"IF(ISERROR(VLOOKUP($B21,ongoing1!$A$1:$X$800,L$41,FALSE)),\"-\",VLOOKUP($B21,ongoing1!$A$1:$X$800,L$41,FALSE))","v":"-"},{"$f":"IF(ISERROR(VLOOKUP($B21,ongoing1!$A$1:$X$800,M$41,FALSE)),\"-\",VLOOKUP($B21,ongoing1!$A$1:$X$800,M$41,FALSE))","v":"-"},{"$f":"IF(ISERROR(VLOOKUP($B21,ongoing1!$A$1:$X$800,N$41,FALSE)),\"-\",VLOOKUP($B21,ongoing1!$A$1:$X$800,N$41,FALSE))","v":"-"},{"$f":"IF(ISERROR(VLOOKUP($B21,ongoing1!$A$1:$X$800,O$41,FALSE)),\"-\",VLOOKUP($B21,ongoing1!$A$1:$X$800,O$41,FALSE))","v":"-"},null,{"$f":"IF(ISERROR(VLOOKUP($B21,'percentage ongoing'!$A$1:$P$800,15,FALSE)),\"-\",VLOOKUP($B21,'percentage ongoing'!$A$1:$P$800,15,FALSE))","v":"-"},{"$f":"IF(ISERROR(VLOOKUP($B21,'percentage ongoing'!$A$1:$P$800,15,FALSE)),\"-\",VLOOKUP($B21,'percentage ongoing'!$A$1:$P$800,16,FALSE))","v":"-"}]
["218","218B12","Greater Glasgow & Clyde NHS",{"$f":"IF(ISERROR(VLOOKUP($B22,ongoing1!$A$1:$X$800,D$41,FALSE)),\"-\",VLOOKUP($B22,ongoing1!$A$1:$X$800,D$41,FALSE))","v":9},{"$f":"IF(ISERROR(VLOOKUP($B22,ongoing1!$A$1:$X$800,E$41,FALSE)),\"-\",VLOOKUP($B22,ongoing1!$A$1:$X$800,E$41,FALSE))","v":55.555555555555557},{"$f":"IF(ISERROR(VLOOKUP($B22,ongoing1!$A$1:$X$800,F$41,FALSE)),\"-\",VLOOKUP($B22,ongoing1!$A$1:$X$800,F$41,FALSE))","v":11.111111111111111},{"$f":"IF(ISERROR(VLOOKUP($B22,ongoing1!$A$1:$X$800,G$41,FALSE)),\"-\",VLOOKUP($B22,ongoing1!$A$1:$X$800,G$41,FALSE))","v":22.222222222222221},{"$f":"IF(ISERROR(VLOOKUP($B22,ongoing1!$A$1:$X$800,H$41,FALSE)),\"-\",VLOOKUP($B22,ongoing1!$A$1:$X$800,H$41,FALSE))","v":11.111111111111111},{"$f":"IF(ISERROR(VLOOKUP($B22,ongoing1!$A$1:$X$800,I$41,FALSE)),\"-\",VLOOKUP($B22,ongoing1!$A$1:$X$800,I$41,FALSE))","v":0},{"$f":"IF(ISERROR(VLOOKUP($B22,ongoing1!$A$1:$X$800,J$41,FALSE)),\"-\",VLOOKUP($B22,ongoing1!$A$1:$X$800,J$41,FALSE))","v":0},{"$f":"IF(ISERROR(VLOOKUP($B22,ongoing1!$A$1:$X$800,K$41,FALSE)),\"-\",VLOOKUP($B22,ongoing1!$A$1:$X$800,K$41,FALSE))","v":0},{"$f":"IF(ISERROR(VLOOKUP($B22,ongoing1!$A$1:$X$800,L$41,FALSE)),\"-\",VLOOKUP($B22,ongoing1!$A$1:$X$800,L$41,FALSE))","v":0},{"$f":"IF(ISERROR(VLOOKUP($B22,ongoing1!$A$1:$X$800,M$41,FALSE)),\"-\",VLOOKUP($B22,ongoing1!$A$1:$X$800,M$41,FALSE))","v":0},{"$f":"IF(ISERROR(VLOOKUP($B22,ongoing1!$A$1:$X$800,N$41,FALSE)),\"-\",VLOOKUP($B22,ongoing1!$A$1:$X$800,N$41,FALSE))","v":0},{"$f":"IF(ISERROR(VLOOKUP($B22,ongoing1!$A$1:$X$800,O$41,FALSE)),\"-\",VLOOKUP($B22,ongoing1!$A$1:$X$800,O$41,FALSE))","v":0},null,{"$f":"IF(ISERROR(VLOOKUP($B22,'percentage ongoing'!$A$1:$P$800,15,FALSE)),\"-\",VLOOKUP($B22,'percentage ongoing'!$A$1:$P$800,15,FALSE))","v":88.888888888888886},{"$f":"IF(ISERROR(VLOOKUP($B22,'percentage ongoing'!$A$1:$P$800,15,FALSE)),\"-\",VLOOKUP($B22,'percentage ongoing'!$A$1:$P$800,16,FALSE))","v":100}]
["G763P","G763PB12","   East Dunbartonshire ADP: HMP Low Moss¹",{"$f":"IF(ISERROR(VLOOKUP($B23,ongoing1!$A$1:$X$800,D$41,FALSE)),\"-\",VLOOKUP($B23,ongoing1!$A$1:$X$800,D$41,FALSE))","v":"-"},{"$f":"IF(ISERROR(VLOOKUP($B23,ongoing1!$A$1:$X$800,E$41,FALSE)),\"-\",VLOOKUP($B23,ongoing1!$A$1:$X$800,E$41,FALSE))","v":"-"},{"$f":"IF(ISERROR(VLOOKUP($B23,ongoing1!$A$1:$X$800,F$41,FALSE)),\"-\",VLOOKUP($B23,ongoing1!$A$1:$X$800,F$41,FALSE))","v":"-"},{"$f":"IF(ISERROR(VLOOKUP($B23,ongoing1!$A$1:$X$800,G$41,FALSE)),\"-\",VLOOKUP($B23,ongoing1!$A$1:$X$800,G$41,FALSE))","v":"-"},{"$f":"IF(ISERROR(VLOOKUP($B23,ongoing1!$A$1:$X$800,H$41,FALSE)),\"-\",VLOOKUP($B23,ongoing1!$A$1:$X$800,H$41,FALSE))","v":"-"},{"$f":"IF(ISERROR(VLOOKUP($B23,ongoing1!$A$1:$X$800,I$41,FALSE)),\"-\",VLOOKUP($B23,ongoing1!$A$1:$X$800,I$41,FALSE))","v":"-"},{"$f":"IF(ISERROR(VLOOKUP($B23,ongoing1!$A$1:$X$800,J$41,FALSE)),\"-\",VLOOKUP($B23,ongoing1!$A$1:$X$800,J$41,FALSE))","v":"-"},{"$f":"IF(ISERROR(VLOOKUP($B23,ongoing1!$A$1:$X$800,K$41,FALSE)),\"-\",VLOOKUP($B23,ongoing1!$A$1:$X$800,K$41,FALSE))","v":"-"},{"$f":"IF(ISERROR(VLOOKUP($B23,ongoing1!$A$1:$X$800,L$41,FALSE)),\"-\",VLOOKUP($B23,ongoing1!$A$1:$X$800,L$41,FALSE))","v":"-"},{"$f":"IF(ISERROR(VLOOKUP($B23,ongoing1!$A$1:$X$800,M$41,FALSE)),\"-\",VLOOKUP($B23,ongoing1!$A$1:$X$800,M$41,FALSE))","v":"-"},{"$f":"IF(ISERROR(VLOOKUP($B23,ongoing1!$A$1:$X$800,N$41,FALSE)),\"-\",VLOOKUP($B23,ongoing1!$A$1:$X$800,N$41,FALSE))","v":"-"},{"$f":"IF(ISERROR(VLOOKUP($B23,ongoing1!$A$1:$X$800,O$41,FALSE)),\"-\",VLOOKUP($B23,ongoing1!$A$1:$X$800,O$41,FALSE))","v":"-"},null,{"$f":"IF(ISERROR(VLOOKUP($B23,'percentage ongoing'!$A$1:$P$800,15,FALSE)),\"-\",VLOOKUP($B23,'percentage ongoing'!$A$1:$P$800,15,FALSE))","v":"-"},{"$f":"IF(ISERROR(VLOOKUP($B23,'percentage ongoing'!$A$1:$P$800,15,FALSE)),\"-\",VLOOKUP($B23,'percentage ongoing'!$A$1:$P$800,16,FALSE))","v":"-"}]
["G101P","G101PB12","   Glasgow City ADP: HMP Barlinnie Prison",{"$f":"IF(ISERROR(VLOOKUP($B24,ongoing1!$A$1:$X$800,D$41,FALSE)),\"-\",VLOOKUP($B24,ongoing1!$A$1:$X$800,D$41,FALSE))","v":"*"},{"$f":"IF(ISERROR(VLOOKUP($B24,ongoing1!$A$1:$X$800,E$41,FALSE)),\"-\",VLOOKUP($B24,ongoing1!$A$1:$X$800,E$41,FALSE))","v":100},{"$f":"IF(ISERROR(VLOOKUP($B24,ongoing1!$A$1:$X$800,F$41,FALSE)),\"-\",VLOOKUP($B24,ongoing1!$A$1:$X$800,F$41,FALSE))","v":0},{"$f":"IF(ISERROR(VLOOKUP($B24,ongoing1!$A$1:$X$800,G$41,FALSE)),\"-\",VLOOKUP($B24,ongoing1!$A$1:$X$800,G$41,FALSE))","v":0},{"$f":"IF(ISERROR(VLOOKUP($B24,ongoing1!$A$1:$X$800,H$41,FALSE)),\"-\",VLOOKUP($B24,ongoing1!$A$1:$X$800,H$41,FALSE))","v":0},{"$f":"IF(ISERROR(VLOOKUP($B24,ongoing1!$A$1:$X$800,I$41,FALSE)),\"-\",VLOOKUP($B24,ongoing1!$A$1:$X$800,I$41,FALSE))","v":0},{"$f":"IF(ISERROR(VLOOKUP($B24,ongoing1!$A$1:$X$800,J$41,FALSE)),\"-\",VLOOKUP($B24,ongoing1!$A$1:$X$800,J$41,FALSE))","v":0},{"$f":"IF(ISERROR(VLOOKUP($B24,ongoing1!$A$1:$X$800,K$41,FALSE)),\"-\",VLOOKUP($B24,ongoing1!$A$1:$X$800,K$41,FALSE))","v":0},{"$f":"IF(ISERROR(VLOOKUP($B24,ongoing1!$A$1:$X$800,L$41,FALSE)),\"-\",VLOOKUP($B24,ongoing1!$A$1:$X$800,L$41,FALSE))","v":0},{"$f":"IF(ISERROR(VLOOKUP($B24,ongoing1!$A$1:$X$800,M$41,FALSE)),\"-\",VLOOKUP($B24,ongoing1!$A$1:$X$800,M$41,FALSE))","v":0},{"$f":"IF(ISERROR(VLOOKUP($B24,ongoing1!$A$1:$X$800,N$41,FALSE)),\"-\",VLOOKUP($B24,ongoing1!$A$1:$X$800,N$41,FALSE))","v":0},{"$f":"IF(ISERROR(VLOOKUP($B24,ongoing1!$A$1:$X$800,O$41,FALSE)),\"-\",VLOOKUP($B24,ongoing1!$A$1:$X$800,O$41,FALSE))","v":0},null,{"$f":"IF(ISERROR(VLOOKUP($B24,'percentage ongoing'!$A$1:$P$800,15,FALSE)),\"-\",VLOOKUP($B24,'percentage ongoing'!$A$1:$P$800,15,FALSE))","v":100},{"$f":"IF(ISERROR(VLOOKUP($B24,'percentage ongoing'!$A$1:$P$800,15,FALSE)),\"-\",VLOOKUP($B24,'percentage ongoing'!$A$1:$P$800,16,FALSE))","v":100}]
["C203P","C203PB12","   Inverclyde ADP: HMP Greenock",{"$f":"IF(ISERROR(VLOOKUP($B25,ongoing1!$A$1:$X$800,D$41,FALSE)),\"-\",VLOOKUP($B25,ongoing1!$A$1:$X$800,D$41,FALSE))","v":"*"},{"$f":"IF(ISERROR(VLOOKUP($B25,ongoing1!$A$1:$X$800,E$41,FALSE)),\"-\",VLOOKUP($B25,ongoing1!$A$1:$X$800,E$41,FALSE))","v":33.333333333333329},{"$f":"IF(ISERROR(VLOOKUP($B25,ongoing1!$A$1:$X$800,F$41,FALSE)),\"-\",VLOOKUP($B25,ongoing1!$A$1:$X$800,F$41,FALSE))","v":16.666666666666664},{"$f":"IF(ISERROR(VLOOKUP($B25,ongoing1!$A$1:$X$800,G$41,FALSE)),\"-\",VLOOKUP($B25,ongoing1!$A$1:$X$800,G$41,FALSE))","v":33.333333333333329},{"$f":"IF(ISERROR(VLOOKUP($B25,ongoing1!$A$1:$X$800,H$41,FALSE)),\"-\",VLOOKUP($B25,ongoing1!$A$1:$X$800,H$41,FALSE))","v":16.666666666666664},{"$f":"IF(ISERROR(VLOOKUP($B25,ongoing1!$A$1:$X$800,I$41,FALSE)),\"-\",VLOOKUP($B25,ongoing1!$A$1:$X$800,I$41,FALSE))","v":0},{"$f":"IF(ISERROR(VLOOKUP($B25,ongoing1!$A$1:$X$800,J$41,FALSE)),\"-\",VLOOKUP($B25,ongoing1!$A$1:$X$800,J$41,FALSE))","v":0},{"$f":"IF(ISERROR(VLOOKUP($B25,ongoing1!$A$1:$X$800,K$41,FALSE)),\"-\",VLOOKUP($B25,ongoing1!$A$1:$X$800,K$41,FALSE))","v":0},{"$f":"IF(ISERROR(VLOOKUP($B25,ongoing1!$A$1:$X$800,L$41,FALSE)),\"-\",VLOOKUP($B25,ongoing1!$A$1:$X$800,L$41,FALSE))","v":0},{"$f":"IF(ISERROR(VLOOKUP($B25,ongoing1!$A$1:$X$800,M$41,FALSE)),\"-\",VLOOKUP($B25,ongoing1!$A$1:$X$800,M$41,FALSE))","v":0},{"$f":"IF(ISERROR(VLOOKUP($B25,ongoing1!$A$1:$X$800,N$41,FALSE)),\"-\",VLOOKUP($B25,ongoing1!$A$1:$X$800,N$41,FALSE))","v":0},{"$f":"IF(ISERROR(VLOOKUP($B25,ongoing1!$A$1:$X$800,O$41,FALSE)),\"-\",VLOOKUP($B25,ongoing1!$A$1:$X$800,O$41,FALSE))","v":0},null,{"$f":"IF(ISERROR(VLOOKUP($B25,'percentage ongoing'!$A$1:$P$800,15,FALSE)),\"-\",VLOOKUP($B25,'percentage ongoing'!$A$1:$P$800,15,FALSE))","v":83.333333333333314},{"$f":"IF(ISERROR(VLOOKUP($B25,'percentage ongoing'!$A$1:$P$800,15,FALSE)),\"-\",VLOOKUP($B25,'percentage ongoing'!$A$1:$P$800,16,FALSE))","v":99.999999999999972}]
["209","209B12","Highland NHS",{"$f":"IF(ISERROR(VLOOKUP($B26,ongoing1!$A$1:$X$800,D$41,FALSE)),\"-\",VLOOKUP($B26,ongoing1!$A$1:$X$800,D$41,FALSE))","v":"-"},{"$f":"IF(ISERROR(VLOOKUP($B26,ongoing1!$A$1:$X$800,E$41,FALSE)),\"-\",VLOOKUP($B26,ongoing1!$A$1:$X$800,E$41,FALSE))","v":"-"},{"$f":"IF(ISERROR(VLOOKUP($B26,ongoing1!$A$1:$X$800,F$41,FALSE)),\"-\",VLOOKUP($B26,ongoing1!$A$1:$X$800,F$41,FALSE))","v":"-"},{"$f":"IF(ISERROR(VLOOKUP($B26,ongoing1!$A$1:$X$800,G$41,FALSE)),\"-\",VLOOKUP($B26,ongoing1!$A$1:$X$800,G$41,FALSE))","v":"-"},{"$f":"IF(ISERROR(VLOOKUP($B26,ongoing1!$A$1:$X$800,H$41,FALSE)),\"-\",VLOOKUP($B26,ongoing1!$A$1:$X$800,H$41,FALSE))","v":"-"},{"$f":"IF(ISERROR(VLOOKUP($B26,ongoing1!$A$1:$X$800,I$41,FALSE)),\"-\",VLOOKUP($B26,ongoing1!$A$1:$X$800,I$41,FALSE))","v":"-"},{"$f":"IF(ISERROR(VLOOKUP($B26,ongoing1!$A$1:$X$800,J$41,FALSE)),\"-\",VLOOKUP($B26,ongoing1!$A$1:$X$800,J$41,FALSE))","v":"-"},{"$f":"IF(ISERROR(VLOOKUP($B26,ongoing1!$A$1:$X$800,K$41,FALSE)),\"-\",VLOOKUP($B26,ongoing1!$A$1:$X$800,K$41,FALSE))","v":"-"},{"$f":"IF(ISERROR(VLOOKUP($B26,ongoing1!$A$1:$X$800,L$41,FALSE)),\"-\",VLOOKUP($B26,ongoing1!$A$1:$X$800,L$41,FALSE))","v":"-"},{"$f":"IF(ISERROR(VLOOKUP($B26,ongoing1!$A$1:$X$800,M$41,FALSE)),\"-\",VLOOKUP($B26,ongoing1!$A$1:$X$800,M$41,FALSE))","v":"-"},{"$f":"IF(ISERROR(VLOOKUP($B26,ongoing1!$A$1:$X$800,N$41,FALSE)),\"-\",VLOOKUP($B26,ongoing1!$A$1:$X$800,N$41,FALSE))","v":"-"},{"$f":"IF(ISERROR(VLOOKUP($B26,ongoing1!$A$1:$X$800,O$41,FALSE)),\"-\",VLOOKUP($B26,ongoing1!$A$1:$X$800,O$41,FALSE))","v":"-"},null,{"$f":"IF(ISERROR(VLOOKUP($B26,'percentage ongoing'!$A$1:$P$800,15,FALSE)),\"-\",VLOOKUP($B26,'percentage ongoing'!$A$1:$P$800,15,FALSE))","v":"-"},{"$f":"IF(ISERROR(VLOOKUP($B26,'percentage ongoing'!$A$1:$P$800,15,FALSE)),\"-\",VLOOKUP($B26,'percentage ongoing'!$A$1:$P$800,16,FALSE))","v":"-"}]
["H202P","H202PB12","   Highland ADP: HMP Inverness ",{"$f":"IF(ISERROR(VLOOKUP($B27,ongoing1!$A$1:$X$800,D$41,FALSE)),\"-\",VLOOKUP($B27,ongoing1!$A$1:$X$800,D$41,FALSE))","v":"-"},{"$f":"IF(ISERROR(VLOOKUP($B27,ongoing1!$A$1:$X$800,E$41,FALSE)),\"-\",VLOOKUP($B27,ongoing1!$A$1:$X$800,E$41,FALSE))","v":"-"},{"$f":"IF(ISERROR(VLOOKUP($B27,ongoing1!$A$1:$X$800,F$41,FALSE)),\"-\",VLOOKUP($B27,ongoing1!$A$1:$X$800,F$41,FALSE))","v":"-"},{"$f":"IF(ISERROR(VLOOKUP($B27,ongoing1!$A$1:$X$800,G$41,FALSE)),\"-\",VLOOKUP($B27,ongoing1!$A$1:$X$800,G$41,FALSE))","v":"-"},{"$f":"IF(ISERROR(VLOOKUP($B27,ongoing1!$A$1:$X$800,H$41,FALSE)),\"-\",VLOOKUP($B27,ongoing1!$A$1:$X$800,H$41,FALSE))","v":"-"},{"$f":"IF(ISERROR(VLOOKUP($B27,ongoing1!$A$1:$X$800,I$41,FALSE)),\"-\",VLOOKUP($B27,ongoing1!$A$1:$X$800,I$41,FALSE))","v":"-"},{"$f":"IF(ISERROR(VLOOKUP($B27,ongoing1!$A$1:$X$800,J$41,FALSE)),\"-\",VLOOKUP($B27,ongoing1!$A$1:$X$800,J$41,FALSE))","v":"-"},{"$f":"IF(ISERROR(VLOOKUP($B27,ongoing1!$A$1:$X$800,K$41,FALSE)),\"-\",VLOOKUP($B27,ongoing1!$A$1:$X$800,K$41,FALSE))","v":"-"},{"$f":"IF(ISERROR(VLOOKUP($B27,ongoing1!$A$1:$X$800,L$41,FALSE)),\"-\",VLOOKUP($B27,ongoing1!$A$1:$X$800,L$41,FALSE))","v":"-"},{"$f":"IF(ISERROR(VLOOKUP($B27,ongoing1!$A$1:$X$800,M$41,FALSE)),\"-\",VLOOKUP($B27,ongoing1!$A$1:$X$800,M$41,FALSE))","v":"-"},{"$f":"IF(ISERROR(VLOOKUP($B27,ongoing1!$A$1:$X$800,N$41,FALSE)),\"-\",VLOOKUP($B27,ongoing1!$A$1:$X$800,N$41,FALSE))","v":"-"},{"$f":"IF(ISERROR(VLOOKUP($B27,ongoing1!$A$1:$X$800,O$41,FALSE)),\"-\",VLOOKUP($B27,ongoing1!$A$1:$X$800,O$41,FALSE))","v":"-"},null,{"$f":"IF(ISERROR(VLOOKUP($B27,'percentage ongoing'!$A$1:$P$800,15,FALSE)),\"-\",VLOOKUP($B27,'percentage ongoing'!$A$1:$P$800,15,FALSE))","v":"-"},{"$f":"IF(ISERROR(VLOOKUP($B27,'percentage ongoing'!$A$1:$P$800,15,FALSE)),\"-\",VLOOKUP($B27,'percentage ongoing'!$A$1:$P$800,16,FALSE))","v":"-"}]
["210","210B12","Lanarkshire NHS/ADP",{"$f":"IF(ISERROR(VLOOKUP($B28,ongoing1!$A$1:$X$800,D$41,FALSE)),\"-\",VLOOKUP($B28,ongoing1!$A$1:$X$800,D$41,FALSE))","v":"*"},{"$f":"IF(ISERROR(VLOOKUP($B28,ongoing1!$A$1:$X$800,E$41,FALSE)),\"-\",VLOOKUP($B28,ongoing1!$A$1:$X$800,E$41,FALSE))","v":100},{"$f":"IF(ISERROR(VLOOKUP($B28,ongoing1!$A$1:$X$800,F$41,FALSE)),\"-\",VLOOKUP($B28,ongoing1!$A$1:$X$800,F$41,FALSE))","v":0},{"$f":"IF(ISERROR(VLOOKUP($B28,ongoing1!$A$1:$X$800,G$41,FALSE)),\"-\",VLOOKUP($B28,ongoing1!$A$1:$X$800,G$41,FALSE))","v":0},{"$f":"IF(ISERROR(VLOOKUP($B28,ongoing1!$A$1:$X$800,H$41,FALSE)),\"-\",VLOOKUP($B28,ongoing1!$A$1:$X$800,H$41,FALSE))","v":0},{"$f":"IF(ISERROR(VLOOKUP($B28,ongoing1!$A$1:$X$800,I$41,FALSE)),\"-\",VLOOKUP($B28,ongoing1!$A$1:$X$800,I$41,FALSE))","v":0},{"$f":"IF(ISERROR(VLOOKUP($B28,ongoing1!$A$1:$X$800,J$41,FALSE)),\"-\",VLOOKUP($B28,ongoing1!$A$1:$X$800,J$41,FALSE))","v":0},{"$f":"IF(ISERROR(VLOOKUP($B28,ongoing1!$A$1:$X$800,K$41,FALSE)),\"-\",VLOOKUP($B28,ongoing1!$A$1:$X$800,K$41,FALSE))","v":0},{"$f":"IF(ISERROR(VLOOKUP($B28,ongoing1!$A$1:$X$800,L$41,FALSE)),\"-\",VLOOKUP($B28,ongoing1!$A$1:$X$800,L$41,FALSE))","v":0},{"$f":"IF(ISERROR(VLOOKUP($B28,ongoing1!$A$1:$X$800,M$41,FALSE)),\"-\",VLOOKUP($B28,ongoing1!$A$1:$X$800,M$41,FALSE))","v":0},{"$f":"IF(ISERROR(VLOOKUP($B28,ongoing1!$A$1:$X$800,N$41,FALSE)),\"-\",VLOOKUP($B28,ongoing1!$A$1:$X$800,N$41,FALSE))","v":0},{"$f":"IF(ISERROR(VLOOKUP($B28,ongoing1!$A$1:$X$800,O$41,FALSE)),\"-\",VLOOKUP($B28,ongoing1!$A$1:$X$800,O$41,FALSE))","v":0},null,{"$f":"IF(ISERROR(VLOOKUP($B28,'percentage ongoing'!$A$1:$P$800,15,FALSE)),\"-\",VLOOKUP($B28,'percentage ongoing'!$A$1:$P$800,15,FALSE))","v":100},{"$f":"IF(ISERROR(VLOOKUP($B28,'percentage ongoing'!$A$1:$P$800,15,FALSE)),\"-\",VLOOKUP($B28,'percentage ongoing'!$A$1:$P$800,16,FALSE))","v":100}]
["L202P","L202PB12","   HMP Shotts ",{"$f":"IF(ISERROR(VLOOKUP($B29,ongoing1!$A$1:$X$800,D$41,FALSE)),\"-\",VLOOKUP($B29,ongoing1!$A$1:$X$800,D$41,FALSE))","v":"*"},{"$f":"IF(ISERROR(VLOOKUP($B29,ongoing1!$A$1:$X$800,E$41,FALSE)),\"-\",VLOOKUP($B29,ongoing1!$A$1:$X$800,E$41,FALSE))","v":100},{"$f":"IF(ISERROR(VLOOKUP($B29,ongoing1!$A$1:$X$800,F$41,FALSE)),\"-\",VLOOKUP($B29,ongoing1!$A$1:$X$800,F$41,FALSE))","v":0},{"$f":"IF(ISERROR(VLOOKUP($B29,ongoing1!$A$1:$X$800,G$41,FALSE)),\"-\",VLOOKUP($B29,ongoing1!$A$1:$X$800,G$41,FALSE))","v":0},{"$f":"IF(ISERROR(VLOOKUP($B29,ongoing1!$A$1:$X$800,H$41,FALSE)),\"-\",VLOOKUP($B29,ongoing1!$A$1:$X$800,H$41,FALSE))","v":0},{"$f":"IF(ISERROR(VLOOKUP($B29,ongoing1!$A$1:$X$800,I$41,FALSE)),\"-\",VLOOKUP($B29,ongoing1!$A$1:$X$800,I$41,FALSE))","v":0},{"$f":"IF(ISERROR(VLOOKUP($B29,ongoing1!$A$1:$X$800,J$41,FALSE)),\"-\",VLOOKUP($B29,ongoing1!$A$1:$X$800,J$41,FALSE))","v":0},{"$f":"IF(ISERROR(VLOOKUP($B29,ongoing1!$A$1:$X$800,K$41,FALSE)),\"-\",VLOOKUP($B29,ongoing1!$A$1:$X$800,K$41,FALSE))","v":0},{"$f":"IF(ISERROR(VLOOKUP($B29,ongoing1!$A$1:$X$800,L$41,FALSE)),\"-\",VLOOKUP($B29,ongoing1!$A$1:$X$800,L$41,FALSE))","v":0},{"$f":"IF(ISERROR(VLOOKUP($B29,ongoing1!$A$1:$X$800,M$41,FALSE)),\"-\",VLOOKUP($B29,ongoing1!$A$1:$X$800,M$41,FALSE))","v":0},{"$f":"IF(ISERROR(VLOOKUP($B29,ongoing1!$A$1:$X$800,N$41,FALSE)),\"-\",VLOOKUP($B29,ongoing1!$A$1:$X$800,N$41,FALSE))","v":0},{"$f":"IF(ISERROR(VLOOKUP($B29,ongoing1!$A$1:$X$800,O$41,FALSE)),\"-\",VLOOKUP($B29,ongoing1!$A$1:$X$800,O$41,FALSE))","v":0},null,{"$f":"IF(ISERROR(VLOOKUP($B29,'percentage ongoing'!$A$1:$P$800,15,FALSE)),\"-\",VLOOKUP($B29,'percentage ongoing'!$A$1:$P$800,15,FALSE))","v":100},{"$f":"IF(ISERROR(VLOOKUP($B29,'percentage ongoing'!$A$1:$P$800,15,FALSE)),\"-\",VLOOKUP($B29,'percentage ongoing'!$A$1:$P$800,16,FALSE))","v":100}]
["211","211B12","Lothian NHS",{"$f":"IF(ISERROR(VLOOKUP($B30,ongoing1!$A$1:$X$800,D$41,FALSE)),\"-\",VLOOKUP($B30,ongoing1!$A$1:$X$800,D$41,FALSE))","v":54},{"$f":"IF(ISERROR(VLOOKUP($B30,ongoing1!$A$1:$X$800,E$41,FALSE)),\"-\",VLOOKUP($B30,ongoing1!$A$1:$X$800,E$41,FALSE))","v":5.5555555555555554},{"$f":"IF(ISERROR(VLOOKUP($B30,ongoing1!$A$1:$X$800,F$41,FALSE)),\"-\",VLOOKUP($B30,ongoing1!$A$1:$X$800,F$41,FALSE))","v":5.5555555555555554},{"$f":"IF(ISERROR(VLOOKUP($B30,ongoing1!$A$1:$X$800,G$41,FALSE)),\"-\",VLOOKUP($B30,ongoing1!$A$1:$X$800,G$41,FALSE))","v":3.7037037037037033},{"$f":"IF(ISERROR(VLOOKUP($B30,ongoing1!$A$1:$X$800,H$41,FALSE)),\"-\",VLOOKUP($B30,ongoing1!$A$1:$X$800,H$41,FALSE))","v":14.814814814814813},{"$f":"IF(ISERROR(VLOOKUP($B30,ongoing1!$A$1:$X$800,I$41,FALSE)),\"-\",VLOOKUP($B30,ongoing1!$A$1:$X$800,I$41,FALSE))","v":5.5555555555555554},{"$f":"IF(ISERROR(VLOOKUP($B30,ongoing1!$A$1:$X$800,J$41,FALSE)),\"-\",VLOOKUP($B30,ongoing1!$A$1:$X$800,J$41,FALSE))","v":11.111111111111111},{"$f":"IF(ISERROR(VLOOKUP($B30,ongoing1!$A$1:$X$800,K$41,FALSE)),\"-\",VLOOKUP($B30,ongoing1!$A$1:$X$800,K$41,FALSE))","v":11.111111111111111},{"$f":"IF(ISERROR(VLOOKUP($B30,ongoing1!$A$1:$X$800,L$41,FALSE)),\"-\",VLOOKUP($B30,ongoing1!$A$1:$X$800,L$41,FALSE))","v":7.4074074074074066},{"$f":"IF(ISERROR(VLOOKUP($B30,ongoing1!$A$1:$X$800,M$41,FALSE)),\"-\",VLOOKUP($B30,ongoing1!$A$1:$X$800,M$41,FALSE))","v":7.4074074074074066},{"$f":"IF(ISERROR(VLOOKUP($B30,ongoing1!$A$1:$X$800,N$41,FALSE)),\"-\",VLOOKUP($B30,ongoing1!$A$1:$X$800,N$41,FALSE))","v":1.8518518518518516},{"$f":"IF(ISERROR(VLOOKUP($B30,ongoing1!$A$1:$X$800,O$41,FALSE)),\"-\",VLOOKUP($B30,ongoing1!$A$1:$X$800,O$41,FALSE))","v":25.925925925925924},null,{"$f":"IF(ISERROR(VLOOKUP($B30,'percentage ongoing'!$A$1:$P$800,15,FALSE)),\"-\",VLOOKUP($B30,'percentage ongoing'!$A$1:$P$800,15,FALSE))","v":14.814814814814813},{"$f":"IF(ISERROR(VLOOKUP($B30,'percentage ongoing'!$A$1:$P$800,15,FALSE)),\"-\",VLOOKUP($B30,'percentage ongoing'!$A$1:$P$800,16,FALSE))","v":46.296296296296291}]
["S400P",{"$f":"CONCATENATE(A31,B$6,B$4)","v":"S400PB12"},"   West Lothian ADP: HMP Addiewell",{"$f":"IF(ISERROR(VLOOKUP($B31,ongoing1!$A$1:$X$800,D$41,FALSE)),\"-\",VLOOKUP($B31,ongoing1!$A$1:$X$800,D$41,FALSE))","v":47},{"$f":"IF(ISERROR(VLOOKUP($B31,ongoing1!$A$1:$X$800,E$41,FALSE)),\"-\",VLOOKUP($B31,ongoing1!$A$1:$X$800,E$41,FALSE))","v":6.3829787234042552},{"$f":"IF(ISERROR(VLOOKUP($B31,ongoing1!$A$1:$X$800,F$41,FALSE)),\"-\",VLOOKUP($B31,ongoing1!$A$1:$X$800,F$41,FALSE))","v":2.1276595744680851},{"$f":"IF(ISERROR(VLOOKUP($B31,ongoing1!$A$1:$X$800,G$41,FALSE)),\"-\",VLOOKUP($B31,ongoing1!$A$1:$X$800,G$41,FALSE))","v":4.2553191489361701},{"$f":"IF(ISERROR(VLOOKUP($B31,ongoing1!$A$1:$X$800,H$41,FALSE)),\"-\",VLOOKUP($B31,ongoing1!$A$1:$X$800,H$41,FALSE))","v":17.021276595744681},{"$f":"IF(ISERROR(VLOOKUP($B31,ongoing1!$A$1:$X$800,I$41,FALSE)),\"-\",VLOOKUP($B31,ongoing1!$A$1:$X$800,I$41,FALSE))","v":2.1276595744680851},{"$f":"IF(ISERROR(VLOOKUP($B31,ongoing1!$A$1:$X$800,J$41,FALSE)),\"-\",VLOOKUP($B31,ongoing1!$A$1:$X$800,J$41,FALSE))","v":12.76595744680851},{"$f":"IF(ISERROR(VLOOKUP($B31,ongoing1!$A$1:$X$800,K$41,FALSE)),\"-\",VLOOKUP($B31,ongoing1!$A$1:$X$800,K$41,FALSE))","v":10.638297872340425},{"$f":"IF(ISERROR(VLOOKUP($B31,ongoing1!$A$1:$X$800,L$41,FALSE)),\"-\",VLOOKUP($B31,ongoing1!$A$1:$X$800,L$41,FALSE))","v":6.3829787234042552},{"$f":"IF(ISERROR(VLOOKUP($B31,ongoing1!$A$1:$X$800,M$41,FALSE)),\"-\",VLOOKUP($B31,ongoing1!$A$1:$X$800,M$41,FALSE))","v":8.5106382978723403},{"$f":"IF(ISERROR(VLOOKUP($B31,ongoing1!$A$1:$X$800,N$41,FALSE)),\"-\",VLOOKUP($B31,ongoing1!$A$1:$X$800,N$41,FALSE))","v":2.1276595744680851},{"$f":"IF(ISERROR(VLOOKUP($B31,ongoing1!$A$1:$X$800,O$41,FALSE)),\"-\",VLOOKUP($B31,ongoing1!$A$1:$X$800,O$41,FALSE))","v":27.659574468085108},null,{"$f":"IF(ISERROR(VLOOKUP($B31,'percentage ongoing'!$A$1:$P$800,15,FALSE)),\"-\",VLOOKUP($B31,'percentage ongoing'!$A$1:$P$800,15,FALSE))","v":12.76595744680851},{"$f":"IF(ISERROR(VLOOKUP($B31,'percentage ongoing'!$A$1:$P$800,15,FALSE)),\"-\",VLOOKUP($B31,'percentage ongoing'!$A$1:$P$800,16,FALSE))","v":44.680851063829792}]
["S203P","S203PB12","   Edinburgh City ADP: HMP Edinburgh",{"$f":"IF(ISERROR(VLOOKUP($B32,ongoing1!$A$1:$X$800,D$41,FALSE)),\"-\",VLOOKUP($B32,ongoing1!$A$1:$X$800,D$41,FALSE))","v":7},{"$f":"IF(ISERROR(VLOOKUP($B32,ongoing1!$A$1:$X$800,E$41,FALSE)),\"-\",VLOOKUP($B32,ongoing1!$A$1:$X$800,E$41,FALSE))","v":0},{"$f":"IF(ISERROR(VLOOKUP($B32,ongoing1!$A$1:$X$800,F$41,FALSE)),\"-\",VLOOKUP($B32,ongoing1!$A$1:$X$800,F$41,FALSE))","v":28.571428571428569},{"$f":"IF(ISERROR(VLOOKUP($B32,ongoing1!$A$1:$X$800,G$41,FALSE)),\"-\",VLOOKUP($B32,ongoing1!$A$1:$X$800,G$41,FALSE))","v":0},{"$f":"IF(ISERROR(VLOOKUP($B32,ongoing1!$A$1:$X$800,H$41,FALSE)),\"-\",VLOOKUP($B32,ongoing1!$A$1:$X$800,H$41,FALSE))","v":0},{"$f":"IF(ISERROR(VLOOKUP($B32,ongoing1!$A$1:$X$800,I$41,FALSE)),\"-\",VLOOKUP($B32,ongoing1!$A$1:$X$800,I$41,FALSE))","v":28.571428571428569},{"$f":"IF(ISERROR(VLOOKUP($B32,ongoing1!$A$1:$X$800,J$41,FALSE)),\"-\",VLOOKUP($B32,ongoing1!$A$1:$X$800,J$41,FALSE))","v":0},{"$f":"IF(ISERROR(VLOOKUP($B32,ongoing1!$A$1:$X$800,K$41,FALSE)),\"-\",VLOOKUP($B32,ongoing1!$A$1:$X$800,K$41,FALSE))","v":14.285714285714285},{"$f":"IF(ISERROR(VLOOKUP($B32,ongoing1!$A$1:$X$800,L$41,FALSE)),\"-\",VLOOKUP($B32,ongoing1!$A$1:$X$800,L$41,FALSE))","v":14.285714285714285},{"$f":"IF(ISERROR(VLOOKUP($B32,ongoing1!$A$1:$X$800,M$41,FALSE)),\"-\",VLOOKUP($B32,ongoing1!$A$1:$X$800,M$41,FALSE))","v":0},{"$f":"IF(ISERROR(VLOOKUP($B32,ongoing1!$A$1:$X$800,N$41,FALSE)),\"-\",VLOOKUP($B32,ongoing1!$A$1:$X$800,N$41,FALSE))","v":0},{"$f":"IF(ISERROR(VLOOKUP($B32,ongoing1!$A$1:$X$800,O$41,FALSE)),\"-\",VLOOKUP($B32,ongoing1!$A$1:$X$800,O$41,FALSE))","v":14.285714285714285},null,{"$f":"IF(ISERROR(VLOOKUP($B32,'percentage ongoing'!$A$1:$P$800,15,FALSE)),\"-\",VLOOKUP($B32,'percentage ongoing'!$A$1:$P$800,15,FALSE))","v":28.571428571428569},{"$f":"IF(ISERROR(VLOOKUP($B32,'percentage ongoing'!$A$1:$P$800,15,FALSE)),\"-\",VLOOKUP($B32,'percentage ongoing'!$A$1:$P$800,16,FALSE))","v":57.142857142857139}]
["214","214B12","Tayside NHS",{"$f":"IF(ISERROR(VLOOKUP($B33,ongoing1!$A$1:$X$800,D$41,FALSE)),\"-\",VLOOKUP($B33,ongoing1!$A$1:$X$800,D$41,FALSE))","v":12},{"$f":"IF(ISERROR(VLOOKUP($B33,ongoing1!$A$1:$X$800,E$41,FALSE)),\"-\",VLOOKUP($B33,ongoing1!$A$1:$X$800,E$41,FALSE))","v":66.666666666666657},{"$f":"IF(ISERROR(VLOOKUP($B33,ongoing1!$A$1:$X$800,F$41,FALSE)),\"-\",VLOOKUP($B33,ongoing1!$A$1:$X$800,F$41,FALSE))","v":0},{"$f":"IF(ISERROR(VLOOKUP($B33,ongoing1!$A$1:$X$800,G$41,FALSE)),\"-\",VLOOKUP($B33,ongoing1!$A$1:$X$800,G$41,FALSE))","v":16.666666666666664},{"$f":"IF(ISERROR(VLOOKUP($B33,ongoing1!$A$1:$X$800,H$41,FALSE)),\"-\",VLOOKUP($B33,ongoing1!$A$1:$X$800,H$41,FALSE))","v":0},{"$f":"IF(ISERROR(VLOOKUP($B33,ongoing1!$A$1:$X$800,I$41,FALSE)),\"-\",VLOOKUP($B33,ongoing1!$A$1:$X$800,I$41,FALSE))","v":0},{"$f":"IF(ISERROR(VLOOKUP($B33,ongoing1!$A$1:$X$800,J$41,FALSE)),\"-\",VLOOKUP($B33,ongoing1!$A$1:$X$800,J$41,FALSE))","v":0},{"$f":"IF(ISERROR(VLOOKUP($B33,ongoing1!$A$1:$X$800,K$41,FALSE)),\"-\",VLOOKUP($B33,ongoing1!$A$1:$X$800,K$41,FALSE))","v":8.3333333333333321},{"$f":"IF(ISERROR(VLOOKUP($B33,ongoing1!$A$1:$X$800,L$41,FALSE)),\"-\",VLOOKUP($B33,ongoing1!$A$1:$X$800,L$41,FALSE))","v":8.3333333333333321},{"$f":"IF(ISERROR(VLOOKUP($B33,ongoing1!$A$1:$X$800,M$41,FALSE)),\"-\",VLOOKUP($B33,ongoing1!$A$1:$X$800,M$41,FALSE))","v":0},{"$f":"IF(ISERROR(VLOOKUP($B33,ongoing1!$A$1:$X$800,N$41,FALSE)),\"-\",VLOOKUP($B33,ongoing1!$A$1:$X$800,N$41,FALSE))","v":0},{"$f":"IF(ISERROR(VLOOKUP($B33,ongoing1!$A$1:$X$800,O$41,FALSE)),\"-\",VLOOKUP($B33,ongoing1!$A$1:$X$800,O$41,FALSE))","v":0},null,{"$f":"IF(ISERROR(VLOOKUP($B33,'percentage ongoing'!$A$1:$P$800,15,FALSE)),\"-\",VLOOKUP($B33,'percentage ongoing'!$A$1:$P$800,15,FALSE))","v":83.333333333333314},{"$f":"IF(ISERROR(VLOOKUP($B33,'percentage ongoing'!$A$1:$P$800,15,FALSE)),\"-\",VLOOKUP($B33,'percentage ongoing'!$A$1:$P$800,16,FALSE))","v":83.333333333333314}]
["T300P","T300PB12","   Perth and Kinross ADP: HMP Open Estate",{"$f":"IF(ISERROR(VLOOKUP($B34,ongoing1!$A$1:$X$800,D$41,FALSE)),\"-\",VLOOKUP($B34,ongoing1!$A$1:$X$800,D$41,FALSE))","v":"-"},{"$f":"IF(ISERROR(VLOOKUP($B34,ongoing1!$A$1:$X$800,E$41,FALSE)),\"-\",VLOOKUP($B34,ongoing1!$A$1:$X$800,E$41,FALSE))","v":"-"},{"$f":"IF(ISERROR(VLOOKUP($B34,ongoing1!$A$1:$X$800,F$41,FALSE)),\"-\",VLOOKUP($B34,ongoing1!$A$1:$X$800,F$41,FALSE))","v":"-"},{"$f":"IF(ISERROR(VLOOKUP($B34,ongoing1!$A$1:$X$800,G$41,FALSE)),\"-\",VLOOKUP($B34,ongoing1!$A$1:$X$800,G$41,FALSE))","v":"-"},{"$f":"IF(ISERROR(VLOOKUP($B34,ongoing1!$A$1:$X$800,H$41,FALSE)),\"-\",VLOOKUP($B34,ongoing1!$A$1:$X$800,H$41,FALSE))","v":"-"},{"$f":"IF(ISERROR(VLOOKUP($B34,ongoing1!$A$1:$X$800,I$41,FALSE)),\"-\",VLOOKUP($B34,ongoing1!$A$1:$X$800,I$41,FALSE))","v":"-"},{"$f":"IF(ISERROR(VLOOKUP($B34,ongoing1!$A$1:$X$800,J$41,FALSE)),\"-\",VLOOKUP($B34,ongoing1!$A$1:$X$800,J$41,FALSE))","v":"-"},{"$f":"IF(ISERROR(VLOOKUP($B34,ongoing1!$A$1:$X$800,K$41,FALSE)),\"-\",VLOOKUP($B34,ongoing1!$A$1:$X$800,K$41,FALSE))","v":"-"},{"$f":"IF(ISERROR(VLOOKUP($B34,ongoing1!$A$1:$X$800,L$41,FALSE)),\"-\",VLOOKUP($B34,ongoing1!$A$1:$X$800,L$41,FALSE))","v":"-"},{"$f":"IF(ISERROR(VLOOKUP($B34,ongoing1!$A$1:$X$800,M$41,FALSE)),\"-\",VLOOKUP($B34,ongoing1!$A$1:$X$800,M$41,FALSE))","v":"-"},{"$f":"IF(ISERROR(VLOOKUP($B34,ongoing1!$A$1:$X$800,N$41,FALSE)),\"-\",VLOOKUP($B34,ongoing1!$A$1:$X$800,N$41,FALSE))","v":"-"},{"$f":"IF(ISERROR(VLOOKUP($B34,ongoing1!$A$1:$X$800,O$41,FALSE)),\"-\",VLOOKUP($B34,ongoing1!$A$1:$X$800,O$41,FALSE))","v":"-"},null,{"$f":"IF(ISERROR(VLOOKUP($B34,'percentage ongoing'!$A$1:$P$800,15,FALSE)),\"-\",VLOOKUP($B34,'percentage ongoing'!$A$1:$P$800,15,FALSE))","v":"-"},{"$f":"IF(ISERROR(VLOOKUP($B34,'percentage ongoing'!$A$1:$P$800,15,FALSE)),\"-\",VLOOKUP($B34,'percentage ongoing'!$A$1:$P$800,16,FALSE))","v":"-"}]
["T101P","T101PB12","   Perth and Kinross ADP: HMP Perth Prison",{"$f":"IF(ISERROR(VLOOKUP($B35,ongoing1!$A$1:$X$800,D$41,FALSE)),\"-\",VLOOKUP($B35,ongoing1!$A$1:$X$800,D$41,FALSE))","v":12},{"$f":"IF(ISERROR(VLOOKUP($B35,ongoing1!$A$1:$X$800,E$41,FALSE)),\"-\",VLOOKUP($B35,ongoing1!$A$1:$X$800,E$41,FALSE))","v":66.666666666666657},{"$f":"IF(ISERROR(VLOOKUP($B35,ongoing1!$A$1:$X$800,F$41,FALSE)),\"-\",VLOOKUP($B35,ongoing1!$A$1:$X$800,F$41,FALSE))","v":0},{"$f":"IF(ISERROR(VLOOKUP($B35,ongoing1!$A$1:$X$800,G$41,FALSE)),\"-\",VLOOKUP($B35,ongoing1!$A$1:$X$800,G$41,FALSE))","v":16.666666666666664},{"$f":"IF(ISERROR(VLOOKUP($B35,ongoing1!$A$1:$X$800,H$41,FALSE)),\"-\",VLOOKUP($B35,ongoing1!$A$1:$X$800,H$41,FALSE))","v":0},{"$f":"IF(ISERROR(VLOOKUP($B35,ongoing1!$A$1:$X$800,I$41,FALSE)),\"-\",VLOOKUP($B35,ongoing1!$A$1:$X$800,I$41,FALSE))","v":0},{"$f":"IF(ISERROR(VLOOKUP($B35,ongoing1!$A$1:$X$800,J$41,FALSE)),\"-\",VLOOKUP($B35,ongoing1!$A$1:$X$800,J$41,FALSE))","v":0},{"$f":"IF(ISERROR(VLOOKUP($B35,ongoing1!$A$1:$X$800,K$41,FALSE)),\"-\",VLOOKUP($B35,ongoing1!$A$1:$X$800,K$41,FALSE))","v":8.3333333333333321},{"$f":"IF(ISERROR(VLOOKUP($B35,ongoing1!$A$1:$X$800,L$41,FALSE)),\"-\",VLOOKUP($B35,ongoing1!$A$1:$X$800,L$41,FALSE))","v":8.3333333333333321},{"$f":"IF(ISERROR(VLOOKUP($B35,ongoing1!$A$1:$X$800,M$41,FALSE)),\"-\",VLOOKUP($B35,ongoing1!$A$1:$X$800,M$41,FALSE))","v":0},{"$f":"IF(ISERROR(VLOOKUP($B35,ongoing1!$A$1:$X$800,N$41,FALSE)),\"-\",VLOOKUP($B35,ongoing1!$A$1:$X$800,N$41,FALSE))","v":0},{"$f":"IF(ISERROR(VLOOKUP($B35,ongoing1!$A$1:$X$800,O$41,FALSE)),\"-\",VLOOKUP($B35,ongoing1!$A$1:$X$800,O$41,FALSE))","v":0},null,{"$f":"IF(ISERROR(VLOOKUP($B35,'percentage ongoing'!$A$1:$P$800,15,FALSE)),\"-\",VLOOKUP($B35,'percentage ongoing'!$A$1:$P$800,15,FALSE))","v":83.333333333333314},{"$f":"IF(ISERROR(VLOOKUP($B35,'percentage ongoing'!$A$1:$P$800,15,FALSE)),\"-\",VLOOKUP($B35,'percentage ongoing'!$A$1:$P$800,16,FALSE))","v":83.333333333333314}]
[null,null,null,null,null,null,null,null,"-"]
[null,null,"Source: Drug and Alcohol Treatment Waiting Times Database"]
[]
[null,null,"1 indicates there are services within this ADP/Health Board that have been excluded due to data non-compliance for quarter's ending 31st December 2019. The exclusion may affect the ADP/Health Board's performace for those quarters."]
[]
[null,null,null,13,14,15,16,17,18,19,20,21,22,23,24]
[null,null,"Notes:"]
[null,null,"1.  If menus are not active, change macro security settings using Tools, Macro, Security - set security level to Medium and re-open this report."]
[null,null,"Data for previous quarters has been revised.  Data for the most recent quarter is provisional and will be subject to revisions in future publications."]
[]
[null,null,"* Indicates values that have been suppressed due to the potential risk of disclosure and to help maintain client confidentiality."]
[]
[null,null,"Details of compliance"]
[null,null,"Index"]

{"sheet":"ongoing1","index":5,"n_rows":203,"n_cols":24,"rows_kept":203,"cut":false,"hidden":true,"merged":[]}
["desc","u8","d8to14","d15to21","d22to28","d29to35","d36to42","w7to8wk","w9to12wk","w13to16wk","w17to20wk","w21plus","t1","pc_u8","pc_d8to14","pc_d15to21","pc_d22to28","pc_d29to35","pc_d36to42","pc_w7to8wk","pc_w9to12wk","pc_w13to16wk","pc_w17to20wk","pc_w21plus"]
["A202Pb11",8,2,1,0,0,0,0,0,0,0,0,11,72.727272727272734,18.181818181818183,9.0909090909090917,0,0,0,0,0,0,0,0]
["H202Pb11",4,1,1,0,0,0,0,0,0,0,0,6,66.666666666666657,16.666666666666664,16.666666666666664,0,0,0,0,0,0,0,0]
["L202Pb11",1,0,0,0,0,0,0,0,0,0,0,"*",100,0,0,0,0,0,0,0,0,0,0]
["S203Pb11",17,6,6,0,0,0,1,2,0,0,0,32,53.125,18.75,18.75,0,0,0,3.125,6.25,0,0,0]
["S400Pb11",8,12,5,6,2,1,2,0,0,0,4,40,20,30,12.5,15,5,2.5,5,0,0,0,10]
["T101Pb11",6,4,2,0,0,0,0,0,0,0,0,12,50,33.333333333333329,16.666666666666664,0,0,0,0,0,0,0,0]
["V101Pb11",2,3,1,2,0,0,2,0,0,0,0,"*",20,30,10,20,0,0,20,0,0,0,0]
["V202Pb11",0,2,0,0,0,0,0,0,0,0,0,"*",0,100,0,0,0,0,0,0,0,0,0]
["Y101Pb11",0,1,0,0,0,0,0,0,0,0,1,"*",0,50,0,0,0,0,0,0,0,0,50]
["A202Pb12",1,0,0,0,0,0,0,0,0,0,0,"*",100,0,0,0,0,0,0,0,0,0,0]
["C203Pb12",2,1,2,1,0,0,0,0,0,0,0,"*",33.333333333333329,16.666666666666664,33.333333333333329,16.666666666666664,0,0,0,0,0,0,0]
["G101Pb12",3,0,0,0,0,0,0,0,0,0,0,"*",100,0,0,0,0,0,0,0,0,0,0]
["L202Pb12",1,0,0,0,0,0,0,0,0,0,0,"*",100,0,0,0,0,0,0,0,0,0,0]
["S203Pb12",0,2,0,0,2,0,1,1,0,0,1,7,0,28.571428571428569,0,0,28.571428571428569,0,14.285714285714285,14.285714285714285,0,0,14.285714285714285]
["S400Pb12",3,1,2,8,1,6,5,3,4,1,13,47,6.3829787234042552,2.1276595744680851,4.2553191489361701,17.021276595744681,2.1276595744680851,12.76595744680851,10.638297872340425,6.3829787234042552,8.5106382978723403,2.1276595744680851,27.659574468085108]
["T101Pb12",8,0,2,0,0,0,1,1,0,0,0,12,66.666666666666657,0,16.666666666666664,0,0,0,8.3333333333333321,8.3333333333333321,0,0,0]
["V101Pb12",3,8,7,0,1,4,0,0,0,0,0,23,13.043478260869565,34.782608695652172,30.434782608695656,0,4.3478260869565215,17.391304347826086,0,0,0,0,0]
["V202Pb12",0,0,0,2,0,0,0,0,0,0,0,"*",0,0,0,100,0,0,0,0,0,0,0]
["V203Pb12",2,0,0,0,0,0,0,0,0,0,0,"*",100,0,0,0,0,0,0,0,0,0,0]
["A202Pb21",3,0,0,0,0,0,0,0,0,0,0,"*",100,0,0,0,0,0,0,0,0,0,0]
["H202Pb21",1,1,2,0,0,1,0,0,0,0,0,5,20,20,40,0,0,20,0,0,0,0,0]
["L202Pb21",4,0,0,0,0,0,0,0,0,0,0,"*",100,0,0,0,0,0,0,0,0,0,0]
["S203Pb21",5,4,2,6,0,0,0,0,0,0,1,18,27.777777777777779,22.222222222222221,11.111111111111111,33.333333333333329,0,0,0,0,0,0,5.5555555555555554]
["S400Pb21",13,19,2,0,1,1,1,0,0,1,4,42,30.952380952380953,45.238095238095241,4.7619047619047619,0,2.3809523809523809,2.3809523809523809,2.3809523809523809,0,0,2.3809523809523809,9.5238095238095237]
["T101Pb21",6,11,0,4,4,0,0,1,0,0,0,26,23.076923076923077,42.307692307692307,0,15.384615384615385,15.384615384615385,0,0,3.8461538461538463,0,0,0]
["V101Pb21",3,2,1,0,0,0,0,0,0,0,0,6,50,33.333333333333329,16.666666666666664,0,0,0,0,0,0,0,0]
["V202Pb21",0,1,0,0,0,0,0,0,0,0,0,"*",0,100,0,0,0,0,0,0,0,0,0]
["V203Pb21",1,1,0,0,0,0,0,0,0,0,0,"*",50,50,0,0,0,0,0,0,0,0,0]
["Y101Pb21",0,0,0,0,0,0,0,0,1,0,1,"*",0,0,0,0,0,0,0,0,50,0,50]
["A202Pb31",6,3,0,0,0,0,0,0,0,0,0,9,66.666666666666657,33.333333333333329,0,0,0,0,0,0,0,0,0]
["C203Pb31",1,0,0,0,0,0,0,0,0,0,0,"*",100,0,0,0,0,0,0,0,0,0,0]
["S203Pb31",12,11,11,5,1,1,1,3,0,0,1,46,26.086956521739129,23.913043478260871,23.913043478260871,10.869565217391305,2.1739130434782608,2.1739130434782608,2.1739130434782608,6.5217391304347823,0,0,2.1739130434782608]
["S400Pb31",13,6,1,1,2,0,2,0,2,1,6,34,38.235294117647058,17.647058823529413,2.9411764705882351,2.9411764705882351,5.8823529411764701,0,5.8823529411764701,0,5.8823529411764701,2.9411764705882351,17.647058823529413]
["T101Pb31",4,6,2,1,1,0,0,0,0,0,0,14,28.571428571428569,42.857142857142854,14.285714285714285,7.1428571428571423,7.1428571428571423,0,0,0,0,0,0]
["V101Pb31",9,0,6,4,0,0,0,0,0,0,0,19,47.368421052631575,0,31.578947368421051,21.052631578947366,0,0,0,0,0,0,0]
["V202Pb31",3,0,0,0,0,0,0,0,0,0,0,"*",100,0,0,0,0,0,0,0,0,0,0]
["V203Pb31",2,1,0,0,0,0,0,0,0,0,0,"*",66.666666666666657,33.333333333333329,0,0,0,0,0,0,0,0,0]
["Y101Pb31",0,0,0,0,0,0,0,0,0,0,2,"*",0,0,0,0,0,0,0,0,0,0,100]
["A202Pb41",1,2,0,0,0,0,0,0,0,0,0,"*",33.333333333333329,66.666666666666657,0,0,0,0,0,0,0,0,0]
["C203Pb41",1,1,1,0,0,0,1,0,0,0,0,"*",25,25,25,0,0,0,25,0,0,0,0]
["G101Pb41",6,0,0,0,0,0,0,0,0,0,0,"*",100,0,0,0,0,0,0,0,0,0,0]
["H202Pb41",4,4,1,0,0,0,0,0,0,0,0,9,44.444444444444443,44.444444444444443,11.111111111111111,0,0,0,0,0,0,0,0]
["S203Pb41",14,15,8,0,0,0,5,6,4,1,1,54,25.925925925925924,27.777777777777779,14.814814814814813,0,0,0,9.2592592592592595,11.111111111111111,7.4074074074074066,1.8518518518518516,1.8518518518518516]
["S400Pb41",9,6,6,1,0,0,3,1,1,1,9,37,24.324324324324326,16.216216216216218,16.216216216216218,2.7027027027027026,0,0,8.1081081081081088,2.7027027027027026,2.7027027027027026,2.7027027027027026,24.324324324324326]
["T101Pb41",7,5,4,4,1,1,0,0,0,0,0,22,31.818181818181817,22.727272727272727,18.181818181818183,18.181818181818183,4.5454545454545459,4.5454545454545459,0,0,0,0,0]
["V101Pb41",0,0,3,1,0,0,0,0,0,0,0,"*",0,0,75,25,0,0,0,0,0,0,0]
["V202Pb41",2,0,0,0,0,0,0,0,0,0,0,"*",100,0,0,0,0,0,0,0,0,0,0]
["V203Pb41",1,1,0,0,0,0,0,0,0,0,0,"*",50,50,0,0,0,0,0,0,0,0,0]
["A202Pd11",8,2,1,0,0,0,0,0,0,0,0,11,72.727272727272734,18.181818181818183,9.0909090909090917,0,0,0,0,0,0,0,0]
["H202Pd11",3,0,1,0,0,0,0,0,0,0,0,"*",75,0,25,0,0,0,0,0,0,0,0]
["L202Pd11",1,0,0,0,0,0,0,0,0,0,0,"*",100,0,0,0,0,0,0,0,0,0,0]
["S203Pd11",6,5,5,0,0,0,0,1,0,0,0,"*",35.294117647058826,29.411764705882355,29.411764705882355,0,0,0,0,5.8823529411764701,0,0,0]
["S400Pd11",8,12,5,6,2,1,1,0,0,0,4,"*",20.512820512820511,30.76923076923077,12.820512820512819,15.384615384615385,5.1282051282051277,2.5641025641025639,2.5641025641025639,0,0,0,10.256410256410255]
["T101Pd11",6,4,2,0,0,0,0,0,0,0,0,12,50,33.333333333333329,16.666666666666664,0,0,0,0,0,0,0,0]
["V101Pd11",1,1,1,1,0,0,2,0,0,0,0,"*",16.666666666666664,16.666666666666664,16.666666666666664,16.666666666666664,0,0,33.333333333333329,0,0,0,0]
["V202Pd11",0,2,0,0,0,0,0,0,0,0,0,"*",0,100,0,0,0,0,0,0,0,0,0]
["Y101Pd11",0,1,0,0,0,0,0,0,0,0,1,"*",0,50,0,0,0,0,0,0,0,0,50]
["A202Pd12",1,0,0,0,0,0,0,0,0,0,0,"*",100,0,0,0,0,0,0,0,0,0,0]
["C203Pd12",2,1,2,1,0,0,0,0,0,0,0,"*",33.333333333333329,16.666666666666664,33.333333333333329,16.666666666666664,0,0,0,0,0,0,0]
["G101Pd12",3,0,0,0,0,0,0,0,0,0,0,"*",100,0,0,0,0,0,0,0,0,0,0]
["L202Pd12",1,0,0,0,0,0,0,0,0,0,0,"*",100,0,0,0,0,0,0,0,0,0,0]
["S203Pd12",0,2,0,0,2,0,0,0,0,0,1,"*",0,40,0,0,40,0,0,0,0,0,20]
["S400Pd12",3,1,2,8,1,6,5,3,4,1,13,47,6.3829787234042552,2.1276595744680851,4.2553191489361701,17.021276595744681,2.1276595744680851,12.76595744680851,10.638297872340425,6.3829787234042552,8.5106382978723403,2.1276595744680851,27.659574468085108]
["T101Pd12",7,0,2,0,0,0,1,1,0,0,0,"*",63.636363636363633,0,18.181818181818183,0,0,0,9.0909090909090917,9.0909090909090917,0,0,0]
["V101Pd12",2,5,6,0,0,4,0,0,0,0,0,17,11.76470588235294,29.411764705882355,35.294117647058826,0,0,23.52941176470588,0,0,0,0,0]
["V202Pd12",0,0,0,2,0,0,0,0,0,0,0,"*",0,0,0,100,0,0,0,0,0,0,0]
["V203Pd12",2,0,0,0,0,0,0,0,0,0,0,"*",100,0,0,0,0,0,0,0,0,0,0]
["A202Pd21",3,0,0,0,0,0,0,0,0,0,0,"*",100,0,0,0,0,0,0,0,0,0,0]
["H202Pd21",0,1,0,0,0,0,0,0,0,0,0,"*",0,100,0,0,0,0,0,0,0,0,0]
["L202Pd21",4,0,0,0,0,0,0,0,0,0,0,"*",100,0,0,0,0,0,0,0,0,0,0]
["S203Pd21",4,4,2,6,0,0,0,0,0,0,0,"*",25,25,12.5,37.5,0,0,0,0,0,0,0]
["S400Pd21",13,17,2,0,1,1,1,0,0,1,4,"*",32.5,42.5,5,0,2.5,2.5,2.5,0,0,2.5,10]
["T101Pd21",6,11,0,4,4,0,0,1,0,0,0,26,23.076923076923077,42.307692307692307,0,15.384615384615385,15.384615384615385,0,0,3.8461538461538463,0,0,0]
["V101Pd21",3,2,1,0,0,0,0,0,0,0,0,6,50,33.333333333333329,16.666666666666664,0,0,0,0,0,0,0,0]
["V202Pd21",0,1,0,0,0,0,0,0,0,0,0,"*",0,100,0,0,0,0,0,0,0,0,0]
["Y101Pd21",0,0,0,0,0,0,0,0,1,0,1,"*",0,0,0,0,0,0,0,0,50,0,50]
["A202Pd31",6,3,0,0,0,0,0,0,0,0,0,9,66.666666666666657,33.333333333333329,0,0,0,0,0,0,0,0,0]
["S203Pd31",8,10,8,5,1,1,1,2,0,0,0,36,22.222222222222221,27.777777777777779,22.222222222222221,13.888888888888889,2.7777777777777777,2.7777777777777777,2.7777777777777777,5.5555555555555554,0,0,0]
["S400Pd31",13,6,1,1,2,0,2,0,2,1,6,34,38.235294117647058,17.647058823529413,2.9411764705882351,2.9411764705882351,5.8823529411764701,0,5.8823529411764701,0,5.8823529411764701,2.9411764705882351,17.647058823529413]
["T101Pd31",4,6,2,1,1,0,0,0,0,0,0,14,28.571428571428569,42.857142857142854,14.285714285714285,7.1428571428571423,7.1428571428571423,0,0,0,0,0,0]
["V101Pd31",8,0,5,3,0,0,0,0,0,0,0,"*",50,0,31.25,18.75,0,0,0,0,0,0,0]
["V202Pd31",3,0,0,0,0,0,0,0,0,0,0,"*",100,0,0,0,0,0,0,0,0,0,0]
["V203Pd31",2,1,0,0,0,0,0,0,0,0,0,"*",66.666666666666657,33.333333333333329,0,0,0,0,0,0,0,0,0]
["Y101Pd31",0,0,0,0,0,0,0,0,0,0,2,"*",0,0,0,0,0,0,0,0,0,0,100]
["A202Pd41",1,2,0,0,0,0,0,0,0,0,0,"*",33.333333333333329,66.666666666666657,0,0,0,0,0,0,0,0,0]
["C203Pd41",1,1,1,0,0,0,1,0,0,0,0,"*",25,25,25,0,0,0,25,0,0,0,0]
["G101Pd41",6,0,0,0,0,0,0,0,0,0,0,"*",100,0,0,0,0,0,0,0,0,0,0]
["H202Pd41",3,3,1,0,0,0,0,0,0,0,0,"*",42.857142857142854,42.857142857142854,14.285714285714285,0,0,0,0,0,0,0,0]
["S203Pd41",14,11,8,0,0,0,5,5,2,1,1,47,29.787234042553191,23.404255319148938,17.021276595744681,0,0,0,10.638297872340425,10.638297872340425,4.2553191489361701,2.1276595744680851,2.1276595744680851]
["S400Pd41",9,6,6,1,0,0,3,1,1,1,9,37,24.324324324324326,16.216216216216218,16.216216216216218,2.7027027027027026,0,0,8.1081081081081088,2.7027027027027026,2.7027027027027026,2.7027027027027026,24.324324324324326]
["T101Pd41",7,5,4,4,1,1,0,0,0,0,0,22,31.818181818181817,22.727272727272727,18.181818181818183,18.181818181818183,4.5454545454545459,4.5454545454545459,0,0,0,0,0]
["V101Pd41",0,0,3,1,0,0,0,0,0,0,0,"*",0,0,75,25,0,0,0,0,0,0,0]
["V202Pd41",2,0,0,0,0,0,0,0,0,0,0,"*",100,0,0,0,0,0,0,0,0,0,0]
["V203Pd41",1,1,0,0,0,0,0,0,0,0,0,"*",50,50,0,0,0,0,0,0,0,0,0]
["H202Pa11",1,1,0,0,0,0,0,0,0,0,0,"*",50,50,0,0,0,0,0,0,0,0,0]
["S203Pa11",11,1,1,0,0,0,1,1,0,0,0,"*",73.333333333333329,6.666666666666667,6.666666666666667,0,0,0,6.666666666666667,6.666666666666667,0,0,0]
["S400Pa11",0,0,0,0,0,0,1,0,0,0,0,"*",0,0,0,0,0,0,100,0,0,0,0]
["V101Pa11",1,2,0,1,0,0,0,0,0,0,0,"*",25,50,0,25,0,0,0,0,0,0,0]
["S203Pa12",0,0,0,0,0,0,1,1,0,0,0,"*",0,0,0,0,0,0,50,50,0,0,0]
["T101Pa12",1,0,0,0,0,0,0,0,0,0,0,"*",100,0,0,0,0,0,0,0,0,0,0]
["V101Pa12",1,3,1,0,1,0,0,0,0,0,0,6,16.666666666666664,50,16.666666666666664,0,16.666666666666664,0,0,0,0,0,0]
["H202Pa21",1,0,2,0,0,1,0,0,0,0,0,"*",25,0,50,0,0,25,0,0,0,0,0]
["S203Pa21",1,0,0,0,0,0,0,0,0,0,1,"*",50,0,0,0,0,0,0,0,0,0,50]
["S400Pa21",0,2,0,0,0,0,0,0,0,0,0,"*",0,100,0,0,0,0,0,0,0,0,0]
["V203Pa21",1,1,0,0,0,0,0,0,0,0,0,"*",50,50,0,0,0,0,0,0,0,0,0]
["C203Pa31",1,0,0,0,0,0,0,0,0,0,0,"*",100,0,0,0,0,0,0,0,0,0,0]
["S203Pa31",4,1,3,0,0,0,0,1,0,0,1,10,40,10,30,0,0,0,0,10,0,0,10]
["V101Pa31",1,0,1,1,0,0,0,0,0,0,0,"*",33.333333333333329,0,33.333333333333329,33.333333333333329,0,0,0,0,0,0,0]
["H202Pa41",1,1,0,0,0,0,0,0,0,0,0,"*",50,50,0,0,0,0,0,0,0,0,0]
["S203Pa41",0,4,0,0,0,0,0,1,2,0,0,7,0,57.142857142857139,0,0,0,0,0,14.285714285714285,28.571428571428569,0,0]
["202b11",8,2,1,0,0,0,0,0,0,0,0,11,72.727272727272734,18.181818181818183,9.0909090909090917,0,0,0,0,0,0,0,0]
["204b11",0,1,0,0,0,0,0,0,0,0,1,"*",0,50,0,0,0,0,0,0,0,0,50]
["206b11",2,5,1,2,0,0,2,0,0,0,0,12,16.666666666666664,41.666666666666671,8.3333333333333321,16.666666666666664,0,0,16.666666666666664,0,0,0,0]
["209b11",4,1,1,0,0,0,0,0,0,0,0,6,66.666666666666657,16.666666666666664,16.666666666666664,0,0,0,0,0,0,0,0]
["210b11",1,0,0,0,0,0,0,0,0,0,0,"*",100,0,0,0,0,0,0,0,0,0,0]
["211b11",25,18,11,6,2,1,3,2,0,0,4,72,34.722222222222221,25,15.277777777777779,8.3333333333333321,2.7777777777777777,1.3888888888888888,4.1666666666666661,2.7777777777777777,0,0,5.5555555555555554]
["214b11",6,4,2,0,0,0,0,0,0,0,0,12,50,33.333333333333329,16.666666666666664,0,0,0,0,0,0,0,0]
["202b12",1,0,0,0,0,0,0,0,0,0,0,"*",100,0,0,0,0,0,0,0,0,0,0]
["206b12",5,8,7,2,1,4,0,0,0,0,0,27,18.518518518518519,29.629629629629626,25.925925925925924,7.4074074074074066,3.7037037037037033,14.814814814814813,0,0,0,0,0]
["210b12",1,0,0,0,0,0,0,0,0,0,0,"*",100,0,0,0,0,0,0,0,0,0,0]
["211b12",3,3,2,8,3,6,6,4,4,1,14,54,5.5555555555555554,5.5555555555555554,3.7037037037037033,14.814814814814813,5.5555555555555554,11.111111111111111,11.111111111111111,7.4074074074074066,7.4074074074074066,1.8518518518518516,25.925925925925924]
["214b12",8,0,2,0,0,0,1,1,0,0,0,12,66.666666666666657,0,16.666666666666664,0,0,0,8.3333333333333321,8.3333333333333321,0,0,0]
["218b12",5,1,2,1,0,0,0,0,0,0,0,9,55.555555555555557,11.111111111111111,22.222222222222221,11.111111111111111,0,0,0,0,0,0,0]
["202b21",3,0,0,0,0,0,0,0,0,0,0,"*",100,0,0,0,0,0,0,0,0,0,0]
["204b21",0,0,0,0,0,0,0,0,1,0,1,"*",0,0,0,0,0,0,0,0,50,0,50]
["206b21",4,4,1,0,0,0,0,0,0,0,0,9,44.444444444444443,44.444444444444443,11.111111111111111,0,0,0,0,0,0,0,0]
["209b21",1,1,2,0,0,1,0,0,0,0,0,5,20,20,40,0,0,20,0,0,0,0,0]
["210b21",4,0,0,0,0,0,0,0,0,0,0,"*",100,0,0,0,0,0,0,0,0,0,0]
["211b21",18,23,4,6,1,1,1,0,0,1,5,60,30,38.333333333333336,6.666666666666667,10,1.6666666666666667,1.6666666666666667,1.6666666666666667,0,0,1.6666666666666667,8.3333333333333321]
["214b21",6,11,0,4,4,0,0,1,0,0,0,26,23.076923076923077,42.307692307692307,0,15.384615384615385,15.384615384615385,0,0,3.8461538461538463,0,0,0]
["202b31",6,3,0,0,0,0,0,0,0,0,0,9,66.666666666666657,33.333333333333329,0,0,0,0,0,0,0,0,0]
["204b31",0,0,0,0,0,0,0,0,0,0,2,"*",0,0,0,0,0,0,0,0,0,0,100]
["206b31",14,1,6,4,0,0,0,0,0,0,0,25,56.000000000000007,4,24,16,0,0,0,0,0,0,0]
["211b31",25,17,12,6,3,1,3,3,2,1,7,80,31.25,21.25,15,7.5,3.75,1.25,3.75,3.75,2.5,1.25,8.75]
["214b31",4,6,2,1,1,0,0,0,0,0,0,14,28.571428571428569,42.857142857142854,14.285714285714285,7.1428571428571423,7.1428571428571423,0,0,0,0,0,0]
["218b31",1,0,0,0,0,0,0,0,0,0,0,"*",100,0,0,0,0,0,0,0,0,0,0]
["202b41",1,2,0,0,0,0,0,0,0,0,0,"*",33.333333333333329,66.666666666666657,0,0,0,0,0,0,0,0,0]
["206b41",3,1,3,1,0,0,0,0,0,0,0,"*",37.5,12.5,37.5,12.5,0,0,0,0,0,0,0]
["209b41",4,4,1,0,0,0,0,0,0,0,0,9,44.444444444444443,44.444444444444443,11.111111111111111,0,0,0,0,0,0,0,0]
["211b41",23,21,14,1,0,0,8,7,5,2,10,91,25.274725274725274,23.076923076923077,15.384615384615385,1.098901098901099,0,0,8.791208791208792,7.6923076923076925,5.4945054945054945,2.197802197802198,10.989010989010989]
["214b41",7,5,4,4,1,1,0,0,0,0,0,22,31.818181818181817,22.727272727272727,18.181818181818183,18.181818181818183,4.5454545454545459,4.5454545454545459,0,0,0,0,0]
["218b41",7,1,1,0,0,0,1,0,0,0,0,10,70,10,10,0,0,0,10,0,0,0,0]
["202d11",8,2,1,0,0,0,0,0,0,0,0,11,72.727272727272734,18.181818181818183,9.0909090909090917,0,0,0,0,0,0,0,0]
["204d11",0,1,0,0,0,0,0,0,0,0,1,"*",0,50,0,0,0,0,0,0,0,0,50]
["206d11",1,3,1,1,0,0,2,0,0,0,0,"*",12.5,37.5,12.5,12.5,0,0,25,0,0,0,0]
["209d11",3,0,1,0,0,0,0,0,0,0,0,"*",75,0,25,0,0,0,0,0,0,0,0]
["210d11",1,0,0,0,0,0,0,0,0,0,0,"*",100,0,0,0,0,0,0,0,0,0,0]
["211d11",14,17,10,6,2,1,1,1,0,0,4,56,25,30.357142857142854,17.857142857142858,10.714285714285714,3.5714285714285712,1.7857142857142856,1.7857142857142856,1.7857142857142856,0,0,7.1428571428571423]
["214d11",6,4,2,0,0,0,0,0,0,0,0,12,50,33.333333333333329,16.666666666666664,0,0,0,0,0,0,0,0]
["202d12",1,0,0,0,0,0,0,0,0,0,0,"*",100,0,0,0,0,0,0,0,0,0,0]
["206d12",4,5,6,2,0,4,0,0,0,0,0,21,19.047619047619047,23.809523809523807,28.571428571428569,9.5238095238095237,0,19.047619047619047,0,0,0,0,0]
["210d12",1,0,0,0,0,0,0,0,0,0,0,"*",100,0,0,0,0,0,0,0,0,0,0]
["211d12",3,3,2,8,3,6,5,3,4,1,14,"*",5.7692307692307692,5.7692307692307692,3.8461538461538463,15.384615384615385,5.7692307692307692,11.538461538461538,9.6153846153846168,5.7692307692307692,7.6923076923076925,1.9230769230769231,26.923076923076923]
["214d12",7,0,2,0,0,0,1,1,0,0,0,"*",63.636363636363633,0,18.181818181818183,0,0,0,9.0909090909090917,9.0909090909090917,0,0,0]
["218d12",5,1,2,1,0,0,0,0,0,0,0,9,55.555555555555557,11.111111111111111,22.222222222222221,11.111111111111111,0,0,0,0,0,0,0]
["202d21",3,0,0,0,0,0,0,0,0,0,0,"*",100,0,0,0,0,0,0,0,0,0,0]
["204d21",0,0,0,0,0,0,0,0,1,0,1,"*",0,0,0,0,0,0,0,0,50,0,50]
["206d21",3,3,1,0,0,0,0,0,0,0,0,"*",42.857142857142854,42.857142857142854,14.285714285714285,0,0,0,0,0,0,0,0]
["209d21",0,1,0,0,0,0,0,0,0,0,0,"*",0,100,0,0,0,0,0,0,0,0,0]
["210d21",4,0,0,0,0,0,0,0,0,0,0,"*",100,0,0,0,0,0,0,0,0,0,0]
["211d21",17,21,4,6,1,1,1,0,0,1,4,"*",30.357142857142854,37.5,7.1428571428571423,10.714285714285714,1.7857142857142856,1.7857142857142856,1.7857142857142856,0,0,1.7857142857142856,7.1428571428571423]
["214d21",6,11,0,4,4,0,0,1,0,0,0,26,23.076923076923077,42.307692307692307,0,15.384615384615385,15.384615384615385,0,0,3.8461538461538463,0,0,0]
["202d31",6,3,0,0,0,0,0,0,0,0,0,9,66.666666666666657,33.333333333333329,0,0,0,0,0,0,0,0,0]
["204d31",0,0,0,0,0,0,0,0,0,0,2,"*",0,0,0,0,0,0,0,0,0,0,100]
["206d31",13,1,5,3,0,0,0,0,0,0,0,"*",59.090909090909093,4.5454545454545459,22.727272727272727,13.636363636363635,0,0,0,0,0,0,0]
["211d31",21,16,9,6,3,1,3,2,2,1,6,70,30,22.857142857142858,12.857142857142856,8.5714285714285712,4.2857142857142856,1.4285714285714286,4.2857142857142856,2.8571428571428572,2.8571428571428572,1.4285714285714286,8.5714285714285712]
["214d31",4,6,2,1,1,0,0,0,0,0,0,14,28.571428571428569,42.857142857142854,14.285714285714285,7.1428571428571423,7.1428571428571423,0,0,0,0,0,0]
["202d41",1,2,0,0,0,0,0,0,0,0,0,"*",33.333333333333329,66.666666666666657,0,0,0,0,0,0,0,0,0]
["206d41",3,1,3,1,0,0,0,0,0,0,0,"*",37.5,12.5,37.5,12.5,0,0,0,0,0,0,0]
["209d41",3,3,1,0,0,0,0,0,0,0,0,"*",42.857142857142854,42.857142857142854,14.285714285714285,0,0,0,0,0,0,0,0]
["211d41",23,17,14,1,0,0,8,6,3,2,10,84,27.380952380952383,20.238095238095237,16.666666666666664,1.1904761904761905,0,0,9.5238095238095237,7.1428571428571423,3.5714285714285712,2.3809523809523809,11.904761904761903]
["214d41",7,5,4,4,1,1,0,0,0,0,0,22,31.818181818181817,22.727272727272727,18.181818181818183,18.181818181818183,4.5454545454545459,4.5454545454545459,0,0,0,0,0]
["218d41",7,1,1,0,0,0,1,0,0,0,0,10,70,10,10,0,0,0,10,0,0,0,0]
["206a11",1,2,0,1,0,0,0,0,0,0,0,"*",25,50,0,25,0,0,0,0,0,0,0]
["209a11",1,1,0,0,0,0,0,0,0,0,0,"*",50,50,0,0,0,0,0,0,0,0,0]
["211a11",11,1,1,0,0,0,2,1,0,0,0,16,68.75,6.25,6.25,0,0,0,12.5,6.25,0,0,0]
["206a12",1,3,1,0,1,0,0,0,0,0,0,6,16.666666666666664,50,16.666666666666664,0,16.666666666666664,0,0,0,0,0,0]
["211a12",0,0,0,0,0,0,1,1,0,0,0,"*",0,0,0,0,0,0,50,50,0,0,0]
["214a12",1,0,0,0,0,0,0,0,0,0,0,"*",100,0,0,0,0,0,0,0,0,0,0]
["206a21",1,1,0,0,0,0,0,0,0,0,0,"*",50,50,0,0,0,0,0,0,0,0,0]
["209a21",1,0,2,0,0,1,0,0,0,0,0,"*",25,0,50,0,0,25,0,0,0,0,0]
["211a21",1,2,0,0,0,0,0,0,0,0,1,"*",25,50,0,0,0,0,0,0,0,0,25]
["206a31",1,0,1,1,0,0,0,0,0,0,0,"*",33.333333333333329,0,33.333333333333329,33.333333333333329,0,0,0,0,0,0,0]
["211a31",4,1,3,0,0,0,0,1,0,0,1,10,40,10,30,0,0,0,0,10,0,0,10]
["218a31",1,0,0,0,0,0,0,0,0,0,0,"*",100,0,0,0,0,0,0,0,0,0,0]
["209a41",1,1,0,0,0,0,0,0,0,0,0,"*",50,50,0,0,0,0,0,0,0,0,0]
["211a41",0,4,0,0,0,0,0,1,2,0,0,7,0,57.142857142857139,0,0,0,0,0,14.285714285714285,28.571428571428569,0,0]
["999b11",46,31,16,8,2,1,5,2,0,0,5,116,39.655172413793103,26.72413793103448,13.793103448275861,6.8965517241379306,1.7241379310344827,0.86206896551724133,4.3103448275862073,1.7241379310344827,0,0,4.3103448275862073]
["999b12",23,12,13,11,4,10,7,5,4,1,14,104,22.115384615384613,11.538461538461538,12.5,10.576923076923077,3.8461538461538463,9.6153846153846168,6.7307692307692308,4.8076923076923084,3.8461538461538463,0.96153846153846156,13.461538461538462]
["999b21",36,39,7,10,5,2,1,1,1,1,6,109,33.027522935779821,35.779816513761467,6.4220183486238538,9.1743119266055047,4.5871559633027523,1.834862385321101,0.91743119266055051,0.91743119266055051,0.91743119266055051,0.91743119266055051,5.5045871559633035]
["999b31",50,27,20,11,4,1,3,3,2,1,9,131,38.167938931297712,20.610687022900763,15.267175572519085,8.3969465648854964,3.0534351145038165,0.76335877862595414,2.2900763358778624,2.2900763358778624,1.5267175572519083,0.76335877862595414,6.8702290076335881]
["999b41",45,34,23,6,1,1,9,7,5,2,10,143,31.46853146853147,23.776223776223777,16.083916083916083,4.1958041958041958,0.69930069930069927,0.69930069930069927,6.2937062937062942,4.895104895104895,3.4965034965034967,1.3986013986013985,6.9930069930069934]
["999d11",33,27,15,7,2,1,3,1,0,0,5,94,35.106382978723403,28.723404255319153,15.957446808510639,7.4468085106382977,2.1276595744680851,1.0638297872340425,3.1914893617021276,1.0638297872340425,0,0,5.3191489361702127]
["999d12",21,9,12,11,3,10,6,4,4,1,14,95,22.105263157894736,9.4736842105263168,12.631578947368421,11.578947368421053,3.1578947368421053,10.526315789473683,6.3157894736842106,4.2105263157894735,4.2105263157894735,1.0526315789473684,14.736842105263156]
["999d21",33,36,5,10,5,1,1,1,1,1,5,99,33.333333333333329,36.363636363636367,5.0505050505050502,10.1010101010101,5.0505050505050502,1.0101010101010102,1.0101010101010102,1.0101010101010102,1.0101010101010102,1.0101010101010102,5.0505050505050502]
["999d31",44,26,16,10,4,1,3,2,2,1,8,117,37.606837606837608,22.222222222222221,13.675213675213676,8.5470085470085468,3.4188034188034191,0.85470085470085477,2.5641025641025639,1.7094017094017095,1.7094017094017095,0.85470085470085477,6.8376068376068382]
["999d41",44,29,23,6,1,1,9,6,3,2,10,134,32.835820895522389,21.641791044776117,17.164179104477611,4.4776119402985071,0.74626865671641784,0.74626865671641784,6.7164179104477615,4.4776119402985071,2.2388059701492535,1.4925373134328357,7.4626865671641784]
["999a11",13,4,1,1,0,0,2,1,0,0,0,22,59.090909090909093,18.181818181818183,4.5454545454545459,4.5454545454545459,0,0,9.0909090909090917,4.5454545454545459,0,0,0]
["999a12",2,3,1,0,1,0,1,1,0,0,0,9,22.222222222222221,33.333333333333329,11.111111111111111,0,11.111111111111111,0,11.111111111111111,11.111111111111111,0,0,0]
["999a21",3,3,2,0,0,1,0,0,0,0,1,10,30,30,20,0,0,10,0,0,0,0,10]
["999a31",6,1,4,1,0,0,0,1,0,0,1,14,42.857142857142854,7.1428571428571423,28.571428571428569,7.1428571428571423,0,0,0,7.1428571428571423,0,0,7.1428571428571423]
["999a41",1,5,0,0,0,0,0,1,2,0,0,9,11.111111111111111,55.555555555555557,0,0,0,0,0,11.111111111111111,22.222222222222221,0,0]

{"sheet":"percentage ongoing","index":6,"n_rows":264,"n_cols":16,"rows_kept":264,"cut":false,"hidden":true,"merged":[]}
["desc","t1","pc_u8","pc_d8to14","pc_d15to21","pc_d22to28","pc_d29to35","pc_d36to42","pc_w7to8wk","pc_w9to12wk","pc_w13to16wk","pc_w17to20wk","pc_w21plus",null,"3weeks","6weeks"]
["A202Pb11",11,72.727272727272734,18.181818181818183,9.0909090909090917,0,0,0,0,0,0,0,0,null,{"$f":"SUM(C2:E2)","v":100.00000000000001},{"$f":"SUM(C2:H2)","v":100.00000000000001}]
["H202Pb11",6,66.666666666666657,16.666666666666664,16.666666666666664,0,0,0,0,0,0,0,0,null,{"$f":"SUM(C3:E3)","v":99.999999999999972},{"$f":"SUM(C3:H3)","v":99.999999999999972}]
["L202Pb11",1,100,0,0,0,0,0,0,0,0,0,0,null,100,100]
["S203Pb11",32,53.125,18.75,18.75,0,0,0,3.125,6.25,0,0,0,null,90.625,90.625]
["S400Pb11",40,20,30,12.5,15,5,2.5,5,0,0,0,10,null,62.5,85]
["T101Pb11",12,50,33.333333333333329,16.666666666666664,0,0,0,0,0,0,0,0,null,100,100]
["V101Pb11",10,20,30,10,20,0,0,20,0,0,0,0,null,60,80]
["V202Pb11",2,0,100,0,0,0,0,0,0,0,0,0,null,100,100]
["Y101Pb11",2,0,50,0,0,0,0,0,0,0,0,50,null,50,50]
["A202Pb12",1,100,0,0,0,0,0,0,0,0,0,0,null,100,100]
["C203Pb12",6,33.333333333333329,16.666666666666664,33.333333333333329,16.666666666666664,0,0,0,0,0,0,0,null,83.333333333333314,99.999999999999972]
["G101Pb12",3,100,0,0,0,0,0,0,0,0,0,0,null,100,100]
["L202Pb12",1,100,0,0,0,0,0,0,0,0,0,0,null,100,100]
["S203Pb12",7,0,28.571428571428569,0,0,28.571428571428569,0,14.285714285714285,14.285714285714285,0,0,14.285714285714285,null,28.571428571428569,57.142857142857139]
["S400Pb12",47,6.3829787234042552,2.1276595744680851,4.2553191489361701,17.021276595744681,2.1276595744680851,12.76595744680851,10.638297872340425,6.3829787234042552,8.5106382978723403,2.1276595744680851,27.659574468085108,null,12.76595744680851,44.680851063829792]
["T101Pb12",12,66.666666666666657,0,16.666666666666664,0,0,0,8.3333333333333321,8.3333333333333321,0,0,0,null,83.333333333333314,83.333333333333314]
["V101Pb12",23,13.043478260869565,34.782608695652172,30.434782608695656,0,4.3478260869565215,17.391304347826086,0,0,0,0,0,null,78.260869565217391,100]
["V202Pb12",2,0,0,0,100,0,0,0,0,0,0,0,null,0,100]
["V203Pb12",2,100,0,0,0,0,0,0,0,0,0,0,null,100,100]
["A202Pb21",3,100,0,0,0,0,0,0,0,0,0,0,null,100,100]
["H202Pb21",5,20,20,40,0,0,20,0,0,0,0,0,null,80,100]
["L202Pb21",4,100,0,0,0,0,0,0,0,0,0,0,null,100,100]
["S203Pb21",18,27.777777777777779,22.222222222222221,11.111111111111111,33.333333333333329,0,0,0,0,0,0,5.5555555555555554,null,61.111111111111114,94.444444444444443]
["S400Pb21",42,30.952380952380953,45.238095238095241,4.7619047619047619,0,2.3809523809523809,2.3809523809523809,2.3809523809523809,0,0,2.3809523809523809,9.5238095238095237,null,80.952380952380949,85.714285714285708]
["T101Pb21",26,23.076923076923077,42.307692307692307,0,15.384615384615385,15.384615384615385,0,0,3.8461538461538463,0,0,0,null,65.384615384615387,96.15384615384616]
["V101Pb21",6,50,33.333333333333329,16.666666666666664,0,0,0,0,0,0,0,0,null,100,100]
["V202Pb21",1,0,100,0,0,0,0,0,0,0,0,0,null,100,100]
["V203Pb21",2,50,50,0,0,0,0,0,0,0,0,0,null,100,100]
["Y101Pb21",2,0,0,0,0,0,0,0,0,50,0,50,null,0,0]
["A202Pb31",9,66.666666666666657,33.333333333333329,0,0,0,0,0,0,0,0,0,null,99.999999999999986,99.999999999999986]
["C203Pb31",1,100,0,0,0,0,0,0,0,0,0,0,null,100,100]
["S203Pb31",46,26.086956521739129,23.913043478260871,23.913043478260871,10.869565217391305,2.1739130434782608,2.1739130434782608,2.1739130434782608,6.5217391304347823,0,0,2.1739130434782608,null,73.913043478260875,89.130434782608717]
["S400Pb31",34,38.235294117647058,17.647058823529413,2.9411764705882351,2.9411764705882351,5.8823529411764701,0,5.8823529411764701,0,5.8823529411764701,2.9411764705882351,17.647058823529413,null,58.823529411764703,67.647058823529406]
["T101Pb31",14,28.571428571428569,42.857142857142854,14.285714285714285,7.1428571428571423,7.1428571428571423,0,0,0,0,0,0,null,85.714285714285694,99.999999999999972]
["V101Pb31",19,47.368421052631575,0,31.578947368421051,21.052631578947366,0,0,0,0,0,0,0,null,78.94736842105263,100]
["V202Pb31",3,100,0,0,0,0,0,0,0,0,0,0,null,100,100]
["V203Pb31",3,66.666666666666657,33.333333333333329,0,0,0,0,0,0,0,0,0,null,99.999999999999986,99.999999999999986]
["Y101Pb31",2,0,0,0,0,0,0,0,0,0,0,100,null,0,0]
["A202Pb41",3,33.333333333333329,66.666666666666657,0,0,0,0,0,0,0,0,0,null,99.999999999999986,99.999999999999986]
["C203Pb41",4,25,25,25,0,0,0,25,0,0,0,0,null,75,75]
["G101Pb41",6,100,0,0,0,0,0,0,0,0,0,0,null,100,100]
["H202Pb41",9,44.444444444444443,44.444444444444443,11.111111111111111,0,0,0,0,0,0,0,0,null,100,100]
["S203Pb41",54,25.925925925925924,27.777777777777779,14.814814814814813,0,0,0,9.2592592592592595,11.111111111111111,7.4074074074074066,1.8518518518518516,1.8518518518518516,null,68.518518518518519,68.518518518518519]
["S400Pb41",37,24.324324324324326,16.216216216216218,16.216216216216218,2.7027027027027026,0,0,8.1081081081081088,2.7027027027027026,2.7027027027027026,2.7027027027027026,24.324324324324326,null,56.756756756756765,59.459459459459467]
["T101Pb41",22,31.818181818181817,22.727272727272727,18.181818181818183,18.181818181818183,4.5454545454545459,4.5454545454545459,0,0,0,0,0,null,72.727272727272734,100.00000000000001]
["V101Pb41",4,0,0,75,25,0,0,0,0,0,0,0,null,75,100]
["V202Pb41",2,100,0,0,0,0,0,0,0,0,0,0,null,100,100]
["V203Pb41",2,50,50,0,0,0,0,0,0,0,0,0,null,100,100]
["A202Pd11",11,72.727272727272734,18.181818181818183,9.0909090909090917,0,0,0,0,0,0,0,0,null,100.00000000000001,100.00000000000001]
["H202Pd11",4,75,0,25,0,0,0,0,0,0,0,0,null,100,100]
["L202Pd11",1,100,0,0,0,0,0,0,0,0,0,0,null,100,100]
["S203Pd11",17,35.294117647058826,29.411764705882355,29.411764705882355,0,0,0,0,5.8823529411764701,0,0,0,null,94.117647058823536,94.117647058823536]
["S400Pd11",39,20.512820512820511,30.76923076923077,12.820512820512819,15.384615384615385,5.1282051282051277,2.5641025641025639,2.5641025641025639,0,0,0,10.256410256410255,null,64.102564102564102,87.179487179487182]
["T101Pd11",12,50,33.333333333333329,16.666666666666664,0,0,0,0,0,0,0,0,null,100,100]
["V101Pd11",6,16.666666666666664,16.666666666666664,16.666666666666664,16.666666666666664,0,0,33.333333333333329,0,0,0,0,null,49.999999999999993,66.666666666666657]
["V202Pd11",2,0,100,0,0,0,0,0,0,0,0,0,null,100,100]
["Y101Pd11",2,0,50,0,0,0,0,0,0,0,0,50,null,50,50]
["A202Pd12",1,100,0,0,0,0,0,0,0,0,0,0,null,100,100]
["C203Pd12",6,33.333333333333329,16.666666666666664,33.333333333333329,16.666666666666664,0,0,0,0,0,0,0,null,83.333333333333314,99.999999999999972]
["G101Pd12",3,100,0,0,0,0,0,0,0,0,0,0,null,100,100]
["L202Pd12",1,100,0,0,0,0,0,0,0,0,0,0,null,100,100]
["S203Pd12",5,0,40,0,0,40,0,0,0,0,0,20,null,40,80]
["S400Pd12",47,6.3829787234042552,2.1276595744680851,4.2553191489361701,17.021276595744681,2.1276595744680851,12.76595744680851,10.638297872340425,6.3829787234042552,8.5106382978723403,2.1276595744680851,27.659574468085108,null,12.76595744680851,44.680851063829792]
["T101Pd12",11,63.636363636363633,0,18.181818181818183,0,0,0,9.0909090909090917,9.0909090909090917,0,0,0,null,81.818181818181813,81.818181818181813]
["V101Pd12",17,11.76470588235294,29.411764705882355,35.294117647058826,0,0,23.52941176470588,0,0,0,0,0,null,76.470588235294116,100]
["V202Pd12",2,0,0,0,100,0,0,0,0,0,0,0,null,{"$f":"SUM(C67:E67)","v":0},{"$f":"SUM(C67:H67)","v":100}]
["V203Pd12",2,100,0,0,0,0,0,0,0,0,0,0,null,100,100]
["A202Pd21",3,100,0,0,0,0,0,0,0,0,0,0,null,100,100]
["H202Pd21",1,0,100,0,0,0,0,0,0,0,0,0,null,100,100]
["L202Pd21",4,100,0,0,0,0,0,0,0,0,0,0,null,100,100]
["S203Pd21",16,25,25,12.5,37.5,0,0,0,0,0,0,0,null,62.5,100]
["S400Pd21",40,32.5,42.5,5,0,2.5,2.5,2.5,0,0,2.5,10,null,80,85]
["T101Pd21",26,23.076923076923077,42.307692307692307,0,15.384615384615385,15.384615384615385,0,0,3.8461538461538463,0,0,0,null,65.384615384615387,96.15384615384616]
["V101Pd21",6,50,33.333333333333329,16.666666666666664,0,0,0,0,0,0,0,0,null,100,100]
["V202Pd21",1,0,100,0,0,0,0,0,0,0,0,0,null,100,100]
["Y101Pd21",2,0,0,0,0,0,0,0,0,50,0,50,null,0,0]
["A202Pd31",9,66.666666666666657,33.333333333333329,0,0,0,0,0,0,0,0,0,null,99.999999999999986,99.999999999999986]
["S203Pd31",36,22.222222222222221,27.777777777777779,22.222222222222221,13.888888888888889,2.7777777777777777,2.7777777777777777,2.7777777777777777,5.5555555555555554,0,0,0,null,72.222222222222229,91.666666666666657]
["S400Pd31",34,38.235294117647058,17.647058823529413,2.9411764705882351,2.9411764705882351,5.8823529411764701,0,5.8823529411764701,0,5.8823529411764701,2.9411764705882351,17.647058823529413,null,58.823529411764703,67.647058823529406]
["T101Pd31",14,28.571428571428569,42.857142857142854,14.285714285714285,7.1428571428571423,7.1428571428571423,0,0,0,0,0,0,null,85.714285714285694,99.999999999999972]
["V101Pd31",16,50,0,31.25,18.75,0,0,0,0,0,0,0,null,81.25,100]
["V202Pd31",3,100,0,0,0,0,0,0,0,0,0,0,null,100,100]
["V203Pd31",3,66.666666666666657,33.333333333333329,0,0,0,0,0,0,0,0,0,null,99.999999999999986,99.999999999999986]
["Y101Pd31",2,0,0,0,0,0,0,0,0,0,0,100,null,0,0]
["A202Pd41",3,33.333333333333329,66.666666666666657,0,0,0,0,0,0,0,0,0,null,99.999999999999986,99.999999999999986]
["C203Pd41",4,25,25,25,0,0,0,25,0,0,0,0,null,75,75]
["G101Pd41",6,100,0,0,0,0,0,0,0,0,0,0,null,100,100]
["H202Pd41",7,42.857142857142854,42.857142857142854,14.285714285714285,0,0,0,0,0,0,0,0,null,100,100]
["S203Pd41",47,29.787234042553191,23.404255319148938,17.021276595744681,0,0,0,10.638297872340425,10.638297872340425,4.2553191489361701,2.1276595744680851,2.1276595744680851,null,70.212765957446805,70.212765957446805]
["S400Pd41",37,24.324324324324326,16.216216216216218,16.216216216216218,2.7027027027027026,0,0,8.1081081081081088,2.7027027027027026,2.7027027027027026,2.7027027027027026,24.324324324324326,null,56.756756756756765,59.459459459459467]
["T101Pd41",22,31.818181818181817,22.727272727272727,18.181818181818183,18.181818181818183,4.5454545454545459,4.5454545454545459,0,0,0,0,0,null,72.727272727272734,100.00000000000001]
["V101Pd41",4,0,0,75,25,0,0,0,0,0,0,0,null,75,100]
["V202Pd41",2,100,0,0,0,0,0,0,0,0,0,0,null,100,100]
["V203Pd41",2,50,50,0,0,0,0,0,0,0,0,0,null,100,100]
["H202Pa11",2,50,50,0,0,0,0,0,0,0,0,0,null,100,100]
["S203Pa11",15,73.333333333333329,6.666666666666667,6.666666666666667,0,0,0,6.666666666666667,6.666666666666667,0,0,0,null,86.666666666666671,86.666666666666671]
["S400Pa11",1,0,0,0,0,0,0,100,0,0,0,0,null,0,0]
["V101Pa11",4,25,50,0,25,0,0,0,0,0,0,0,null,75,100]
["S203Pa12",2,0,0,0,0,0,0,50,50,0,0,0,null,0,0]
["T101Pa12",1,100,0,0,0,0,0,0,0,0,0,0,null,100,100]
["V101Pa12",6,16.666666666666664,50,16.666666666666664,0,16.666666666666664,0,0,0,0,0,0,null,83.333333333333314,99.999999999999972]
["H202Pa21",4,25,0,50,0,0,25,0,0,0,0,0,null,75,100]
["S203Pa21",2,50,0,0,0,0,0,0,0,0,0,50,null,50,50]
["S400Pa21",2,0,100,0,0,0,0,0,0,0,0,0,null,100,100]
["V203Pa21",2,50,50,0,0,0,0,0,0,0,0,0,null,100,100]
["C203Pa31",1,100,0,0,0,0,0,0,0,0,0,0,null,100,100]
["S203Pa31",10,40,10,30,0,0,0,0,10,0,0,10,null,80,80]
["V101Pa31",3,33.333333333333329,0,33.333333333333329,33.333333333333329,0,0,0,0,0,0,0,null,66.666666666666657,99.999999999999986]
["H202Pa41",2,50,50,0,0,0,0,0,0,0,0,0,null,100,100]
["S203Pa41",7,0,57.142857142857139,0,0,0,0,0,14.285714285714285,28.571428571428569,0,0,null,57.142857142857139,57.142857142857139]
["202b11",11,72.727272727272734,18.181818181818183,9.0909090909090917,0,0,0,0,0,0,0,0,null,100.00000000000001,100.00000000000001]
["204b11",2,0,50,0,0,0,0,0,0,0,0,50,null,50,50]
["206b11",12,16.666666666666664,41.666666666666671,8.3333333333333321,16.666666666666664,0,0,16.666666666666664,0,0,0,0,null,66.666666666666671,83.333333333333343]
["209b11",6,66.666666666666657,16.666666666666664,16.666666666666664,0,0,0,0,0,0,0,0,null,99.999999999999972,99.999999999999972]
["210b11",1,100,0,0,0,0,0,0,0,0,0,0,null,100,100]
["211b11",72,34.722222222222221,25,15.277777777777779,8.3333333333333321,2.7777777777777777,1.3888888888888888,4.1666666666666661,2.7777777777777777,0,0,5.5555555555555554,null,75,87.499999999999986]
["214b11",12,50,33.333333333333329,16.666666666666664,0,0,0,0,0,0,0,0,null,100,100]
["202b12",1,100,0,0,0,0,0,0,0,0,0,0,null,100,100]
["206b12",27,18.518518518518519,29.629629629629626,25.925925925925924,7.4074074074074066,3.7037037037037033,14.814814814814813,0,0,0,0,0,null,74.074074074074076,100]
["210b12",1,100,0,0,0,0,0,0,0,0,0,0,null,100,100]
["211b12",54,5.5555555555555554,5.5555555555555554,3.7037037037037033,14.814814814814813,5.5555555555555554,11.111111111111111,11.111111111111111,7.4074074074074066,7.4074074074074066,1.8518518518518516,25.925925925925924,null,14.814814814814813,46.296296296296291]
["214b12",12,66.666666666666657,0,16.666666666666664,0,0,0,8.3333333333333321,8.3333333333333321,0,0,0,null,83.333333333333314,83.333333333333314]
["218b12",9,55.555555555555557,11.111111111111111,22.222222222222221,11.111111111111111,0,0,0,0,0,0,0,null,88.888888888888886,100]
["202b21",3,100,0,0,0,0,0,0,0,0,0,0,null,100,100]
["204b21",2,0,0,0,0,0,0,0,0,50,0,50,null,0,0]
["206b21",9,44.444444444444443,44.444444444444443,11.111111111111111,0,0,0,0,0,0,0,0,null,100,100]
["209b21",5,20,20,40,0,0,20,0,0,0,0,0,null,80,100]
["210b21",4,100,0,0,0,0,0,0,0,0,0,0,null,100,100]
["211b21",60,30,38.333333333333336,6.666666666666667,10,1.6666666666666667,1.6666666666666667,1.6666666666666667,0,0,1.6666666666666667,8.3333333333333321,null,75.000000000000014,88.333333333333357]
["214b21",26,23.076923076923077,42.307692307692307,0,15.384615384615385,15.384615384615385,0,0,3.8461538461538463,0,0,0,null,{"$f":"SUM(C131:E131)","v":65.384615384615387},{"$f":"SUM(C131:H131)","v":96.15384615384616}]
["202b31",9,66.666666666666657,33.333333333333329,0,0,0,0,0,0,0,0,0,null,99.999999999999986,99.999999999999986]
["204b31",2,0,0,0,0,0,0,0,0,0,0,100,null,0,0]
["206b31",25,56.000000000000007,4,24,16,0,0,0,0,0,0,0,null,84,100]
["211b31",80,31.25,21.25,15,7.5,3.75,1.25,3.75,3.75,2.5,1.25,8.75,null,67.5,80]
["214b31",14,28.571428571428569,42.857142857142854,14.285714285714285,7.1428571428571423,7.1428571428571423,0,0,0,0,0,0,null,85.714285714285694,99.999999999999972]
["218b31",1,100,0,0,0,0,0,0,0,0,0,0,null,100,100]
["202b41",3,33.333333333333329,66.666666666666657,0,0,0,0,0,0,0,0,0,null,99.999999999999986,99.999999999999986]
["206b41",8,37.5,12.5,37.5,12.5,0,0,0,0,0,0,0,null,87.5,100]
["209b41",9,44.444444444444443,44.444444444444443,11.111111111111111,0,0,0,0,0,0,0,0,null,100,100]
["211b41",91,25.274725274725274,23.076923076923077,15.384615384615385,1.098901098901099,0,0,8.791208791208792,7.6923076923076925,5.4945054945054945,2.197802197802198,10.989010989010989,null,63.736263736263737,64.835164835164832]
["214b41",22,31.818181818181817,22.727272727272727,18.181818181818183,18.181818181818183,4.5454545454545459,4.5454545454545459,0,0,0,0,0,null,72.727272727272734,100.00000000000001]
["218b41",10,70,10,10,0,0,0,10,0,0,0,0,null,90,90]
["202d11",11,72.727272727272734,18.181818181818183,9.0909090909090917,0,0,0,0,0,0,0,0,null,100.00000000000001,100.00000000000001]
["204d11",2,0,50,0,0,0,0,0,0,0,0,50,null,50,50]
["206d11",8,12.5,37.5,12.5,12.5,0,0,25,0,0,0,0,null,62.5,75]
["209d11",4,75,0,25,0,0,0,0,0,0,0,0,null,100,100]
["210d11",1,100,0,0,0,0,0,0,0,0,0,0,null,100,100]
["211d11",56,25,30.357142857142854,17.857142857142858,10.714285714285714,3.5714285714285712,1.7857142857142856,1.7857142857142856,1.7857142857142856,0,0,7.1428571428571423,null,73.214285714285708,89.285714285714278]
["214d11",12,50,33.333333333333329,16.666666666666664,0,0,0,0,0,0,0,0,null,100,100]
["202d12",1,100,0,0,0,0,0,0,0,0,0,0,null,100,100]
["206d12",21,19.047619047619047,23.809523809523807,28.571428571428569,9.5238095238095237,0,19.047619047619047,0,0,0,0,0,null,71.428571428571416,99.999999999999986]
["210d12",1,100,0,0,0,0,0,0,0,0,0,0,null,100,100]
["211d12",52,5.7692307692307692,5.7692307692307692,3.8461538461538463,15.384615384615385,5.7692307692307692,11.538461538461538,9.6153846153846168,5.7692307692307692,7.6923076923076925,1.9230769230769231,26.923076923076923,null,15.384615384615385,48.07692307692308]
["214d12",11,63.636363636363633,0,18.181818181818183,0,0,0,9.0909090909090917,9.0909090909090917,0,0,0,null,81.818181818181813,81.818181818181813]
["218d12",9,55.555555555555557,11.111111111111111,22.222222222222221,11.111111111111111,0,0,0,0,0,0,0,null,88.888888888888886,100]
["202d21",3,100,0,0,0,0,0,0,0,0,0,0,null,100,100]
["204d21",2,0,0,0,0,0,0,0,0,50,0,50,null,0,0]
["206d21",7,42.857142857142854,42.857142857142854,14.285714285714285,0,0,0,0,0,0,0,0,null,100,100]
["209d21",1,0,100,0,0,0,0,0,0,0,0,0,null,100,100]
["210d21",4,100,0,0,0,0,0,0,0,0,0,0,null,100,100]
["211d21",56,30.357142857142854,37.5,7.1428571428571423,10.714285714285714,1.7857142857142856,1.7857142857142856,1.7857142857142856,0,0,1.7857142857142856,7.1428571428571423,null,75,89.285714285714292]
["214d21",26,23.076923076923077,42.307692307692307,0,15.384615384615385,15.384615384615385,0,0,3.8461538461538463,0,0,0,null,65.384615384615387,96.15384615384616]
["202d31",9,66.666666666666657,33.333333333333329,0,0,0,0,0,0,0,0,0,null,99.999999999999986,99.999999999999986]
["204d31",2,0,0,0,0,0,0,0,0,0,0,100,null,0,0]
["206d31",22,59.090909090909093,4.5454545454545459,22.727272727272727,13.636363636363635,0,0,0,0,0,0,0,null,86.363636363636374,100.00000000000001]
["211d31",70,30,22.857142857142858,12.857142857142856,8.5714285714285712,4.2857142857142856,1.4285714285714286,4.2857142857142856,2.8571428571428572,2.8571428571428572,1.4285714285714286,8.5714285714285712,null,65.714285714285722,80.000000000000014]
["214d31",14,28.571428571428569,42.857142857142854,14.285714285714285,7.1428571428571423,7.1428571428571423,0,0,0,0,0,0,null,85.714285714285694,99.999999999999972]
["202d41",3,33.333333333333329,66.666666666666657,0,0,0,0,0,0,0,0,0,null,99.999999999999986,99.999999999999986]
["206d41",8,37.5,12.5,37.5,12.5,0,0,0,0,0,0,0,null,87.5,100]
["209d41",7,42.857142857142854,42.857142857142854,14.285714285714285,0,0,0,0,0,0,0,0,null,100,100]
["211d41",84,27.380952380952383,20.238095238095237,16.666666666666664,1.1904761904761905,0,0,9.5238095238095237,7.1428571428571423,3.5714285714285712,2.3809523809523809,11.904761904761903,null,64.285714285714278,65.476190476190467]
["214d41",22,31.818181818181817,22.727272727272727,18.181818181818183,18.181818181818183,4.5454545454545459,4.5454545454545459,0,0,0,0,0,null,72.727272727272734,100.00000000000001]
["218d41",10,70,10,10,0,0,0,10,0,0,0,0,null,90,90]
["206a11",4,25,50,0,25,0,0,0,0,0,0,0,null,75,100]
["209a11",2,50,50,0,0,0,0,0,0,0,0,0,null,100,100]
["211a11",16,68.75,6.25,6.25,0,0,0,12.5,6.25,0,0,0,null,81.25,81.25]
["206a12",6,16.666666666666664,50,16.666666666666664,0,16.666666666666664,0,0,0,0,0,0,null,83.333333333333314,99.999999999999972]
["211a12",2,0,0,0,0,0,0,50,50,0,0,0,null,0,0]
["214a12",1,100,0,0,0,0,0,0,0,0,0,0,null,100,100]
["206a21",2,50,50,0,0,0,0,0,0,0,0,0,null,100,100]
["209a21",4,25,0,50,0,0,25,0,0,0,0,0,null,75,100]
["211a21",4,25,50,0,0,0,0,0,0,0,0,25,null,75,75]
["206a31",3,33.333333333333329,0,33.333333333333329,33.333333333333329,0,0,0,0,0,0,0,null,66.666666666666657,99.999999999999986]
["211a31",10,40,10,30,0,0,0,0,10,0,0,10,null,80,80]
["218a31",1,100,0,0,0,0,0,0,0,0,0,0,null,100,100]
["209a41",2,50,50,0,0,0,0,0,0,0,0,0,null,100,100]
["211a41",7,0,57.142857142857139,0,0,0,0,0,14.285714285714285,28.571428571428569,0,0,null,57.142857142857139,57.142857142857139]
["999b11",116,39.655172413793103,26.72413793103448,13.793103448275861,6.8965517241379306,1.7241379310344827,0.86206896551724133,4.3103448275862073,1.7241379310344827,0,0,4.3103448275862073,null,80.172413793103445,89.655172413793096]
["999b12",104,22.115384615384613,11.538461538461538,12.5,10.576923076923077,3.8461538461538463,9.6153846153846168,6.7307692307692308,4.8076923076923084,3.8461538461538463,0.96153846153846156,13.461538461538462,null,46.153846153846153,70.192307692307693]
["999b21",109,33.027522935779821,35.779816513761467,6.4220183486238538,9.1743119266055047,4.5871559633027523,1.834862385321101,0.91743119266055051,0.91743119266055051,0.91743119266055051,0.91743119266055051,5.5045871559633035,null,75.22935779816514,90.825688073394502]
["999b31",131,38.167938931297712,20.610687022900763,15.267175572519085,8.3969465648854964,3.0534351145038165,0.76335877862595414,2.2900763358778624,2.2900763358778624,1.5267175572519083,0.76335877862595414,6.8702290076335881,null,74.045801526717554,86.25954198473282]
["999b41",143,31.46853146853147,23.776223776223777,16.083916083916083,4.1958041958041958,0.69930069930069927,0.69930069930069927,6.2937062937062942,4.895104895104895,3.4965034965034967,1.3986013986013985,6.9930069930069934,null,71.328671328671334,76.92307692307692]
["999d11",94,35.106382978723403,28.723404255319153,15.957446808510639,7.4468085106382977,2.1276595744680851,1.0638297872340425,3.1914893617021276,1.0638297872340425,0,0,5.3191489361702127,null,79.787234042553195,90.425531914893611]
["999d12",95,22.105263157894736,9.4736842105263168,12.631578947368421,11.578947368421053,3.1578947368421053,10.526315789473683,6.3157894736842106,4.2105263157894735,4.2105263157894735,1.0526315789473684,14.736842105263156,null,{"$f":"SUM(C195:E195)","v":44.21052631578948},{"$f":"SUM(C195:H195)","v":69.473684210526315}]
["999d21",99,33.333333333333329,36.363636363636367,5.0505050505050502,10.1010101010101,5.0505050505050502,1.0101010101010102,1.0101010101010102,1.0101010101010102,1.0101010101010102,1.0101010101010102,5.0505050505050502,null,74.74747474747474,90.909090909090907]
["999d31",117,37.606837606837608,22.222222222222221,13.675213675213676,8.5470085470085468,3.4188034188034191,0.85470085470085477,2.5641025641025639,1.7094017094017095,1.7094017094017095,0.85470085470085477,6.8376068376068382,null,73.504273504273499,86.324786324786317]
["999d41",134,32.835820895522389,21.641791044776117,17.164179104477611,4.4776119402985071,0.74626865671641784,0.74626865671641784,6.7164179104477615,4.4776119402985071,2.2388059701492535,1.4925373134328357,7.4626865671641784,null,71.641791044776113,77.611940298507463]
["999a11",22,59.090909090909093,18.181818181818183,4.5454545454545459,4.5454545454545459,0,0,9.0909090909090917,4.5454545454545459,0,0,0,null,81.818181818181827,86.363636363636374]
["999a12",9,22.222222222222221,33.333333333333329,11.111111111111111,0,11.111111111111111,0,11.111111111111111,11.111111111111111,0,0,0,null,66.666666666666657,77.777777777777771]
["999a21",10,30,30,20,0,0,10,0,0,0,0,10,null,80,90]
["999a31",14,42.857142857142854,7.1428571428571423,28.571428571428569,7.1428571428571423,0,0,0,7.1428571428571423,0,0,7.1428571428571423,null,78.571428571428569,85.714285714285708]
["999a41",9,11.111111111111111,55.555555555555557,0,0,0,0,0,11.111111111111111,22.222222222222221,0,0,null,66.666666666666671,66.666666666666671]
[null,null,null,null,null,null,null,null,null,null,null,null,null,null,0,0]
[null,null,null,null,null,null,null,null,null,null,null,null,null,null,0,0]
[null,null,null,null,null,null,null,null,null,null,null,null,null,null,0,0]
[null,null,null,null,null,null,null,null,null,null,null,null,null,null,0,0]
[null,null,null,null,null,null,null,null,null,null,null,null,null,null,0,0]
[null,null,null,null,null,null,null,null,null,null,null,null,null,null,0,0]
[null,null,null,null,null,null,null,null,null,null,null,null,null,null,0,0]
[null,null,null,null,null,null,null,null,null,null,null,null,null,null,0,0]
[null,null,null,null,null,null,null,null,null,null,null,null,null,null,0,0]
[null,null,null,null,null,null,null,null,null,null,null,null,null,null,0,0]
[null,null,null,null,null,null,null,null,null,null,null,null,null,null,0,0]
[null,null,null,null,null,null,null,null,null,null,null,null,null,null,0,0]
[null,null,null,null,null,null,null,null,null,null,null,null,null,null,0,0]
[null,null,null,null,null,null,null,null,null,null,null,null,null,null,0,0]
[null,null,null,null,null,null,null,null,null,null,null,null,null,null,0,0]
[null,null,null,null,null,null,null,null,null,null,null,null,null,null,0,0]
[null,null,null,null,null,null,null,null,null,null,null,null,null,null,0,0]
[null,null,null,null,null,null,null,null,null,null,null,null,null,null,0,0]
[null,null,null,null,null,null,null,null,null,null,null,null,null,null,0,0]
[null,null,null,null,null,null,null,null,null,null,null,null,null,null,0,0]
[null,null,null,null,null,null,null,null,null,null,null,null,null,null,0,0]
[null,null,null,null,null,null,null,null,null,null,null,null,null,null,0,0]
[null,null,null,null,null,null,null,null,null,null,null,null,null,null,0,0]
[null,null,null,null,null,null,null,null,null,null,null,null,null,null,0,0]
[null,null,null,null,null,null,null,null,null,null,null,null,null,null,0,0]
[null,null,null,null,null,null,null,null,null,null,null,null,null,null,0,0]
[null,null,null,null,null,null,null,null,null,null,null,null,null,null,0,0]
[null,null,null,null,null,null,null,null,null,null,null,null,null,null,0,0]
[null,null,null,null,null,null,null,null,null,null,null,null,null,null,0,0]
[null,null,null,null,null,null,null,null,null,null,null,null,null,null,0,0]
[null,null,null,null,null,null,null,null,null,null,null,null,null,null,0,0]
[null,null,null,null,null,null,null,null,null,null,null,null,null,null,0,0]
[null,null,null,null,null,null,null,null,null,null,null,null,null,null,0,0]
[null,null,null,null,null,null,null,null,null,null,null,null,null,null,0,0]
[null,null,null,null,null,null,null,null,null,null,null,null,null,null,0,0]
[null,null,null,null,null,null,null,null,null,null,null,null,null,null,0,0]
[null,null,null,null,null,null,null,null,null,null,null,null,null,null,0,0]
[null,null,null,null,null,null,null,null,null,null,null,null,null,null,0,0]
[null,null,null,null,null,null,null,null,null,null,null,null,null,null,0,0]
[null,null,null,null,null,null,null,null,null,null,null,null,null,null,0,0]
[null,null,null,null,null,null,null,null,null,null,null,null,null,null,0,0]
[null,null,null,null,null,null,null,null,null,null,null,null,null,null,{"$f":"SUM(C245:E245)","v":0},{"$f":"SUM(C245:H245)","v":0}]
[null,null,null,null,null,null,null,null,null,null,null,null,null,null,{"$f":"SUM(C246:E246)","v":0},{"$f":"SUM(C246:H246)","v":0}]
[null,null,null,null,null,null,null,null,null,null,null,null,null,null,{"$f":"SUM(C247:E247)","v":0},{"$f":"SUM(C247:H247)","v":0}]
[null,null,null,null,null,null,null,null,null,null,null,null,null,null,{"$f":"SUM(C248:E248)","v":0},{"$f":"SUM(C248:H248)","v":0}]
[null,null,null,null,null,null,null,null,null,null,null,null,null,null,{"$f":"SUM(C249:E249)","v":0},{"$f":"SUM(C249:H249)","v":0}]
[null,null,null,null,null,null,null,null,null,null,null,null,null,null,0,0]
[null,null,null,null,null,null,null,null,null,null,null,null,null,null,0,0]
[null,null,null,null,null,null,null,null,null,null,null,null,null,null,0,0]
[null,null,null,null,null,null,null,null,null,null,null,null,null,null,0,0]
[null,null,null,null,null,null,null,null,null,null,null,null,null,null,0,0]
[null,null,null,null,null,null,null,null,null,null,null,null,null,null,0,0]
[null,null,null,null,null,null,null,null,null,null,null,null,null,null,0,0]
[null,null,null,null,null,null,null,null,null,null,null,null,null,null,{"$f":"SUM(C257:E257)","v":0},{"$f":"SUM(C257:H257)","v":0}]
[null,null,null,null,null,null,null,null,null,null,null,null,null,null,0,0]
[null,null,null,null,null,null,null,null,null,null,null,null,null,null,0,0]
[null,null,null,null,null,null,null,null,null,null,null,null,null,null,0,0]
[null,null,null,null,null,null,null,null,null,null,null,null,null,null,0,0]
[null,null,null,null,null,null,null,null,null,null,null,null,null,null,0,0]
[null,null,null,null,null,null,null,null,null,null,null,null,null,null,0,0]
[null,null,null,null,null,null,null,null,null,null,null,null,null,null,0,0]

{"sheet":"3. Compliance","index":7,"n_rows":26,"n_cols":19,"rows_kept":26,"cut":false,"hidden":false,"merged":[[3,16,3,18],[3,13,3,15]]}
["Table 3 - Compliance by ADP"]
[]
[]
[null,"2018-12-31",null,null,"2019-03-31",null,null,"2019-06-30",null,null,"2019-09-30",null,null,"2019-12-31",null,null,"2020-03-31"]
[null,"Total number of services","No. providing waiting times data","% providing waiting times data","Total number of services","No. providing waiting times data","% providing waiting times data","Total number of services","No. providing waiting times data","% providing waiting times data","Total number of services","No. providing waiting times data","% providing waiting times data","Total number of services","No. providing waiting times data","% providing waiting times data","Total number of services","No. providing waiting times data","% providing waiting times data"]
["Scotland",{"$f":"SUM(B9:B22)","v":15},{"$f":"SUM(C9:C22)","v":14},{"$f":"SUM(C6/B6)","v":0.93333333333333335},{"$f":"SUM(E9:E22)","v":15},{"$f":"SUM(F9:F22)","v":14},{"$f":"SUM(F6/E6)","v":0.93333333333333335},{"$f":"SUM(H9:H22)","v":15},{"$f":"SUM(I9:I22)","v":14},{"$f":"SUM(I6/H6)","v":0.93333333333333335},{"$f":"SUM(K9:K22)","v":15},{"$f":"SUM(L9:L22)","v":15},{"$f":"SUM(L6/K6)","v":1},{"$f":"SUM(N9:N22)","v":15},{"$f":"SUM(O9:O22)","v":15},{"$f":"SUM(O6/N6)","v":1},{"$f":"SUM(Q9:Q22)","v":15},{"$f":"SUM(R9:R22)","v":15},{"$f":"SUM(R6/Q6)","v":1}]
[]
["Alcohol & Drug Partnership"]
["East Ayrshire ",1,1,{"$f":"SUM(C9/B9)","v":1},1,1,{"$f":"SUM(F9/E9)","v":1},1,1,{"$f":"SUM(I9/H9)","v":1},1,1,{"$f":"SUM(L9/K9)","v":1},1,1,{"$f":"SUM(O9/N9)","v":1},1,1,{"$f":"SUM(R9/Q9)","v":1}]
["Dumfries & Galloway ",1,1,1,1,1,1,1,1,1,1,1,1,1,1,1,1,1,1]
["Clackmannanshire ",1,1,1,1,1,1,1,1,1,1,1,1,1,1,1,1,1,1]
["Falkirk ",1,1,1,1,1,1,1,1,1,1,1,1,1,1,1,1,1,1]
["Stirling ",1,1,1,1,1,1,1,1,1,1,1,1,1,1,1,1,1,1]
["Grampian",1,1,1,1,1,1,1,1,1,1,1,1,1,1,1,1,1,1]
["East Dunbartonshire ",1,0,0,1,0,0,1,1,1,1,1,1,1,1,1,1,1,1]
["Glasgow City ",1,1,1,1,1,1,1,1,1,1,1,1,1,1,1,1,1,1]
["Inverclyde ",1,1,1,1,1,1,1,1,1,1,1,1,1,1,1,1,1,1]
["Highland ",1,1,1,1,1,1,1,1,1,1,1,1,1,1,1,1,1,1]
["Lanarkshire ",1,1,1,1,1,1,1,0,0,1,1,1,1,1,1,1,1,1]
["West Lothian ",1,1,1,1,1,1,1,1,1,1,1,1,1,1,1,1,1,1]
["Edinburgh City ",1,1,1,1,1,1,1,1,1,1,1,1,1,1,1,1,1,1]
["Perth and Kinross ",2,2,1,2,2,1,2,2,1,2,2,1,2,2,1,2,2,1]
[]
["Source: Information provided by Alcohol and Drug Partnerships"]
[]
["Index"]

{"sheet":"List","index":8,"n_rows":59,"n_cols":17,"rows_kept":59,"cut":false,"hidden":true,"merged":[[0,0,0,3],[0,5,0,6],[0,7,0,8]]}
["Lookup: HBADAT",null,null,null,"Lookup: NHSBOARD","Lookup: ClientType",null,"Lookup: quarter",null,"Not lookup (concatenated on sheets)",null,null,null,null,null,"Lookup: source"]
["Scotland",999,"Scotland","14 of 15 prisons across Scotland submitted complete and accurate data for quarter ending March 2019. See the Compliance sheet for more info.","NHS Scotland","Alcohol and Drugs","B","31st March 2019",11,"NHS ScotlandDrugs",null,null,null,null,null,"Source","Source: Drug and Alcohol Treatment Waiting Times Database"]
[" Ayrshire & Arran NHS",202,"Ayrshire & Arran NHS","N/A","NHS Ayrshire & Arran","Alcohol","A","30th June 2019",21,"NHS Ayrshire & ArranDrugs"]
["East Ayrshire ADP",130,"East Ayrshire ADP","N/A","NHS Borders","Drugs","D","30th September 2019",31,"NHS BordersDrugs"]
["    North Ayrshire ADP",131,"North Ayrshire ADP","N/A","NHS Dumfries & Galloway",null,null,"31st December 2019",41,"NHS Dumfries & GallowayDrugs"]
["South Ayrshire ADP",132,"South Ayrshire ADP","N/A","NHS Fife",null,null,"31st March 2020",12,"NHS FifeDrugs"]
[" Borders NHS/ADP",106,"Borders NHS/ADP","N/A","NHS Forth Valley",null,null,null,null,"NHS Forth ValleyDrugs"]
[" Dumfries & Galloway NHS/ADP",107,"Dumfries & Galloway NHS/ADP","N/A","NHS Grampian",null,null,null,null,"NHS GrampianDrugs"]
[" Fife NHS/ADP",111,"Fife NHS/ADP","N/A","NHS Greater Glasgow & Clyde",null,null,null,null,"NHS Greater Glasgow & ClydeDrugs"]
[" Forth Valley NHS",206,"Forth Valley NHS","N/A","NHS Highland",null,null,null,null,"NHS HighlandDrugs"]
["    Clackmannanshire ADP",133,"Clackmannanshire ADP","Some data for this area has been suppressed due to small numbers","NHS Lanarkshire",null,null,null,null,"NHS LanarkshireDrugs"]
["    Falkirk ADP",134,"Falkirk ADP","Some data for this area has been suppressed due to small numbers","NHS Lothian",null,null,null,null,"NHS LothianDrugs"]
["    Stirling ADP",135,"Stirling ADP","N/A","NHS Orkney",null,null,null,null,"NHS OrkneyDrugs"]
[" Grampian NHS",207,"Grampian NHS","N/A","NHS Shetland",null,null,null,null,"NHS ShetlandDrugs"]
["    Aberdeen City ADP",101,"Aberdeen City ADP","Some data for this area has been suppressed due to small numbers","NHS Tayside",null,null,null,null,"NHS TaysideDrugs"]
["    Aberdeenshire ADP",102,"Aberdeenshire ADP","N/A","NHS Western Isles",null,null,null,null,"NHS Western IslesDrugs"]
["    Moray ADP",117,"Moray ADP","Some data for this area has been suppressed due to small numbers"]
[" Greater Glasgow & Clyde NHS",218,"Greater Glasgow & Clyde NHS","N/A"]
["    East Dunbartonshire ADP",123,"East Dunbartonshire ADP","Some data for this area has been suppressed due to small numbers",null,"Lookup: AREA"]
["    East Renfrewshire ADP",124,"East Renfrewshire ADP","Some data for this area has been suppressed due to small numbers",null,"Health Board"]
["    Glasgow City ADP",125,"Glasgow City ADP","N/A",null,"Alcohol and Drug Partnership"]
["    Inverclyde ADP",126,"Inverclyde ADP","Some data for this area has been suppressed due to small numbers"]
["    Renfrewshire ADP",128,"Renfrewshire ADP","N/A"]
["    West Dunbartonshire ADP",129,"West Dunbartonshire ADP","N/A"]
[" Highland NHS",209,"Highland NHS","N/A"]
["    Argyll & Bute ADP",104,"Argyll & Bute ADP","N/A"]
["    Highland ADP",114,"Highland ADP","N/A"]
[" Lanarkshire NHS/ADP",115,"Lanarkshire NHS/ADP","N/A"]
[" Lothian NHS",211,"Lothian NHS","N/A"]
["    Edinburgh City ADP",110,"Edinburgh City ADP","N/A"]
["    Midlothian and East Lothian ADP (MELDAP)",127,"Midlothian and East Lothian ADP (MELDAP)","N/A"]
["    West Lothian ADP",121,"West Lothian","N/A"]
[" Orkney NHS/ADP",118,"Orkney NHS/ADP","Some data for this area has been suppressed due to small numbers"]
[" Shetland NHS/ADP",120,"Shetland NHS/ADP","Some data for this area has been suppressed due to small numbers"]
[" Tayside NHS",214,"Tayside NHS","N/A"]
["    Angus ADP",103,"Angus ADP","N/A"]
["    Dundee City ADP",108,"Dundee City ADP","N/A"]
["    Perth & Kinross ADP",119,"Perth & Kinross ADP","N/A"]
["Outer Hebrides ADP",122,"Outer Hebrides ADP","Some data for this area has been suppressed due to small numbers"]
[]
[]
[]
["202b",null,"Some data for this area has been suppressed due to small numbers"]
["203b"]
["204b"]
["205b"]
["206b"]
["207b"]
["209b"]
["210b"]
["211b"]
["212b"]
["213b"]
["214b"]
["215b"]
["218b"]
["999b"]
["999d"]
["999a"]

{"sheet":"Sheet1","index":9,"n_rows":0,"n_cols":0,"rows_kept":0,"cut":false,"hidden":true,"merged":[]}

{"sheet":"Sheet2","index":10,"n_rows":0,"n_cols":0,"rows_kept":0,"cut":false,"hidden":true,"merged":[]}

{"sheet":"Sheet3","index":11,"n_rows":0,"n_cols":0,"rows_kept":0,"cut":false,"hidden":true,"merged":[]}

{"sheet":"Sheet4","index":12,"n_rows":0,"n_cols":0,"rows_kept":0,"cut":false,"hidden":true,"merged":[]}

{"sheet":"Sheet5","index":13,"n_rows":0,"n_cols":0,"rows_kept":0,"cut":false,"hidden":true,"merged":[]}